000
CXUS55 KABQ 011000
CF6CAO
PRELIMINARY LOCAL CLIMATOLOGICAL DATA (WS FORM: F-6)
STATION: CLAYTON NM
MONTH: NOVEMBER
YEAR: 2020
LATITUDE: 36 27 N
LONGITUDE: 103 9 W
TEMPERATURE IN F: :PCPN: SNOW: WIND :SUNSHINE: SKY :PK WND
================================================================================
1 2 3 4 5 6A 6B 7 8 9 10 11 12 13 14 15 16 17 18
12Z AVG MX 2MIN
DY MAX MIN AVG DEP HDD CDD WTR SNW DPTH SPD SPD DIR MIN PSBL S-S WX SPD DR
================================================================================
1 64 32 48 -2 17 0 0.00 0.0 0 13.2 30 210 M M 0 43 200
2 70 32 51 2 14 0 0.00 0.0 0 8.6 15 250 M M 0 8 22 260
3 76 38 57 8 8 0 0.00 0.0 0 8.6 16 250 M M 0 24 250
4 78 50 64 15 1 0 0.00 0.0 0 14.1 24 330 M M 0 34 320
5 77 50 64 16 1 0 0.00 0.0 0 9.1 18 360 M M 0 23 330
6 75 45 60 12 5 0 0.00 0.0 0 15.9 36 200 M M 0 8 45 190
7 71 40 56 9 9 0 0.00 0.0 0 18.7 33 200 M M 0 41 180
8 65 48 57 10 8 0 T 0.0 0 25.1 39 200 M M 2 8 53 200
9 66 28 47 0 18 0 0.00 0.0 0 19.4 40 220 M M 1 60 220
10 56 27 42 -4 23 0 0.00 0.0 0 13.4 25 200 M M 0 35 270
11 55 32 44 -2 21 0 0.00 0.0 0 11.7 23 170 M M 0 28 170
12 53 25 39 -6 26 0 0.00 0.0 0 9.4 18 290 M M 0 23 290
13 51 25 38 -7 27 0 0.00 0.0 0 15.0 28 190 M M 0 8 32 210
14 63 24 44 0 21 0 0.00 0.0 0 17.2 43 270 M M 0 59 280
15 56 20 38 -6 27 0 0.00 0.0 0 12.2 28 200 M M 0 34 180
16 65 40 53 10 12 0 0.00 0.0 0 9.3 16 350 M M 0 23 350
17 69 37 53 10 12 0 0.00 0.0 0 15.8 32 200 M M 0 39 210
18 77 43 60 18 5 0 0.00 0.0 0 16.1 30 200 M M 0 47 260
19 79 46 63 21 2 0 0.00 0.0 0 13.7 30 260 M M 0 43 250
20 55 38 47 5 18 0 0.00 0.0 0 11.9 22 10 M M 0 28 10
21 53 37 45 4 20 0 0.00 0.0 0 7.8 22 200 M M 4 29 200
22 48 34 41 0 24 0 T 0.0 0 14.0 29 190 M M 5 1 34 200
23 50 38 44 4 21 0 T 0.0 0 23.1 37 200 M M 10 1 49 210
24 49 30 40 0 25 0 0.05 T 0 15.2 32 350 M M 5 1 46 340
25 51 28 40 1 25 0 0.00 0.0 0 11.8 18 200 M M 0 25 240
26 52 27 40 1 25 0 0.00 0.0 0 12.6 25 360 M M 0 38 340
27 46 26 36 -2 29 0 0.00 0.0 0 9.3 17 360 M M 3 23 360
28 34 24 29 -9 36 0 0.04 0.3 T 6.4 14 270 M M 8 1 18 230
29 42 20 31 -7 34 0 0.00 0.0 0 17.1 39 360 M M 0 52 360
30 51 17 34 -3 31 0 0.00 0.0 0 13.2 25 220 M M 0 38 230
================================================================================
SM 1797 1001 545 0 0.09 0.3 408.9 M 38
================================================================================
AV 59.9 33.4 13.6 FASTST M M 1 MAX(MPH)
MISC ----> # 43 270 # 60 220
================================================================================
NOTES:
# LAST OF SEVERAL OCCURRENCES
COLUMN 17 PEAK WIND IN M.P.H.
PRELIMINARY LOCAL CLIMATOLOGICAL DATA (WS FORM: F-6) , PAGE 2
STATION: CLAYTON NM
MONTH: NOVEMBER
YEAR: 2020
LATITUDE: 36 27 N
LONGITUDE: 103 9 W
[TEMPERATURE DATA] [PRECIPITATION DATA] SYMBOLS USED IN COLUMN 16
AVERAGE MONTHLY: 46.6 TOTAL FOR MONTH: 0.09 1 = FOG OR MIST
DPTR FM NORMAL: 3.0 DPTR FM NORMAL: -0.36 2 = FOG REDUCING VISIBILITY
HIGHEST: 79 ON 19 GRTST 24HR 0.05 ON 24-24 TO 1/4 MILE OR LESS
LOWEST: 17 ON 30 3 = THUNDER
SNOW, ICE PELLETS, HAIL 4 = ICE PELLETS
TOTAL MONTH: 0.3 INCH 5 = HAIL
GRTST 24HR 0.3 ON 28-28 6 = FREEZING RAIN OR DRIZZLE
GRTST DEPTH: T 7 = DUSTSTORM OR SANDSTORM:
VSBY 1/2 MILE OR LESS
8 = SMOKE OR HAZE
[NO. OF DAYS WITH] [WEATHER - DAYS WITH] 9 = BLOWING SNOW
X = TORNADO
MAX 32 OR BELOW: 0 0.01 INCH OR MORE: 2
MAX 90 OR ABOVE: 0 0.10 INCH OR MORE: 0
MIN 32 OR BELOW: 16 0.50 INCH OR MORE: 0
MIN 0 OR BELOW: 0 1.00 INCH OR MORE: 0
[HDD (BASE 65) ]
TOTAL THIS MO. 545 CLEAR (SCALE 0-3) 25
DPTR FM NORMAL -97 PTCLDY (SCALE 4-7) 4
TOTAL FM JUL 1 1025 CLOUDY (SCALE 8-10) 1
DPTR FM NORMAL -27
[CDD (BASE 65) ]
TOTAL THIS MO. 0
DPTR FM NORMAL 0 [PRESSURE DATA]
TOTAL FM JAN 1 1194 HIGHEST SLP M ON M
DPTR FM NORMAL 285 LOWEST SLP 29.45 ON 7
[REMARKS]
#FINAL-11-20#