000
CXUS55 KABQ 011000
CF6CAO
PRELIMINARY LOCAL CLIMATOLOGICAL DATA (WS FORM: F-6)
STATION: CLAYTON NM
MONTH: MARCH
YEAR: 2020
LATITUDE: 36 27 N
LONGITUDE: 103 9 W
TEMPERATURE IN F: :PCPN: SNOW: WIND :SUNSHINE: SKY :PK WND
================================================================================
1 2 3 4 5 6A 6B 7 8 9 10 11 12 13 14 15 16 17 18
12Z AVG MX 2MIN
DY MAX MIN AVG DEP HDD CDD WTR SNW DPTH SPD SPD DIR MIN PSBL S-S WX SPD DR
================================================================================
1 66 37 52 12 13 0 0.00 0.0 0 11.3 21 50 M M 3 25 320
2 61 23 42 1 23 0 0.00 0.0 0 14.1 29 210 M M 0 37 200
3 56 28 42 1 23 0 0.00 0.0 0 10.3 21 170 M M 0 27 10
4 59 28 44 3 21 0 0.00 0.0 0 13.0 25 190 M M 0 30 190
5 53 31 42 1 23 0 0.00 0.0 0 13.1 30 20 M M 0 34 30
6 61 30 46 4 19 0 0.00 0.0 0 18.9 35 190 M M 0 40 190
7 70 34 52 10 13 0 0.00 0.0 0 15.4 29 200 M M 0 36 190
8 62 38 50 8 15 0 0.00 0.0 0 16.1 30 200 M M 1 36 200
9 66 36 51 9 14 0 0.00 0.0 0 12.6 30 330 M M 1 36 330
10 74 38 56 13 9 0 0.00 0.0 0 12.7 26 210 M M 0 36 220
11 68 37 53 10 12 0 0.00 0.0 0 13.1 25 180 M M 0 36 260
12 66 39 53 10 12 0 0.00 0.0 0 10.3 22 70 M M 0 26 70
13 39 31 35 -9 30 0 0.17 T 0 11.8 25 130 M M 10 126 31 130
14 62 33 48 4 17 0 0.00 0.0 0 12.8 29 70 M M 7 12 33 50
15 45 33 39 -5 26 0 T 0.0 0 12.8 23 180 M M 10 12 29 180
16 71 40 56 12 9 0 0.00 0.0 0 12.1 26 70 M M 3 1 35 70
17 49 37 43 -1 22 0 0.04 0.0 0 9.9 16 200 M M 8 12 18 200
18 69 37 53 8 12 0 T 0.0 0 14.9 33 200 M M 2 43 200
19 62 30 46 1 19 0 0.06 0.0 0 22.7 45 250 M M 1 1 58 240
20 41 25 33 -12 32 0 0.00 0.0 0 12.5 26 360 M M 6 32 340
21 55 32 44 -2 21 0 0.00 0.0 0 17.7 32 170 M M 5 38 170
22 67 34 51 5 14 0 0.00 0.0 0 14.0 26 260 M M 0 36 240
23 70 36 53 7 12 0 0.00 0.0 0 14.2 39 200 M M 1 1 48 190
24 69 31 50 4 15 0 0.00 0.0 0 12.5 26 180 M M 0 31 200
25 80 41 61 15 4 0 0.00 0.0 0 15.2 29 250 M M 0 38 230
26 77 51 64 17 1 0 0.00 0.0 0 20.2 36 240 M M 1 47 220
27 70 38 54 7 11 0 T 0.0 0 24.2 44 210 M M 4 58 200
28 58 28 43 -4 22 0 0.00 0.0 0 14.1 30 320 M M 0 39 290
29 63 27 45 -3 20 0 0.00 0.0 0 13.4 29 200 M M 0 35 200
30 67 34 51 3 14 0 0.00 0.0 0 11.8 30 330 M M 1 38 340
31 70 34 52 4 13 0 0.00 0.0 0 13.2 26 190 M M 0 35 160
================================================================================
SM 1946 1051 511 0 0.27 T 440.9 M 64
================================================================================
AV 62.8 33.9 14.2 FASTST M M 2 MAX(MPH)
MISC ----> # 45 250 # 58 240
================================================================================
NOTES:
# LAST OF SEVERAL OCCURRENCES
COLUMN 17 PEAK WIND IN M.P.H.
PRELIMINARY LOCAL CLIMATOLOGICAL DATA (WS FORM: F-6) , PAGE 2
STATION: CLAYTON NM
MONTH: MARCH
YEAR: 2020
LATITUDE: 36 27 N
LONGITUDE: 103 9 W
[TEMPERATURE DATA] [PRECIPITATION DATA] SYMBOLS USED IN COLUMN 16
AVERAGE MONTHLY: 48.3 TOTAL FOR MONTH: 0.27 1 = FOG OR MIST
DPTR FM NORMAL: 4.1 DPTR FM NORMAL: -0.68 2 = FOG REDUCING VISIBILITY
HIGHEST: 80 ON 25 GRTST 24HR 0.17 ON 13-13 TO 1/4 MILE OR LESS
LOWEST: 23 ON 2 3 = THUNDER
SNOW, ICE PELLETS, HAIL 4 = ICE PELLETS
TOTAL MONTH: T 5 = HAIL
GRTST 24HR T ON 13-13 6 = FREEZING RAIN OR DRIZZLE
GRTST DEPTH: 0 7 = DUSTSTORM OR SANDSTORM:
VSBY 1/2 MILE OR LESS
8 = SMOKE OR HAZE
[NO. OF DAYS WITH] [WEATHER - DAYS WITH] 9 = BLOWING SNOW
X = TORNADO
MAX 32 OR BELOW: 0 0.01 INCH OR MORE: 3
MAX 90 OR ABOVE: 0 0.10 INCH OR MORE: 1
MIN 32 OR BELOW: 12 0.50 INCH OR MORE: 0
MIN 0 OR BELOW: 0 1.00 INCH OR MORE: 0
[HDD (BASE 65) ]
TOTAL THIS MO. 511 CLEAR (SCALE 0-3) 23
DPTR FM NORMAL -133 PTCLDY (SCALE 4-7) 6
TOTAL FM JUL 1 4247 CLOUDY (SCALE 8-10) 2
DPTR FM NORMAL -74
[CDD (BASE 65) ]
TOTAL THIS MO. 0
DPTR FM NORMAL -1 [PRESSURE DATA]
TOTAL FM JAN 1 0 HIGHEST SLP M ON M
DPTR FM NORMAL -1 LOWEST SLP 29.49 ON 27
[REMARKS]
#FINAL-03-20#