000
CXUS55 KABQ 011425
CLMCAO
CLIMATE REPORT
NATIONAL WEATHER SERVICE ALBUQUERQUE NM
825 AM MDT FRI SEP 01 2023
...................................
...THE CLAYTON NM CLIMATE SUMMARY FOR THE MONTH OF AUGUST 2023...
CLIMATE NORMAL PERIOD 1991 TO 2020
CLIMATE RECORD PERIOD 1896 TO 2023
WEATHER OBSERVED NORMAL DEPART LAST YEAR`S
VALUE DATE(S) VALUE FROM VALUE DATE(S)
NORMAL
................................................................
TEMPERATURE (F)
RECORD
HIGH 102 08/11/2012
08/20/2007
08/03/1944
LOW 42 08/24/1928
08/23/1910
HIGHEST 98 08/11 MM MM 93 08/28
08/18
LOWEST 56 08/30 MM MM 54 08/24
AVG. MAXIMUM 90.4 86.6 3.8 85.7
AVG. MINIMUM 62.4 59.7 2.7 60.9
MEAN 76.4 73.1 3.3 73.3
DAYS MAX >= 90 19 12.5 6.5 10
DAYS MAX <= 32 0 0.0 0.0 0
DAYS MIN <= 32 0 0.0 0.0 0
DAYS MIN <= 0 0 0.0 0.0 0
PRECIPITATION (INCHES)
TOTALS 1.18 3.08 -1.90 1.69
DAILY AVG. 0.04 0.10 -0.06 0.05
DAYS >= .01 9 9.3 -0.3 9
DAYS >= .10 5 5.6 -0.6 3
DAYS >= .50 0 2.0 -2.0 2
DAYS >= 1.00 0 0.6 -0.6 0
GREATEST
24 HR. TOTAL 0.34 08/27 TO 08/28 0.62
SNOWFALL (INCHES)
TOTALS 0.0 0.0 0.0 0.0
SINCE 7/1 0.0 0.0 0.0 MM
DAYS >= 1.0 0 0.0 0.0 0
GREATEST
SNOW DEPTH 0 0 MM
24 HR TOTAL MM MM
DEGREE DAYS
HEATING TOTAL 0 5 -5 1
SINCE 7/1 0 2 -2 MM
COOLING TOTAL 361 257 104 267
SINCE 1/1 879 845 34 MM
................................................................
WIND (MPH)
AVERAGE WIND SPEED 10.9
HIGHEST WIND SPEED/DIRECTION 38/300 DATE 08/25
HIGHEST GUST SPEED/DIRECTION 51/220 DATE 08/08
51/300 08/25
SKY COVER
AVERAGE SKY COVER 0.14
AVERAGE RH (PERCENT) 53
WEATHER CONDITIONS. NUMBER OF DAYS WITH
THUNDERSTORM 14 MIXED PRECIP 0
HEAVY RAIN 4 RAIN 4
LIGHT RAIN 12 FREEZING RAIN 0
LT FREEZING RAIN 0 HAIL 0
HEAVY SNOW 0 SNOW 0
LIGHT SNOW 0 SLEET 0
FOG 8 FOG W/VIS <= 1/4 MILE 0
HAZE 1
- INDICATES NEGATIVE NUMBERS.
R INDICATES RECORD WAS SET OR TIED.
MM INDICATES DATA IS MISSING.
T INDICATES TRACE AMOUNT.
$$