000
CXUS51 KCAR 010700
CF6CAR
PRELIMINARY LOCAL CLIMATOLOGICAL DATA (WS FORM: F-6)
STATION: CARIBOU ME
MONTH: AUGUST
YEAR: 2022
LATITUDE: 46 52 N
LONGITUDE: 68 1 W
TEMPERATURE IN F: :PCPN: SNOW: WIND :SUNSHINE: SKY :PK WND
================================================================================
1 2 3 4 5 6A 6B 7 8 9 10 11 12 13 14 15 16 17 18
12Z AVG MX 2MIN
DY MAX MIN AVG DEP HDD CDD WTR SNW DPTH SPD SPD DIR MIN PSBL S-S WX SPD DR
================================================================================
1 83 61 72 5 0 7 0.00 0.0 0 5.4 14 220 M M 1 20 200
2 80 60 70 3 0 5 0.19 0.0 0 7.3 16 360 M M 6 13 23 170
3 77 54 66 -1 0 1 0.00 0.0 0 4.6 10 210 M M 0 17 200
4 85 62 74 8 0 9 T 0.0 0 7.6 16 230 M M 5 25 240
5 78 54 66 0 0 1 T 0.0 0 5.2 15 340 M M 5 23 330
6 84 49 67 1 0 2 0.00 0.0 0 4.7 15 190 M M 0 25 170
7 89 61 75 9 0 10 0.07 0.0 0 8.9 20 330 M M 4 32 240
8 65 55 60 -6 5 0 0.82 0.0 0 3.7 13 60 M M 9 1 19 50
9 63 54 59 -7 6 0 0.29 0.0 0 5.9 13 360 M M 10 1 17 30
10 71 55 63 -3 2 0 T 0.0 0 4.6 9 190 M M 10 13 220
11 76 59 68 2 0 3 0.29 0.0 0 5.2 14 350 M M 9 13 20 350
12 73 53 63 -3 2 0 0.00 0.0 0 5.6 14 10 M M 6 12 19 350
13 76 49 63 -3 2 0 0.00 0.0 0 2.8 9 360 M M 1 12 13 30
14 74 54 64 -1 1 0 0.01 0.0 0 4.1 12 10 M M 3 1 16 10
15 80 50 65 0 0 0 0.00 0.0 0 1.2 9 350 M M 5 12 12 330
16 83 54 69 4 0 4 T 0.0 0 5.3 16 60 M M 2 25 50
17 74 57 66 1 0 1 0.63 0.0 0 10.9 17 20 M M 5 1 29 40
18 70 60 65 0 0 0 0.26 0.0 0 5.6 17 160 M M 10 1 27 20
19 77 60 69 4 0 4 0.02 0.0 0 6.4 13 250 M M 6 1 21 300
20 86 56 71 7 0 6 0.00 0.0 0 3.5 10 230 M M 1 1 15 210
21 85 58 72 8 0 7 T 0.0 0 5.3 16 150 M M 1 13 23 160
22 81 61 71 7 0 6 0.00 0.0 0 6.4 18 170 M M 0 28 190
23 69 61 65 1 0 0 0.14 0.0 0 5.1 13 50 M M 9 20 40
24 75 60 68 4 0 3 0.04 0.0 0 1.7 8 190 M M 9 12 12 150
25 74 54 64 0 1 0 0.00 0.0 0 5.5 15 330 M M 2 12 22 330
26 63 53 58 -5 7 0 0.50 0.0 0 2.5 8 330 M M 8 1 11 330
27 69 49 59 -4 6 0 0.00 0.0 0 3.4 13 320 M M 2 1 21 320
28 76 43 60 -3 5 0 0.00 0.0 0 3.5 13 240 M M 2 12 19 220
29 81 54 68 5 0 3 0.00 0.0 0 5.4 13 200 M M 0 1 20 230
30 86 67 77 15 0 12 0.28 0.0 0 9.0 16 160 M M 5 13 29 270
31 72 56 64 2 1 0 0.21 0.0 0 6.1 18 240 M M 8 1 29 190
================================================================================
SM 2375 1733 38 84 3.75 0.0 162.4 M 144
================================================================================
AV 76.6 55.9 5.2 FASTST M M 5 MAX(MPH)
MISC ----> 20 330 32 240
================================================================================
NOTES:
# LAST OF SEVERAL OCCURRENCES
COLUMN 17 PEAK WIND IN M.P.H.
PRELIMINARY LOCAL CLIMATOLOGICAL DATA (WS FORM: F-6) , PAGE 2
STATION: CARIBOU ME
MONTH: AUGUST
YEAR: 2022
LATITUDE: 46 52 N
LONGITUDE: 68 1 W
[TEMPERATURE DATA] [PRECIPITATION DATA] SYMBOLS USED IN COLUMN 16
AVERAGE MONTHLY: 66.3 TOTAL FOR MONTH: 3.75 1 = FOG OR MIST
DPTR FM NORMAL: 1.4 DPTR FM NORMAL: 0.14 2 = FOG REDUCING VISIBILITY
HIGHEST: 89 ON 7 GRTST 24HR 1.11 ON 8- 9 TO 1/4 MILE OR LESS
LOWEST: 43 ON 28 3 = THUNDER
SNOW, ICE PELLETS, HAIL 4 = ICE PELLETS
TOTAL MONTH: 0.0 INCH 5 = HAIL
GRTST 24HR 0.0 6 = FREEZING RAIN OR DRIZZLE
GRTST DEPTH: 0 7 = DUSTSTORM OR SANDSTORM:
VSBY 1/2 MILE OR LESS
8 = SMOKE OR HAZE
[NO. OF DAYS WITH] [WEATHER - DAYS WITH] 9 = BLOWING SNOW
X = TORNADO
MAX 32 OR BELOW: 0 0.01 INCH OR MORE: 14
MAX 90 OR ABOVE: 0 0.10 INCH OR MORE: 10
MIN 32 OR BELOW: 0 0.50 INCH OR MORE: 3
MIN 0 OR BELOW: 0 1.00 INCH OR MORE: 0
[HDD (BASE 65) ]
TOTAL THIS MO. 38 CLEAR (SCALE 0-3) 12
DPTR FM NORMAL -33 PTCLDY (SCALE 4-7) 11
TOTAL FM JUL 1 67 CLOUDY (SCALE 8-10) 8
DPTR FM NORMAL -46
[CDD (BASE 65) ]
TOTAL THIS MO. 84
DPTR FM NORMAL 16 [PRESSURE DATA]
TOTAL FM JAN 1 231 HIGHEST SLP 30.26 ON 6
DPTR FM NORMAL 24 LOWEST SLP 29.60 ON 31
[REMARKS]
#FINAL-08-22#