000
CXUS54 KLZK 191230
CF6CCA
PRELIMINARY LOCAL CLIMATOLOGICAL DATA (WS FORM: F-6)
STATION: CLINTON
MONTH: APRIL
YEAR: 2024
LATITUDE: 35 32 N
LONGITUDE: 92 22 W
TEMPERATURE IN F: :PCPN: SNOW: WIND :SUNSHINE: SKY :PK WND
================================================================================
1 2 3 4 5 6A 6B 7 8 9 10 11 12 13 14 15 16 17 18
12Z AVG MX 2MIN
DY MAX MIN AVG DEP HDD CDD WTR SNW DPTH SPD SPD DIR MIN PSBL S-S WX SPD DR
================================================================================
1 75 68 72 M 0 7 M M M 6.3 13 160 M M 9 8 17 99
2 73 45 59 M 6 0 M M M 10.5 21 320 M M 5 1 29 320
3 57 36 47 M 18 0 M M M 9.8 22 310 M M 2 35 300
4 68 30 49 M 16 0 M M M 6.8 17 310 M M 0 29 290
5 70 32 51 M 14 0 M M M 1.2 6 99 M M 1 8 M M
6 70 41 56 M 9 0 M M M 5.2 15 90 M M 2 21 120
7 79 45 62 M 3 0 M M M 5.5 16 200 M M 5 26 240
8 82 37 60 M 5 0 M M M 1.8 10 190 M M 1 17 190
9 68 61 65 M 0 0 M M M 3.2 9 170 M M 9 16 110
10 70 54 62 M 3 0 M M M 3.1 14 320 M M 9 1 28 0
11 72 43 58 M 7 0 M M M 9.8 21 290 M M 3 37 310
12 77 34 56 M 9 0 M M M 3.5 16 300 M M 0 25 300
13 84 41 63 M 2 0 M M M 3.8 14 200 M M 0 8 22 200
14 81 46 64 M 1 0 M M M 4.9 14 190 M M 2 24 190
15 81 54 68 M 0 3 M M M 2.5 9 180 M M 7 128 18 180
16 75 64 70 M 0 5 M M M 5.3 16 200 M M 9 1 27 190
17 84 61 73 M 0 8 M M M 1.9 8 150 M M 5 128 14 160
18 81 59 70 M 0 5 M M M 4.8 14 330 M M 9 1 28 99
================================================================================
SM 1347 851 93 28 M M 89.8 M 78
================================================================================
AV 74.8 47.3 5.0 FASTST M M 4 MAX(MPH)
MISC ----> 22 310 37 310
================================================================================
NOTES:
# LAST OF SEVERAL OCCURRENCES
COLUMN 17 PEAK WIND IN M.P.H.
PRELIMINARY LOCAL CLIMATOLOGICAL DATA (WS FORM: F-6) , PAGE 2
STATION: CLINTON
MONTH: APRIL
YEAR: 2024
LATITUDE: 35 32 N
LONGITUDE: 92 22 W
[TEMPERATURE DATA] [PRECIPITATION DATA] SYMBOLS USED IN COLUMN 16
AVERAGE MONTHLY: 61.1 TOTAL FOR MONTH: M 1 = FOG OR MIST
DPTR FM NORMAL: 0.0 DPTR FM NORMAL: M 2 = FOG REDUCING VISIBILITY
HIGHEST: 84 ON 13,17 GRTST 24HR M ON M TO 1/4 MILE OR LESS
LOWEST: 30 ON 4 3 = THUNDER
SNOW, ICE PELLETS, HAIL 4 = ICE PELLETS
TOTAL MONTH: M 5 = HAIL
GRTST 24HR M ON M 6 = FREEZING RAIN OR DRIZZLE
GRTST DEPTH: M ON M 7 = DUSTSTORM OR SANDSTORM:
VSBY 1/2 MILE OR LESS
8 = SMOKE OR HAZE
[NO. OF DAYS WITH] [WEATHER - DAYS WITH] 9 = BLOWING SNOW
X = TORNADO
MAX 32 OR BELOW: 0 0.01 INCH OR MORE: 0
MAX 90 OR ABOVE: 0 0.10 INCH OR MORE: 0
MIN 32 OR BELOW: 2 0.50 INCH OR MORE: 0
MIN 0 OR BELOW: 0 1.00 INCH OR MORE: 0
[HDD (BASE 65) ]
TOTAL THIS MO. 93 CLEAR (SCALE 0-3) 9
DPTR FM NORMAL M PTCLDY (SCALE 4-7) 4
TOTAL FM JUL 1 3137 CLOUDY (SCALE 8-10) 5
DPTR FM NORMAL M
[CDD (BASE 65) ]
TOTAL THIS MO. 28
DPTR FM NORMAL M [PRESSURE DATA]
TOTAL FM JAN 1 36 HIGHEST SLP M ON M
DPTR FM NORMAL M LOWEST SLP M ON M
[REMARKS]