000
CXUS54 KLZK 011230
CF6CCA
PRELIMINARY LOCAL CLIMATOLOGICAL DATA (WS FORM: F-6)
STATION: CLINTON
MONTH: JUNE
YEAR: 2023
LATITUDE: 35 32 N
LONGITUDE: 92 22 W
TEMPERATURE IN F: :PCPN: SNOW: WIND :SUNSHINE: SKY :PK WND
================================================================================
1 2 3 4 5 6A 6B 7 8 9 10 11 12 13 14 15 16 17 18
12Z AVG MX 2MIN
DY MAX MIN AVG DEP HDD CDD WTR SNW DPTH SPD SPD DIR MIN PSBL S-S WX SPD DR
================================================================================
1 88 61 75 M 0 10 M M M 1.1 7 99 M M 1 1 13 99
2 90 63 77 M 0 12 M M M 1.3 6 99 M M 1 18 14 99
3 90 63 77 M 0 12 M M M 1.9 8 90 M M 1 18 14 0
4 90 61 76 M 0 11 M M M 1.1 8 150 M M 0 18 13 150
5 91 63 77 M 0 12 M M M 1.1 7 130 M M 1 18 15 130
6 88 61 75 M 0 10 M M M 1.1 6 99 M M 1 18 13 99
7 91 54 73 M 0 8 M M M 1.1 7 350 M M 2 18 13 270
8 86 66 76 M 0 11 M M M 1.7 8 200 M M 4 18 18 200
9 81 66 74 M 0 9 M M M 1.0 5 160 M M 7 1 M M
10 79 66 73 M 0 8 M M M 2.1 15 290 M M 4 12 22 290
11 90 64 77 M 0 12 M M M 4.7 14 320 M M 6 12 21 250
12 77 61 69 M 0 4 M M M 2.5 9 310 M M 3 13 310
13 81 59 70 M 0 5 M M M 1.5 6 150 M M 6 1 14 99
14 84 66 75 M 0 10 M M M 2.8 13 90 M M 4 13 41 90
15 88 63 76 M 0 11 M M M 0.7 6 99 M M 2 M M
16 86 66 76 M 0 11 M M M 1.2 7 99 M M 2 1 12 99
17 88 64 76 M 0 11 M M M 1.5 7 90 M M 1 1 12 99
18 84 66 75 M 0 10 M M M 3.4 10 220 M M 4 3 31 0
19 88 63 76 M 0 11 M M M 2.3 8 320 M M 1 14 330
20 90 64 77 M 0 12 M M M 1.2 6 99 M M 0 1 14 99
21 90 64 77 M 0 12 M M M 1.3 7 99 M M 2 1 M M
22 86 66 76 M 0 11 M M M 0.8 6 99 M M 4 1 14 99
23 91 63 77 M 0 12 M M M 1.2 6 99 M M 0 1 12 240
24 91 64 78 M 0 13 M M M 3.2 8 160 M M 0 1 17 150
25 97 72 85 M 0 20 M M M 2.1 9 210 M M 3 13 13 250
26 91 64 78 M 0 13 M M M 1.8 8 290 M M 1 12 13 0
27 90 59 75 M 0 10 M M M 0.8 9 290 M M 1 1 12 230
28 95 68 82 M 0 17 M M M 2.8 10 200 M M 2 13 16 200
29 97 72 85 M 0 20 M M M 2.2 7 190 M M 3 1 13 230
30 97 72 85 M 0 20 M M M 1.9 7 210 M M 1 1 13 210
================================================================================
SM 2655 1924 0 348 M M 53.1 M 68
================================================================================
AV 88.5 64.1 1.8 FASTST M M 2 MAX(MPH)
MISC ----> 15 290 41 90
================================================================================
NOTES:
# LAST OF SEVERAL OCCURRENCES
COLUMN 17 PEAK WIND IN M.P.H.
PRELIMINARY LOCAL CLIMATOLOGICAL DATA (WS FORM: F-6) , PAGE 2
STATION: CLINTON
MONTH: JUNE
YEAR: 2023
LATITUDE: 35 32 N
LONGITUDE: 92 22 W
[TEMPERATURE DATA] [PRECIPITATION DATA] SYMBOLS USED IN COLUMN 16
AVERAGE MONTHLY: 76.3 TOTAL FOR MONTH: M 1 = FOG OR MIST
DPTR FM NORMAL: 0.0 DPTR FM NORMAL: M 2 = FOG REDUCING VISIBILITY
HIGHEST: 97 ON 25,30 GRTST 24HR M ON M TO 1/4 MILE OR LESS
LOWEST: 54 ON 7 3 = THUNDER
SNOW, ICE PELLETS, HAIL 4 = ICE PELLETS
TOTAL MONTH: M 5 = HAIL
GRTST 24HR M ON M 6 = FREEZING RAIN OR DRIZZLE
GRTST DEPTH: M ON M 7 = DUSTSTORM OR SANDSTORM:
VSBY 1/2 MILE OR LESS
8 = SMOKE OR HAZE
[NO. OF DAYS WITH] [WEATHER - DAYS WITH] 9 = BLOWING SNOW
X = TORNADO
MAX 32 OR BELOW: 0 0.01 INCH OR MORE: 0
MAX 90 OR ABOVE: 16 0.10 INCH OR MORE: 0
MIN 32 OR BELOW: 0 0.50 INCH OR MORE: 0
MIN 0 OR BELOW: 0 1.00 INCH OR MORE: 0
[HDD (BASE 65) ]
TOTAL THIS MO. 0 CLEAR (SCALE 0-3) 22
DPTR FM NORMAL M PTCLDY (SCALE 4-7) 8
TOTAL FM JUL 1 3380 CLOUDY (SCALE 8-10) 0
DPTR FM NORMAL M
[CDD (BASE 65) ]
TOTAL THIS MO. 348
DPTR FM NORMAL M [PRESSURE DATA]
TOTAL FM JAN 1 538 HIGHEST SLP M ON M
DPTR FM NORMAL M LOWEST SLP M ON M
[REMARKS]
#FINAL-06-23#