000
CXUS54 KLZK 011330
CF6CCA
PRELIMINARY LOCAL CLIMATOLOGICAL DATA (WS FORM: F-6)
STATION: CLINTON
MONTH: JANUARY
YEAR: 2023
LATITUDE: 35 32 N
LONGITUDE: 92 22 W
TEMPERATURE IN F: :PCPN: SNOW: WIND :SUNSHINE: SKY :PK WND
================================================================================
1 2 3 4 5 6A 6B 7 8 9 10 11 12 13 14 15 16 17 18
12Z AVG MX 2MIN
DY MAX MIN AVG DEP HDD CDD WTR SNW DPTH SPD SPD DIR MIN PSBL S-S WX SPD DR
================================================================================
1 68 52 60 M 5 0 M M M 1.9 8 200 M M 8 1 13 200
2 72 57 65 M 0 0 M M M 2.5 12 170 M M 10 138 16 160
3 68 43 56 M 9 0 M M M 3.2 13 230 M M 4 12 17 220
4 55 30 43 M 22 0 M M M 2.7 10 210 M M 0 1 16 220
5 55 27 41 M 24 0 M M M 2.8 13 240 M M 0 18 230
6 55 25 40 M 25 0 M M M 1.2 7 160 M M 2 M M
7 64 41 53 M 12 0 M M M 0.6 6 80 M M 8 1 M M
8 52 30 41 M 24 0 M M M 3.2 10 310 M M 3 15 310
9 55 25 40 M 25 0 M M M 1.4 9 150 M M 0 1 13 210
10 64 27 46 M 19 0 M M M 1.3 8 140 M M 3 1 14 140
11 70 50 60 M 5 0 M M M 1.6 8 160 M M 6 12 M M
12 57 37 47 M 18 0 M M M 8.5 20 320 M M 10 12 36 320
13 41 25 33 M 32 0 M M M 7.1 13 300 M M 7 23 310
14 46 19 33 M 32 0 M M M 1.2 7 130 M M 0 12 160
15 55 23 39 M 26 0 M M M 4.0 14 140 M M 7 20 140
16 66 43 55 M 10 0 M M M 3.7 13 220 M M 8 18 22 220
17 70 36 53 M 12 0 M M M 1.1 6 110 M M 5 12 M M
18 63 45 54 M 11 0 M M M 1.2 10 250 M M 9 12 20 250
19 52 30 41 M 24 0 M M M 5.8 14 230 M M 2 2 25 260
20 55 27 41 M 24 0 M M M 2.3 15 300 M M 0 22 300
21 50 27 39 M 26 0 M M M 1.3 8 120 M M 7 15 120
22 45 36 41 M 24 0 M M M 1.3 9 310 M M 9 1 16 310
23 52 27 40 M 25 0 M M M 1.1 6 150 M M 2 M M
24 39 25 32 M 33 0 M M M 0.4 6 99 M M 6 12 99
25 39 32 36 M 29 0 M M M 3.2 8 280 M M 10 1 13 99
26 43 27 35 M 30 0 M M M 5.5 12 310 M M 4 21 290
27 57 21 39 M 26 0 M M M 3.3 13 220 M M 0 28 230
28 54 25 40 M 25 0 M M M 0.9 14 210 M M 8 1 22 0
29 61 36 49 M 16 0 M M M 2.7 9 340 M M 9 1 20 340
30 36 27 32 M 33 0 M M M 5.0 8 350 M M 10 16 330
31 27 23 25 M 40 0 M M M 0.7 5 99 M M 10 1 M M
================================================================================
SM 1686 998 666 0 M M 82.7 M 167
================================================================================
AV 54.4 32.2 2.7 FASTST M M 5 MAX(MPH)
MISC ----> 20 320 36 320
================================================================================
NOTES:
# LAST OF SEVERAL OCCURRENCES
COLUMN 17 PEAK WIND IN M.P.H.
PRELIMINARY LOCAL CLIMATOLOGICAL DATA (WS FORM: F-6) , PAGE 2
STATION: CLINTON
MONTH: JANUARY
YEAR: 2023
LATITUDE: 35 32 N
LONGITUDE: 92 22 W
[TEMPERATURE DATA] [PRECIPITATION DATA] SYMBOLS USED IN COLUMN 16
AVERAGE MONTHLY: 43.3 TOTAL FOR MONTH: M 1 = FOG OR MIST
DPTR FM NORMAL: 0.0 DPTR FM NORMAL: M 2 = FOG REDUCING VISIBILITY
HIGHEST: 72 ON 2 GRTST 24HR 1.88 ON 24-25 TO 1/4 MILE OR LESS
LOWEST: 19 ON 14 3 = THUNDER
SNOW, ICE PELLETS, HAIL 4 = ICE PELLETS
TOTAL MONTH: M 5 = HAIL
GRTST 24HR M ON M 6 = FREEZING RAIN OR DRIZZLE
GRTST DEPTH: M ON M 7 = DUSTSTORM OR SANDSTORM:
VSBY 1/2 MILE OR LESS
8 = SMOKE OR HAZE
[NO. OF DAYS WITH] [WEATHER - DAYS WITH] 9 = BLOWING SNOW
X = TORNADO
MAX 32 OR BELOW: 1 0.01 INCH OR MORE: 0
MAX 90 OR ABOVE: 0 0.10 INCH OR MORE: 0
MIN 32 OR BELOW: 20 0.50 INCH OR MORE: 0
MIN 0 OR BELOW: 0 1.00 INCH OR MORE: 0
[HDD (BASE 65) ]
TOTAL THIS MO. 666 CLEAR (SCALE 0-3) 10
DPTR FM NORMAL M PTCLDY (SCALE 4-7) 13
TOTAL FM JUL 1 2150 CLOUDY (SCALE 8-10) 8
DPTR FM NORMAL M
[CDD (BASE 65) ]
TOTAL THIS MO. 0
DPTR FM NORMAL M [PRESSURE DATA]
TOTAL FM JAN 1 0 HIGHEST SLP M ON M
DPTR FM NORMAL M LOWEST SLP M ON M
[REMARKS]
#FINAL-01-23#