000
CXUS56 KMTR 011528
CF6CCR
PRELIMINARY LOCAL CLIMATOLOGICAL DATA (WS FORM: F-6)
STATION: CONCORD AIRPORT
MONTH: JANUARY
YEAR: 2021
LATITUDE: 37 58 N
LONGITUDE: 122 3 W
TEMPERATURE IN F: :PCPN: SNOW: WIND :SUNSHINE: SKY :PK WND
================================================================================
1 2 3 4 5 6A 6B 7 8 9 10 11 12 13 14 15 16 17 18
12Z AVG MX 2MIN
DY MAX MIN AVG DEP HDD CDD WTR SNW DPTH SPD SPD DIR MIN PSBL S-S WX SPD DR
================================================================================
1 57 37 47 0 18 0 0.00 M M 3.3 10 340 M M 1 1 12 340
2 51 47 49 2 16 0 0.06 M M 1.8 9 60 M M 10 1 13 40
3 57 44 51 4 14 0 T M M 2.3 8 190 M M 6 128 11 190
4 61 46 54 7 11 0 M M M 8.4 24 240 M M 6 18 32 230
5 57 42 50 3 15 0 0.00 M M 3.7 10 70 M M 3 12 30 90
6 57 37 47 0 18 0 T M M 3.7 17 320 M M 2 1 20 300
7 58 42 50 3 15 0 0.00 M M 4.2 14 110 M M 3 1 32 90
8 61 42 52 5 13 0 T M M 4.2 17 150 M M 5 128 20 160
9 63 36 50 3 15 0 0.00 M M 2.7 14 290 M M 0 18 16 290
10 54 38 46 -1 19 0 0.00 M M 2.4 12 10 M M 6 18 15 20
11 60 36 48 1 17 0 0.00 M M 3.4 13 330 M M 1 18 17 30
12 62 43 53 6 12 0 T M M 1.5 8 30 M M 5 18 11 50
13 68 46 57 10 8 0 0.00 M M 4.7 13 140 M M 3 18 19 70
14 68 44 56 8 9 0 0.00 M M 3.0 12 80 M M 0 12 18 190
15 66 41 54 6 11 0 0.00 M M 2.4 10 350 M M 2 12 32 90
16 75 46 61 13 4 0 0.00 M M 1.6 8 340 M M 0 10 340
17 76 46 61 13 4 0 0.00 M M 2.5 10 30 M M 0 15 30
18 78 50 64 16 1 0 0.00 M M 8.9 25 360 M M 0 37 10
19 66 46 56 8 9 0 0.00 M M 14.9 31 10 M M 0 42 20
20 69 39 54 6 11 0 0.00 M M 2.6 9 360 M M 0 20 70
21 64 37 51 3 14 0 0.00 M M 4.1 15 260 M M 0 8 17 250
22 55 44 50 2 15 0 0.14 M M 5.9 20 200 M M 8 8 24 190
23 59 43 51 3 14 0 0.00 M M 4.4 12 290 M M 3 1 15 280
24 53 42 48 0 17 0 0.12 M M 10.0 26 280 M M 6 1 36 270
25 56 41 49 1 16 0 0.00 M M 15.2 23 270 M M 0 33 290
26 51 33 42 -7 23 0 0.31 M M 11.5 26 160 M M 5 36 170
27 56 46 51 2 14 0 0.42 M M 7.2 28 170 M M 9 1 39 170
28 54 47 51 2 14 0 0.22 M M 5.1 13 150 M M 9 1 16 150
29 55 43 49 0 16 0 0.10 M M 3.5 10 170 M M 6 1 14 340
30 60 44 52 3 13 0 0.00 M M 2.3 9 20 M M 7 13 20
31 66 47 57 8 8 0 T M M 2.3 9 340 M M 5 1 13 50
================================================================================
SM 1893 1315 404 0 1.37 M 153.7 M 111
================================================================================
AV 61.1 42.4 5.0 FASTST M M 4 MAX(MPH)
MISC ----> 31 10 42 20
================================================================================
NOTES:
# LAST OF SEVERAL OCCURRENCES
COLUMN 17 PEAK WIND IN M.P.H.
PRELIMINARY LOCAL CLIMATOLOGICAL DATA (WS FORM: F-6) , PAGE 2
STATION: CONCORD AIRPORT
MONTH: JANUARY
YEAR: 2021
LATITUDE: 37 58 N
LONGITUDE: 122 3 W
[TEMPERATURE DATA] [PRECIPITATION DATA] SYMBOLS USED IN COLUMN 16
AVERAGE MONTHLY: 51.7 TOTAL FOR MONTH: 1.37 1 = FOG OR MIST
DPTR FM NORMAL: 3.9 DPTR FM NORMAL: -1.90 2 = FOG REDUCING VISIBILITY
HIGHEST: 78 ON 18 GRTST 24HR 1.26 ON 26-27 TO 1/4 MILE OR LESS
LOWEST: 33 ON 26 3 = THUNDER
SNOW, ICE PELLETS, HAIL 4 = ICE PELLETS
TOTAL MONTH: M 5 = HAIL
GRTST 24HR M ON M 6 = FREEZING RAIN OR DRIZZLE
GRTST DEPTH: M ON M 7 = DUSTSTORM OR SANDSTORM:
VSBY 1/2 MILE OR LESS
8 = SMOKE OR HAZE
[NO. OF DAYS WITH] [WEATHER - DAYS WITH] 9 = BLOWING SNOW
X = TORNADO
MAX 32 OR BELOW: 0 0.01 INCH OR MORE: 7
MAX 90 OR ABOVE: 0 0.10 INCH OR MORE: 6
MIN 32 OR BELOW: 0 0.50 INCH OR MORE: 0
MIN 0 OR BELOW: 0 1.00 INCH OR MORE: 0
[HDD (BASE 65) ]
TOTAL THIS MO. 404 CLEAR (SCALE 0-3) 17
DPTR FM NORMAL -129 PTCLDY (SCALE 4-7) 10
TOTAL FM JUL 1 1188 CLOUDY (SCALE 8-10) 4
DPTR FM NORMAL -311
[CDD (BASE 65) ]
TOTAL THIS MO. 0
DPTR FM NORMAL 0 [PRESSURE DATA]
TOTAL FM JAN 1 0 HIGHEST SLP 30.38 ON 13
DPTR FM NORMAL 0 LOWEST SLP 29.60 ON 27
[REMARKS]
#FINAL-01-21#