000
CXAK56 PAFC 010957
CF6CDB
PRELIMINARY LOCAL CLIMATOLOGICAL DATA (WS FORM: F-6)
STATION: COLD BAY
MONTH: AUGUST
YEAR: 2022
LATITUDE: 55 13 N
LONGITUDE: 162 44 W
TEMPERATURE IN F: :PCPN: SNOW: WIND :SUNSHINE: SKY :PK WND
================================================================================
1 2 3 4 5 6A 6B 7 8 9 10 11 12 13 14 15 16 17 18
12Z AVG MX 2MIN
DY MAX MIN AVG DEP HDD CDD WTR SNW DPTH SPD SPD DIR MIN PSBL S-S WX SPD DR
================================================================================
1 54 47 51 -2 14 0 0.01 M M 21.8 36 250 M M 10 18 43 250
2 56 45 51 -2 14 0 0.10 M M 8.8 22 150 M M 10 1 29 150
3 59 50 55 2 10 0 T M M 17.1 29 150 M M 10 12 37 140
4 56 49 53 0 12 0 0.20 M M 6.3 14 280 M M 10 1 17 140
5 55 48 52 -1 13 0 0.03 M M 17.0 25 260 M M 10 1 30 270
6 54 47 51 -2 14 0 0.02 M M 13.8 25 260 M M 10 1 31 250
7 61 46 54 1 11 0 0.00 M M 10.8 21 270 M M 10 1 26 250
8 57 48 53 0 12 0 0.28 M M 10.3 20 160 M M 9 1 25 150
9 56 49 53 0 12 0 1.75 M M 10.5 17 30 M M 10 1 23 30
10 54 48 51 -2 14 0 0.61 M M 24.1 37 310 M M 10 1 47 330
11 52 48 50 -3 15 0 0.06 M M 25.8 37 310 M M 10 1 44 300
12 51 47 49 -4 16 0 0.01 M M 18.7 30 280 M M 10 1 35 280
13 53 47 50 -3 15 0 0.05 M M 8.3 17 360 M M 10 1 20 360
14 50 45 48 -5 17 0 0.17 M M 16.6 24 320 M M 10 1 30 330
15 52 45 49 -4 16 0 0.08 M M 17.0 25 330 M M 10 1 30 330
16 56 43 50 -3 15 0 0.00 M M 8.2 14 280 M M 7 M M
17 57 38 48 -5 17 0 T M M 5.7 14 350 M M 7 1 19 300
18 54 32 43 -10 22 0 0.25 M M 13.4 32 150 M M 5 18 41 150
19 59 50 55 2 10 0 0.09 M M 21.5 37 140 M M 9 18 47 140
20 55 50 53 0 12 0 0.32 M M 8.8 22 140 M M 10 1 25 140
21 58 50 54 1 11 0 0.08 M M 10.9 18 350 M M 10 1 22 350
22 57 51 54 1 11 0 0.07 M M 16.4 30 350 M M 10 1 37 360
23 54 50 52 0 13 0 0.01 M M 9.1 16 280 M M 10 1 19 280
24 62 49 56 4 9 0 0.00 M M 9.5 26 140 M M 8 12 34 150
25 63 49 56 4 9 0 0.04 M M 20.2 35 160 M M 8 1 52 150
26 59 49 54 2 11 0 T M M 16.6 29 270 M M 7 1 34 270
27 50 47 49 -3 16 0 0.17 M M 19.4 26 280 M M 10 1 32 270
28 54 48 51 -1 14 0 0.07 M M 15.5 24 330 M M 10 1 30 340
29 51 46 49 -3 16 0 0.14 M M 17.2 25 320 M M 10 18 30 310
30 56 45 51 -1 14 0 0.05 M M 12.4 28 270 M M 9 12 33 270
31 56 52 54 2 11 0 1.79 M M 16.5 30 250 M M 10 1 38 250
================================================================================
SM 1721 1458 416 0 6.45 M 448.2 M 289
================================================================================
AV 55.5 47.0 14.5 FASTST M M 9 MAX(MPH)
MISC ----> # 37 310 52 150
================================================================================
NOTES:
# LAST OF SEVERAL OCCURRENCES
COLUMN 17 PEAK WIND IN M.P.H.
PRELIMINARY LOCAL CLIMATOLOGICAL DATA (WS FORM: F-6) , PAGE 2
STATION: COLD BAY
MONTH: AUGUST
YEAR: 2022
LATITUDE: 55 13 N
LONGITUDE: 162 44 W
[TEMPERATURE DATA] [PRECIPITATION DATA] SYMBOLS USED IN COLUMN 16
AVERAGE MONTHLY: 51.3 TOTAL FOR MONTH: 6.45 1 = FOG OR MIST
DPTR FM NORMAL: -1.3 DPTR FM NORMAL: 2.74 2 = FOG REDUCING VISIBILITY
HIGHEST: 63 ON 25 GRTST 24HR 1.83 ON 30-31 TO 1/4 MILE OR LESS
LOWEST: 32 ON 18 3 = THUNDER
SNOW, ICE PELLETS, HAIL 4 = ICE PELLETS
TOTAL MONTH: M 5 = HAIL
GRTST 24HR M ON M 6 = FREEZING RAIN OR DRIZZLE
GRTST DEPTH: M ON M 7 = DUSTSTORM OR SANDSTORM:
VSBY 1/2 MILE OR LESS
8 = SMOKE OR HAZE
[NO. OF DAYS WITH] [WEATHER - DAYS WITH] 9 = BLOWING SNOW
X = TORNADO
MAX 32 OR BELOW: 0 0.01 INCH OR MORE: 25
MAX 90 OR ABOVE: 0 0.10 INCH OR MORE: 10
MIN 32 OR BELOW: 1 0.50 INCH OR MORE: 3
MIN 0 OR BELOW: 0 1.00 INCH OR MORE: 2
[HDD (BASE 65) ]
TOTAL THIS MO. 416 CLEAR (SCALE 0-3) 0
DPTR FM NORMAL 33 PTCLDY (SCALE 4-7) 6
TOTAL FM JUL 1 845 CLOUDY (SCALE 8-10) 25
DPTR FM NORMAL 47
[CDD (BASE 65) ]
TOTAL THIS MO. 0
DPTR FM NORMAL 0 [PRESSURE DATA]
TOTAL FM JAN 1 0 HIGHEST SLP M ON M
DPTR FM NORMAL 0 LOWEST SLP 29.39 ON 20
[REMARKS]
#FINAL-08-22#