000
CXAK56 PAFC 011019 RRB
CF6CDB
PRELIMINARY LOCAL CLIMATOLOGICAL DATA (WS FORM: F-6)
STATION: COLD BAY
MONTH: MARCH
YEAR: 2022
LATITUDE: 55 13 N
LONGITUDE: 162 44 W
TEMPERATURE IN F: :PCPN: SNOW: WIND :SUNSHINE: SKY :PK WND
================================================================================
1 2 3 4 5 6A 6B 7 8 9 10 11 12 13 14 15 16 17 18
12Z AVG MX 2MIN
DY MAX MIN AVG DEP HDD CDD WTR SNW DPTH SPD SPD DIR MIN PSBL S-S WX SPD DR
================================================================================
1 38 26 32 2 33 0 0.09 M M 19.7 39 120 M M 7 1 48 120
2 40 25 33 3 32 0 0.09 M M 10.9 29 130 M M 6 1 36 120
3 41 26 34 4 31 0 0.54 M M M M M M M M M M
4 41 27 34 4 31 0 0.01 M M 18.0 38 240 M M 3 1 44 240
5 41 23 32 2 33 0 0.00 M M 8.1 18 240 M M 2 22 240
6 42 19 31 1 34 0 0.04 M M 8.4 20 120 M M 2 1 26 100
7 42 32 37 7 28 0 0.02 M M 8.5 17 170 M M 10 1 20 160
8 40 33 37 7 28 0 0.01 M M 14.2 28 140 M M 8 33 140
9 42 32 37 7 28 0 0.11 M M 7.2 21 140 M M 10 1 27 130
10 44 35 40 10 25 0 0.01 M M 11.1 22 130 M M 10 26 140
11 42 33 38 8 27 0 0.01 M M 7.4 16 280 M M 10 1 19 290
12 39 33 36 7 29 0 0.02 M M 5.6 14 140 M M 10 1 17 150
13 41 29 35 6 30 0 0.01 M M 6.1 17 10 M M 9 20 10
14 39 27 33 4 32 0 0.02 M M 6.3 15 20 M M 10 12 17 20
15 34 20 27 -2 38 0 T M M 20.6 33 340 M M 8 1 39 350
16 23 18 21 -9 44 0 0.03 M M 25.7 33 330 M M 10 128 40 340
17 24 20 22 -8 43 0 0.24 M M 28.4 37 310 M M 9 1289 43 310
18 23 18 21 -9 44 0 0.02 M M 23.8 32 320 M M 9 1289 38 310
19 21 19 20 -10 45 0 0.01 M M 25.4 33 350 M M 10 12 40 350
20 25 18 22 -8 43 0 T M M 20.3 29 340 M M 10 1 36 350
21 29 24 27 -3 38 0 T M M 17.5 23 330 M M 10 27 330
22 29 23 26 -4 39 0 0.00 M M 18.2 29 330 M M 9 8 33 330
23 25 21 23 -7 42 0 0.01 M M 19.6 29 330 M M 10 1 33 330
24 25 21 23 -7 42 0 0.03 M M 17.9 29 300 M M 10 1 34 310
25 27 16 22 -8 43 0 T M M 15.4 25 300 M M 10 1 29 300
26 37 14 26 -4 39 0 0.09 M M 20.5 41 120 M M 8 1 48 110
27 35 32 34 4 31 0 0.41 M M 18.9 32 320 M M 10 1 40 320
28 33 31 32 1 33 0 0.09 M M 26.3 36 320 M M 10 16 45 330
29 37 29 33 2 32 0 0.24 M M 15.8 32 120 M M 9 1 39 120
30 38 34 36 5 29 0 0.91 M M 14.1 31 130 M M 10 1 36 130
31 41 28 35 4 30 0 0.00 M M 12.7 20 150 M M 3 23 160
================================================================================
SM 1078 786 1076 0 3.06 M 472.6 M 252
================================================================================
AV 34.8 25.4 15.8 FASTST M M 8 MAX(MPH)
MISC ----> 41 120 # 48 120
================================================================================
NOTES:
# LAST OF SEVERAL OCCURRENCES
COLUMN 17 PEAK WIND IN M.P.H.
PRELIMINARY LOCAL CLIMATOLOGICAL DATA (WS FORM: F-6) , PAGE 2
STATION: COLD BAY
MONTH: MARCH
YEAR: 2022
LATITUDE: 55 13 N
LONGITUDE: 162 44 W
[TEMPERATURE DATA] [PRECIPITATION DATA] SYMBOLS USED IN COLUMN 16
AVERAGE MONTHLY: 30.1 TOTAL FOR MONTH: 3.06 1 = FOG OR MIST
DPTR FM NORMAL: 0.2 DPTR FM NORMAL: 0.08 2 = FOG REDUCING VISIBILITY
HIGHEST: 44 ON 10 GRTST 24HR 1.14 ON 29-30 TO 1/4 MILE OR LESS
LOWEST: 14 ON 26 3 = THUNDER
SNOW, ICE PELLETS, HAIL 4 = ICE PELLETS
TOTAL MONTH: M 5 = HAIL
GRTST 24HR M ON M 6 = FREEZING RAIN OR DRIZZLE
GRTST DEPTH: M ON M 7 = DUSTSTORM OR SANDSTORM:
VSBY 1/2 MILE OR LESS
8 = SMOKE OR HAZE
[NO. OF DAYS WITH] [WEATHER - DAYS WITH] 9 = BLOWING SNOW
X = TORNADO
MAX 32 OR BELOW: 10 0.01 INCH OR MORE: 24
MAX 90 OR ABOVE: 0 0.10 INCH OR MORE: 6
MIN 32 OR BELOW: 26 0.50 INCH OR MORE: 2
MIN 0 OR BELOW: 0 1.00 INCH OR MORE: 0
[HDD (BASE 65) ]
TOTAL THIS MO. 1076 CLEAR (SCALE 0-3) 4
DPTR FM NORMAL -12 PTCLDY (SCALE 4-7) 4
TOTAL FM JUL 1 7034 CLOUDY (SCALE 8-10) 23
DPTR FM NORMAL -148
[CDD (BASE 65) ]
TOTAL THIS MO. 0
DPTR FM NORMAL 0 [PRESSURE DATA]
TOTAL FM JAN 1 0 HIGHEST SLP M ON M
DPTR FM NORMAL 0 LOWEST SLP 28.77 ON 27
[REMARKS]
#FINAL-03-22#