348
CXAK56 PAFC 060203
CF6CDB
PRELIMINARY LOCAL CLIMATOLOGICAL DATA (WS FORM: F-6)
STATION: COLD BAY
MONTH: AUGUST
YEAR: 2020
LATITUDE: 55 13 N
LONGITUDE: 162 44 W
TEMPERATURE IN F: :PCPN: SNOW: WIND :SUNSHINE: SKY :PK WND
================================================================================
1 2 3 4 5 6A 6B 7 8 9 10 11 12 13 14 15 16 17 18
12Z AVG MX 2MIN
DY MAX MIN AVG DEP HDD CDD WTR SNW DPTH SPD SPD DIR MIN PSBL S-S WX SPD DR
================================================================================
1 60 41 51 -1 14 0 T M M 4.8 15 140 M M 9 18 19 140
2 62 51 57 5 8 0 0.13 M M 15.0 24 140 M M 9 1 30 140
3 61 50 56 4 9 0 0.01 M M 10.3 22 300 M M 10 1 25 290
4 66 48 57 5 8 0 T M M 7.7 17 130 M M 8 12 20 140
5 62 50 56 4 9 0 0.35 M M 21.4 44 150 M M 8 1 54 150
6 53 49 51 -1 14 0 0.14 M M 31.1 43 260 M M 10 1 50 270
7 58 46 52 0 13 0 0.05 M M 15.2 30 270 M M 8 1 38 270
8 55 47 51 -1 14 0 T M M 8.4 21 280 M M 10 1 25 290
9 54 46 50 -2 15 0 T M M 17.1 29 250 M M 9 18 35 250
10 53 48 51 -1 14 0 0.01 M M 13.5 22 130 M M 10 1 28 140
11 56 49 53 1 12 0 0.05 M M 8.1 17 140 M M 10 1 24 130
12 58 50 54 2 11 0 0.01 M M 6.8 15 150 M M 10 1 24 150
13 54 43 49 -3 16 0 0.75 M M 9.1 15 70 M M 7 1 18 70
14 64 51 58 6 7 0 0.05 M M 11.4 18 280 M M 6 1 23 270
15 55 51 53 1 12 0 0.00 M M 16.5 24 330 M M 10 29 330
16 62 49 56 4 9 0 0.00 M M 10.1 24 150 M M 6 30 150
17 56 49 53 1 12 0 0.01 M M 22.4 33 120 M M 8 41 130
18 57 52 55 3 10 0 T M M 20.9 31 140 M M 9 38 140
19 63 47 55 3 10 0 0.00 M M 6.7 17 140 M M 8 8 22 140
20 58 47 53 1 12 0 0.01 M M 8.0 13 330 M M 10 12 16 310
21 56 50 53 1 12 0 0.02 M M 6.4 12 330 M M 9 1 16 140
22 62 50 56 4 9 0 0.00 M M 6.8 17 130 M M 10 21 120
23 62 49 56 4 9 0 0.00 M M 7.7 18 280 M M 7 18 24 280
24 57 50 54 2 11 0 0.01 M M 17.9 23 270 M M 10 1 27 270
25 54 48 51 -1 14 0 0.05 M M 12.3 20 270 M M 10 1 23 280
26 56 47 52 0 13 0 0.01 M M 19.8 29 270 M M 8 35 270
27 61 38 50 -2 15 0 T M M 12.7 22 270 M M 6 128 28 270
28 55 38 47 -5 18 0 0.26 M M 19.5 39 140 M M 5 12 52 130
29 59 52 56 5 9 0 0.17 M M 14.0 31 140 M M 9 1 42 130
30 58 50 54 3 11 0 0.53 M M 33.8 59 200 M M 9 1 77 200
31 54 50 52 1 13 0 0.07 M M 22.8 31 260 M M 9 1 39 260
================================================================================
SM 1801 1486 363 0 2.69 M 438.2 M 267
================================================================================
AV 58.1 47.9 14.1 FASTST M M 9 MAX(MPH)
MISC ----> 59 200 77 200
================================================================================
NOTES:
# LAST OF SEVERAL OCCURRENCES
COLUMN 17 PEAK WIND IN M.P.H.
PRELIMINARY LOCAL CLIMATOLOGICAL DATA (WS FORM: F-6) , PAGE 2
STATION: COLD BAY
MONTH: AUGUST
YEAR: 2020
LATITUDE: 55 13 N
LONGITUDE: 162 44 W
[TEMPERATURE DATA] [PRECIPITATION DATA] SYMBOLS USED IN COLUMN 16
AVERAGE MONTHLY: 53.0 TOTAL FOR MONTH: 2.69 1 = FOG OR MIST
DPTR FM NORMAL: 0.9 DPTR FM NORMAL: -0.99 2 = FOG REDUCING VISIBILITY
HIGHEST: 66 ON 4 GRTST 24HR 0.80 ON 13-14 TO 1/4 MILE OR LESS
LOWEST: 38 ON 28,27 3 = THUNDER
SNOW, ICE PELLETS, HAIL 4 = ICE PELLETS
TOTAL MONTH: M 5 = HAIL
GRTST 24HR M ON M 6 = FREEZING RAIN OR DRIZZLE
GRTST DEPTH: M ON M 7 = DUSTSTORM OR SANDSTORM:
VSBY 1/2 MILE OR LESS
8 = SMOKE OR HAZE
[NO. OF DAYS WITH] [WEATHER - DAYS WITH] 9 = BLOWING SNOW
X = TORNADO
MAX 32 OR BELOW: 0 0.01 INCH OR MORE: 20
MAX 90 OR ABOVE: 0 0.10 INCH OR MORE: 7
MIN 32 OR BELOW: 0 0.50 INCH OR MORE: 2
MIN 0 OR BELOW: 0 1.00 INCH OR MORE: 0
[HDD (BASE 65) ]
TOTAL THIS MO. 363 CLEAR (SCALE 0-3) 0
DPTR FM NORMAL -37 PTCLDY (SCALE 4-7) 11
TOTAL FM JUL 1 697 CLOUDY (SCALE 8-10) 20
DPTR FM NORMAL -148
[CDD (BASE 65) ]
TOTAL THIS MO. 0
DPTR FM NORMAL 0 [PRESSURE DATA]
TOTAL FM JAN 1 0 HIGHEST SLP 30.23 ON 15
DPTR FM NORMAL 0 LOWEST SLP 28.58 ON 30
[REMARKS]
#FINAL-08-20#