000
CXUS56 KSLC 052146
CF6CDC
PRELIMINARY LOCAL CLIMATOLOGICAL DATA (WS FORM: F-6)
STATION: CEDAR CITY UT
MONTH: JULY
YEAR: 2022
LATITUDE: 37 42 N
LONGITUDE: 113 6 W
TEMPERATURE IN F: :PCPN: SNOW: WIND :SUNSHINE: SKY :PK WND
================================================================================
1 2 3 4 5 6A 6B 7 8 9 10 11 12 13 14 15 16 17 18
12Z AVG MX 2MIN
DY MAX MIN AVG DEP HDD CDD WTR SNW DPTH SPD SPD DIR MIN PSBL S-S WX SPD DR
================================================================================
1 91 63 77 5 0 12 0.00 M M 10.8 26 200 M M 0 37 220
2 91 59 75 3 0 10 0.00 M M 11.0 29 210 M M 0 37 220
3 89 60 75 3 0 10 0.00 M M 18.2 36 210 M M 0 52 210
4 88 58 73 1 0 8 0.00 M M 13.4 30 200 M M 0 8 41 200
5 88 56 72 -1 0 7 0.00 M M 10.8 26 230 M M 0 38 220
6 88 57 73 0 0 8 0.00 M M 11.4 26 210 M M 0 40 250
7 88 55 72 -1 0 7 0.00 M M 10.6 26 220 M M 0 39 200
8 93 58 76 3 0 11 0.00 M M 9.8 28 210 M M 0 38 220
9 96 60 78 4 0 13 0.00 M M 11.3 29 230 M M 0 38 230
10 96 62 79 5 0 14 0.00 M M 7.4 18 230 M M 0 8 26 240
11 97 60 79 5 0 14 0.00 M M 6.7 23 120 M M 0 8 31 130
12 95 63 79 5 0 14 T M M 7.1 29 110 M M 2 3 40 120
13 94 68 81 7 0 16 T M M 9.2 25 120 M M 2 3 32 110
14 91 63 77 3 0 12 0.02 M M 7.6 24 110 M M 5 3 33 120
15 90 61 76 2 0 11 T M M 5.7 17 310 M M 3 3 23 20
16 95 63 79 4 0 14 0.00 M M 5.6 16 40 M M 0 22 120
17 98 68 83 8 0 18 0.03 M M 8.2 24 210 M M 1 3 33 210
18 93 67 80 5 0 15 T M M 8.2 30 300 M M 3 41 280
19 96 59 78 3 0 13 T M M 7.0 20 220 M M 1 29 250
20 95 59 77 2 0 12 0.03 M M 5.6 31 220 M M 0 3 43 250
21 98 61 80 5 0 15 T M M 5.7 25 220 M M 0 33 210
22 99 61 80 5 0 15 0.00 M M 7.5 22 210 M M 0 35 210
23 93 72 83 8 0 18 0.00 M M 11.2 26 210 M M 1 39 210
24 84 67 76 1 0 11 T M M 6.1 18 290 M M 2 24 280
25 88 62 75 0 0 10 0.14 M M 7.2 23 210 M M 3 3 33 220
26 87 61 74 -1 0 9 0.27 M M 6.3 18 200 M M 2 3 24 200
27 85 63 74 -1 0 9 0.03 M M 6.8 31 20 M M 3 3 45 20
28 88 61 75 0 0 10 0.22 M M 7.2 35 120 M M 1 3 46 120
29 90 60 75 0 0 10 0.01 M M 6.8 22 310 M M 1 138 31 300
30 88 58 73 -2 0 8 0.43 M M 7.7 24 140 M M 1 13 35 360
31 86 59 73 -2 0 8 0.29 M M 7.1 31 90 M M 2 3 40 90
================================================================================
SM 2838 1904 0 362 1.47 M 265.2 M 33
================================================================================
AV 91.5 61.4 8.6 FASTST M M 1 MAX(MPH)
MISC ----> 36 210 52 210
================================================================================
NOTES:
# LAST OF SEVERAL OCCURRENCES
COLUMN 17 PEAK WIND IN M.P.H.
PRELIMINARY LOCAL CLIMATOLOGICAL DATA (WS FORM: F-6) , PAGE 2
STATION: CEDAR CITY UT
MONTH: JULY
YEAR: 2022
LATITUDE: 37 42 N
LONGITUDE: 113 6 W
[TEMPERATURE DATA] [PRECIPITATION DATA] SYMBOLS USED IN COLUMN 16
AVERAGE MONTHLY: 76.5 TOTAL FOR MONTH: 1.47 1 = FOG OR MIST
DPTR FM NORMAL: 2.5 DPTR FM NORMAL: 0.45 2 = FOG REDUCING VISIBILITY
HIGHEST: 99 ON 22 GRTST 24HR 0.65 ON 30-31 TO 1/4 MILE OR LESS
LOWEST: 55 ON 7 3 = THUNDER
SNOW, ICE PELLETS, HAIL 4 = ICE PELLETS
TOTAL MONTH: M 5 = HAIL
GRTST 24HR M ON M 6 = FREEZING RAIN OR DRIZZLE
GRTST DEPTH: M ON M 7 = DUSTSTORM OR SANDSTORM:
VSBY 1/2 MILE OR LESS
8 = SMOKE OR HAZE
[NO. OF DAYS WITH] [WEATHER - DAYS WITH] 9 = BLOWING SNOW
X = TORNADO
MAX 32 OR BELOW: 0 0.01 INCH OR MORE: 10
MAX 90 OR ABOVE: 19 0.10 INCH OR MORE: 5
MIN 32 OR BELOW: 0 0.50 INCH OR MORE: 0
MIN 0 OR BELOW: 0 1.00 INCH OR MORE: 0
[HDD (BASE 65) ]
TOTAL THIS MO. 0 CLEAR (SCALE 0-3) 28
DPTR FM NORMAL -1 PTCLDY (SCALE 4-7) 3
TOTAL FM JUL 1 0 CLOUDY (SCALE 8-10) 0
DPTR FM NORMAL 0
[CDD (BASE 65) ]
TOTAL THIS MO. 362
DPTR FM NORMAL 80 [PRESSURE DATA]
TOTAL FM JAN 1 560 HIGHEST SLP 30.12 ON 15
DPTR FM NORMAL 155 LOWEST SLP 29.67 ON 3
[REMARKS]
#FINAL-07-22#