000
CXUS54 KLUB 010830
CF6CDS
PRELIMINARY LOCAL CLIMATOLOGICAL DATA (WS FORM: F-6)
STATION: CHILDRESS
MONTH: NOVEMBER
YEAR: 2022
LATITUDE: 34 25 N
LONGITUDE: 100 17 W
TEMPERATURE IN F: :PCPN: SNOW: WIND :SUNSHINE: SKY :PK WND
================================================================================
1 2 3 4 5 6A 6B 7 8 9 10 11 12 13 14 15 16 17 18
12Z AVG MX 2MIN
DY MAX MIN AVG DEP HDD CDD WTR SNW DPTH SPD SPD DIR MIN PSBL S-S WX SPD DR
================================================================================
1 76 49 63 6 2 0 0.00 0.0 0 9.5 21 200 M M 0 28 170
2 74 52 63 6 2 0 0.00 0.0 0 12.8 22 200 M M 1 29 160
3 79 57 68 12 0 3 0.00 0.0 0 14.3 25 200 M M 4 32 170
4 70 39 55 -1 10 0 T 0.0 0 14.9 25 320 M M 7 31 320
5 72 34 53 -3 12 0 0.00 0.0 0 9.7 24 230 M M 0 31 230
6 74 47 61 6 4 0 0.00 0.0 0 8.6 15 340 M M 0 20 20
7 71 44 58 3 7 0 0.00 0.0 0 7.5 12 120 M M 1 17 120
8 79 60 70 16 0 5 0.01 0.0 0 13.1 25 200 M M 6 12 34 210
9 79 63 71 17 0 6 0.00 0.0 0 16.9 28 190 M M 6 39 190
10 79 50 65 11 0 0 0.00 0.0 0 11.7 23 180 M M 4 32 190
11 50 32 41 -12 24 0 0.00 0.0 0 17.2 32 10 M M 3 42 10
12 53 28 41 -12 24 0 0.00 0.0 0 4.8 10 170 M M 0 14 170
13 58 30 44 -8 21 0 0.00 0.0 0 13.0 24 180 M M 0 33 180
14 39 28 34 -18 31 0 0.09 T 0 11.2 24 360 M M 6 1 30 360
15 49 25 37 -15 28 0 0.00 0.0 0 5.9 13 60 M M 0 17 50
16 56 30 43 -8 22 0 0.00 0.0 0 6.1 16 50 M M 3 23 50
17 59 29 44 -7 21 0 0.00 0.0 0 10.4 23 40 M M 0 37 50
18 36 28 32 -18 33 0 0.00 0.0 0 9.2 17 50 M M 7 28 30
19 50 30 40 -10 25 0 0.00 0.0 0 5.1 14 50 M M 4 22 70
20 55 23 39 -11 26 0 0.00 0.0 0 7.7 16 200 M M 0 22 180
21 60 29 45 -4 20 0 0.00 0.0 0 6.8 12 190 M M 0 16 190
22 65 31 48 -1 17 0 0.00 0.0 0 8.3 16 180 M M 0 23 180
23 62 36 49 0 16 0 0.00 0.0 0 11.1 21 200 M M 2 12 26 210
24 53 39 46 -2 19 0 T 0.0 0 10.8 24 20 M M 8 12 34 20
25 47 39 43 -5 22 0 0.11 0.0 0 11.3 22 20 M M 6 28 20
26 45 40 43 -5 22 0 0.87 0.0 0 8.2 15 320 M M 10 1 19 320
27 51 36 44 -3 21 0 0.00 0.0 0 8.3 20 340 M M 0 24 340
28 66 33 50 3 15 0 0.00 0.0 0 12.6 21 210 M M 0 27 210
29 72 30 51 4 14 0 0.00 0.0 0 14.6 29 10 M M 0 39 10
30 42 23 33 -13 32 0 0.00 0.0 0 5.6 12 360 M M 0 15 10
================================================================================
SM 1821 1114 490 14 1.08 T 307.2 M 78
================================================================================
AV 60.7 37.1 10.2 FASTST M M 3 MAX(MPH)
MISC ----> 32 10 42 10
================================================================================
NOTES:
# LAST OF SEVERAL OCCURRENCES
COLUMN 17 PEAK WIND IN M.P.H.
PRELIMINARY LOCAL CLIMATOLOGICAL DATA (WS FORM: F-6) , PAGE 2
STATION: CHILDRESS
MONTH: NOVEMBER
YEAR: 2022
LATITUDE: 34 25 N
LONGITUDE: 100 17 W
[TEMPERATURE DATA] [PRECIPITATION DATA] SYMBOLS USED IN COLUMN 16
AVERAGE MONTHLY: 48.9 TOTAL FOR MONTH: 1.08 1 = FOG OR MIST
DPTR FM NORMAL: -2.7 DPTR FM NORMAL: -0.11 2 = FOG REDUCING VISIBILITY
HIGHEST: 79 ON 10, 9 GRTST 24HR 0.98 ON 25-26 TO 1/4 MILE OR LESS
LOWEST: 23 ON 30,20 3 = THUNDER
SNOW, ICE PELLETS, HAIL 4 = ICE PELLETS
TOTAL MONTH: T 5 = HAIL
GRTST 24HR T ON 14-14 6 = FREEZING RAIN OR DRIZZLE
GRTST DEPTH: 0 7 = DUSTSTORM OR SANDSTORM:
VSBY 1/2 MILE OR LESS
8 = SMOKE OR HAZE
[NO. OF DAYS WITH] [WEATHER - DAYS WITH] 9 = BLOWING SNOW
X = TORNADO
MAX 32 OR BELOW: 0 0.01 INCH OR MORE: 4
MAX 90 OR ABOVE: 0 0.10 INCH OR MORE: 2
MIN 32 OR BELOW: 14 0.50 INCH OR MORE: 1
MIN 0 OR BELOW: 0 1.00 INCH OR MORE: 0
[HDD (BASE 65) ]
TOTAL THIS MO. 490 CLEAR (SCALE 0-3) 17
DPTR FM NORMAL 79 PTCLDY (SCALE 4-7) 12
TOTAL FM JUL 1 603 CLOUDY (SCALE 8-10) 1
DPTR FM NORMAL 41
[CDD (BASE 65) ]
TOTAL THIS MO. 14
DPTR FM NORMAL 7 [PRESSURE DATA]
TOTAL FM JAN 1 2891 HIGHEST SLP 30.55 ON 16
DPTR FM NORMAL 627 LOWEST SLP 29.55 ON 29
[REMARKS]
#FINAL-11-22#