000
CXUS54 KLUB 010730
CF6CDS
PRELIMINARY LOCAL CLIMATOLOGICAL DATA (WS FORM: F-6)
STATION: CHILDRESS
MONTH: MAY
YEAR: 2022
LATITUDE: 34 25 N
LONGITUDE: 100 17 W
TEMPERATURE IN F: :PCPN: SNOW: WIND :SUNSHINE: SKY :PK WND
================================================================================
1 2 3 4 5 6A 6B 7 8 9 10 11 12 13 14 15 16 17 18
12Z AVG MX 2MIN
DY MAX MIN AVG DEP HDD CDD WTR SNW DPTH SPD SPD DIR MIN PSBL S-S WX SPD DR
================================================================================
1 87 53 70 4 0 5 T 0.0 0 15.2 31 140 M M 2 53 150
2 97 51 74 7 0 9 0.00 0.0 0 18.6 33 20 M M 3 43 10
3 72 43 58 -9 7 0 0.00 0.0 0 11.3 21 360 M M 0 27 10
4 80 57 69 2 0 4 0.06 0.0 0 9.4 21 350 M M 9 13 26 120
5 80 52 66 -2 0 1 0.02 0.0 0 14.4 28 330 M M 4 1 39 10
6 91 47 69 1 0 4 0.00 0.0 0 6.7 15 110 M M 0 24 120
7 106 63 85 17 0 20 0.00 0.0 0 12.9 32 140 M M 3 18 40 140
8 107 65 86 17 0 21 0.00 0.0 0 14.5 31 210 M M 0 41 230
9 105 68 87 18 0 22 0.00 0.0 0 18.7 37 230 M M 0 8 47 210
10 103 60 82 13 0 17 0.75 0.0 0 15.0 44 270 M M 1 13 57 260
11 95 64 80 10 0 15 0.02 0.0 0 14.7 25 190 M M 2 38 36 200
12 99 70 85 15 0 20 0.00 0.0 0 13.7 24 200 M M 0 32 190
13 95 60 78 8 0 13 0.00 0.0 0 10.5 23 340 M M 0 32 20
14 100 66 83 12 0 18 0.00 0.0 0 9.6 23 150 M M 0 8 32 160
15 97 64 81 10 0 16 0.00 0.0 0 12.2 22 60 M M 0 35 80
16 91 66 79 8 0 14 0.12 0.0 0 12.8 35 200 M M 1 38 46 210
17 102 69 86 14 0 21 T 0.0 0 15.0 29 200 M M 1 3 40 210
18 101 73 87 15 0 22 0.00 0.0 0 8.6 17 240 M M 0 24 240
19 107 64 86 14 0 21 0.00 0.0 0 10.4 31 30 M M 0 44 20
20 85 64 75 2 0 10 0.00 0.0 0 14.4 29 350 M M 0 40 330
21 74 57 66 -7 0 1 0.00 0.0 0 18.0 31 20 M M 4 43 60
22 74 49 62 -12 3 0 0.00 0.0 0 8.9 18 60 M M 0 26 60
23 62 55 59 -15 6 0 T 0.0 0 9.3 15 140 M M 9 12 22 110
24 70 53 62 -12 3 0 1.25 0.0 0 12.6 46 320 M M 8 123 58 330
25 71 51 61 -13 4 0 0.01 0.0 0 14.9 29 330 M M 6 39 350
26 90 50 70 -5 0 5 0.00 0.0 0 8.7 20 360 M M 0 28 20
27 96 59 78 3 0 13 0.00 0.0 0 11.4 23 190 M M 0 31 200
28 108 69 89 13 0 24 0.00 0.0 0 16.1 32 300 M M 0 8 50 320
29 104 78 91 15 0 26 0.00 0.0 0 23.6 33 170 M M 0 38 49 160
30 100 77 89 13 0 24 0.00 0.0 0 16.0 30 180 M M 0 8 44 180
31 97 64 81 5 0 16 1.16 0.0 0 18.3 44 150 M M 4 138 54 150
================================================================================
SM 2846 1881 23 382 3.39 0.0 416.4 M 57
================================================================================
AV 91.8 60.7 13.4 FASTST M M 2 MAX(MPH)
MISC ----> 46 320 58 330
================================================================================
NOTES:
# LAST OF SEVERAL OCCURRENCES
COLUMN 17 PEAK WIND IN M.P.H.
PRELIMINARY LOCAL CLIMATOLOGICAL DATA (WS FORM: F-6) , PAGE 2
STATION: CHILDRESS
MONTH: MAY
YEAR: 2022
LATITUDE: 34 25 N
LONGITUDE: 100 17 W
[TEMPERATURE DATA] [PRECIPITATION DATA] SYMBOLS USED IN COLUMN 16
AVERAGE MONTHLY: 76.2 TOTAL FOR MONTH: 3.39 1 = FOG OR MIST
DPTR FM NORMAL: 4.8 DPTR FM NORMAL: -0.11 2 = FOG REDUCING VISIBILITY
HIGHEST: 108 ON 28 GRTST 24HR 1.25 ON 24-24 TO 1/4 MILE OR LESS
LOWEST: 43 ON 3 3 = THUNDER
SNOW, ICE PELLETS, HAIL 4 = ICE PELLETS
TOTAL MONTH: 0.0 INCH 5 = HAIL
GRTST 24HR 0.0 6 = FREEZING RAIN OR DRIZZLE
GRTST DEPTH: 0 7 = DUSTSTORM OR SANDSTORM:
VSBY 1/2 MILE OR LESS
8 = SMOKE OR HAZE
[NO. OF DAYS WITH] [WEATHER - DAYS WITH] 9 = BLOWING SNOW
X = TORNADO
MAX 32 OR BELOW: 0 0.01 INCH OR MORE: 8
MAX 90 OR ABOVE: 21 0.10 INCH OR MORE: 4
MIN 32 OR BELOW: 0 0.50 INCH OR MORE: 3
MIN 0 OR BELOW: 0 1.00 INCH OR MORE: 2
[HDD (BASE 65) ]
TOTAL THIS MO. 23 CLEAR (SCALE 0-3) 24
DPTR FM NORMAL -10 PTCLDY (SCALE 4-7) 4
TOTAL FM JUL 1 2651 CLOUDY (SCALE 8-10) 3
DPTR FM NORMAL -417
[CDD (BASE 65) ]
TOTAL THIS MO. 382
DPTR FM NORMAL 151 [PRESSURE DATA]
TOTAL FM JAN 1 535 HIGHEST SLP M ON M
DPTR FM NORMAL 212 LOWEST SLP 29.30 ON 29
[REMARKS]
#FINAL-05-22#