000
CXUS54 KLUB 010730
CF6CDS
PRELIMINARY LOCAL CLIMATOLOGICAL DATA (WS FORM: F-6)
STATION: CHILDRESS
MONTH: JUNE
YEAR: 2021
LATITUDE: 34 25 N
LONGITUDE: 100 17 W
TEMPERATURE IN F: :PCPN: SNOW: WIND :SUNSHINE: SKY :PK WND
================================================================================
1 2 3 4 5 6A 6B 7 8 9 10 11 12 13 14 15 16 17 18
12Z AVG MX 2MIN
DY MAX MIN AVG DEP HDD CDD WTR SNW DPTH SPD SPD DIR MIN PSBL S-S WX SPD DR
================================================================================
1 77 59 68 -9 0 3 T 0.0 0 5.4 13 340 M M 5 15 10
2 82 61 72 -5 0 7 0.24 0.0 0 4.6 12 150 M M 3 13 14 150
3 86 62 74 -3 0 9 0.00 0.0 0 6.7 16 130 M M 1 1 23 90
4 86 62 74 -4 0 9 0.00 0.0 0 9.2 16 160 M M 2 21 150
5 83 62 73 -5 0 8 0.00 0.0 0 10.1 18 140 M M 1 23 140
6 90 66 78 0 0 13 0.00 0.0 0 12.0 21 170 M M 1 28 140
7 91 66 79 1 0 14 0.03 0.0 0 9.6 32 270 M M 2 38 42 270
8 95 66 81 3 0 16 0.13 0.0 0 10.8 36 280 M M 1 3 46 280
9 97 74 86 7 0 21 0.00 0.0 0 12.8 18 170 M M 0 18 26 210
10 97 74 86 7 0 21 0.00 0.0 0 13.4 24 150 M M 0 18 29 180
11 102 73 88 9 0 23 0.00 0.0 0 9.1 20 200 M M 0 25 190
12 94 73 84 5 0 19 0.00 0.0 0 9.2 21 60 M M 1 30 50
13 93 72 83 3 0 18 0.00 0.0 0 10.0 31 350 M M 0 3 39 350
14 97 66 82 2 0 17 0.00 0.0 0 6.1 15 140 M M 0 19 140
15 99 70 85 5 0 20 0.00 0.0 0 5.1 16 140 M M 0 20 140
16 100 71 86 6 0 21 0.00 0.0 0 10.4 20 190 M M 0 30 200
17 100 70 85 5 0 20 0.00 0.0 0 10.1 20 200 M M 0 8 25 200
18 100 69 85 5 0 20 0.00 0.0 0 10.7 22 190 M M 0 29 190
19 100 71 86 5 0 21 0.00 0.0 0 11.5 20 170 M M 0 29 190
20 101 72 87 6 0 22 0.00 0.0 0 14.7 25 210 M M 0 31 210
21 82 62 72 -9 0 7 T 0.0 0 12.4 29 40 M M 4 42 50
22 90 57 74 -7 0 9 0.00 0.0 0 9.8 23 170 M M 0 29 170
23 102 71 87 6 0 22 0.00 0.0 0 17.3 29 190 M M 0 37 190
24 101 73 87 5 0 22 0.00 0.0 0 15.4 25 190 M M 0 34 190
25 99 78 89 7 0 24 0.00 0.0 0 16.4 26 180 M M 0 8 35 220
26 88 69 79 -3 0 14 0.66 0.0 0 10.1 29 290 M M 7 13 40 300
27 83 66 75 -7 0 10 0.60 0.0 0 5.6 24 240 M M 5 13 31 250
28 81 68 75 -7 0 10 0.18 0.0 0 6.4 14 110 M M 6 1 20 110
29 86 70 78 -4 0 13 0.02 0.0 0 5.0 16 130 M M 4 22 130
30 91 69 80 -2 0 15 T 0.0 0 6.1 14 200 M M 2 19 210
================================================================================
SM 2773 2042 0 468 1.86 0.0 296.0 M 45
================================================================================
AV 92.4 68.1 9.9 FASTST M M 2 MAX(MPH)
MISC ----> 36 280 46 280
================================================================================
NOTES:
# LAST OF SEVERAL OCCURRENCES
COLUMN 17 PEAK WIND IN M.P.H.
PRELIMINARY LOCAL CLIMATOLOGICAL DATA (WS FORM: F-6) , PAGE 2
STATION: CHILDRESS
MONTH: JUNE
YEAR: 2021
LATITUDE: 34 25 N
LONGITUDE: 100 17 W
[TEMPERATURE DATA] [PRECIPITATION DATA] SYMBOLS USED IN COLUMN 16
AVERAGE MONTHLY: 80.3 TOTAL FOR MONTH: 1.86 1 = FOG OR MIST
DPTR FM NORMAL: 0.3 DPTR FM NORMAL: -1.89 2 = FOG REDUCING VISIBILITY
HIGHEST: 102 ON 23,11 GRTST 24HR 1.13 ON 26-27 TO 1/4 MILE OR LESS
LOWEST: 57 ON 22 3 = THUNDER
SNOW, ICE PELLETS, HAIL 4 = ICE PELLETS
TOTAL MONTH: 0.0 INCH 5 = HAIL
GRTST 24HR 0.0 6 = FREEZING RAIN OR DRIZZLE
GRTST DEPTH: 0 7 = DUSTSTORM OR SANDSTORM:
VSBY 1/2 MILE OR LESS
8 = SMOKE OR HAZE
[NO. OF DAYS WITH] [WEATHER - DAYS WITH] 9 = BLOWING SNOW
X = TORNADO
MAX 32 OR BELOW: 0 0.01 INCH OR MORE: 7
MAX 90 OR ABOVE: 20 0.10 INCH OR MORE: 5
MIN 32 OR BELOW: 0 0.50 INCH OR MORE: 2
MIN 0 OR BELOW: 0 1.00 INCH OR MORE: 0
[HDD (BASE 65) ]
TOTAL THIS MO. 0 CLEAR (SCALE 0-3) 24
DPTR FM NORMAL -1 PTCLDY (SCALE 4-7) 6
TOTAL FM JUL 1 3298 CLOUDY (SCALE 8-10) 0
DPTR FM NORMAL 227
[CDD (BASE 65) ]
TOTAL THIS MO. 468
DPTR FM NORMAL 22 [PRESSURE DATA]
TOTAL FM JAN 1 691 HIGHEST SLP M ON M
DPTR FM NORMAL -78 LOWEST SLP 29.58 ON 20
[REMARKS]
#FINAL-06-21#