000
CXUS54 KLUB 010830
CF6CDS
PRELIMINARY LOCAL CLIMATOLOGICAL DATA (WS FORM: F-6)
STATION: CHILDRESS
MONTH: NOVEMBER
YEAR: 2020
LATITUDE: 34 25 N
LONGITUDE: 100 17 W
TEMPERATURE IN F: :PCPN: SNOW: WIND :SUNSHINE: SKY :PK WND
================================================================================
1 2 3 4 5 6A 6B 7 8 9 10 11 12 13 14 15 16 17 18
12Z AVG MX 2MIN
DY MAX MIN AVG DEP HDD CDD WTR SNW DPTH SPD SPD DIR MIN PSBL S-S WX SPD DR
================================================================================
1 68 40 54 -4 11 0 0.00 0.0 0 6.8 12 20 M M 0 15 20
2 76 39 58 1 7 0 0.00 0.0 0 8.1 15 200 M M 0 20 200
3 79 44 62 5 3 0 0.00 0.0 0 10.4 18 200 M M 0 24 180
4 83 48 66 9 0 1 0.00 0.0 0 9.3 21 200 M M 0 26 190
5 85 47 66 10 0 1 0.00 0.0 0 7.3 16 10 M M 0 23 20
6 76 45 61 5 4 0 0.00 0.0 0 5.7 13 130 M M 0 17 130
7 78 50 64 9 1 0 0.00 0.0 0 11.8 25 180 M M 2 12 32 190
8 78 54 66 11 0 1 0.00 0.0 0 17.1 30 180 M M 2 38 200
9 84 56 70 16 0 5 0.00 0.0 0 13.7 24 190 M M 1 31 190
10 68 43 56 2 9 0 T 0.0 0 9.7 20 320 M M 2 27 320
11 67 36 52 -2 13 0 0.00 0.0 0 6.2 13 310 M M 0 15 320
12 73 37 55 2 10 0 0.00 0.0 0 7.2 18 40 M M 0 28 50
13 54 34 44 -9 21 0 0.00 0.0 0 7.0 15 170 M M 6 18 170
14 83 48 66 14 0 1 0.00 0.0 0 15.6 33 280 M M 3 46 280
15 61 33 47 -5 18 0 0.00 0.0 0 7.4 15 200 M M 0 18 200
16 69 36 53 1 12 0 0.00 0.0 0 6.5 14 190 M M 0 17 180
17 73 36 55 4 10 0 0.00 0.0 0 6.9 18 180 M M 0 23 180
18 76 41 59 8 6 0 0.00 0.0 0 15.8 25 190 M M 0 35 190
19 86 55 71 21 0 6 0.00 0.0 0 16.0 26 200 M M 0 33 210
20 72 53 63 13 2 0 0.00 0.0 0 8.4 18 210 M M 0 34 180
21 66 51 59 10 6 0 0.00 0.0 0 7.1 15 60 M M 5 20 70
22 53 45 49 0 16 0 T 0.0 0 9.9 18 10 M M 10 1 22 30
23 56 44 50 2 15 0 0.00 0.0 0 10.6 21 170 M M 10 27 170
24 77 42 60 12 5 0 0.16 0.0 0 17.9 33 280 M M 5 13 41 280
25 63 36 50 2 15 0 0.00 0.0 0 9.9 24 310 M M 0 31 310
26 68 37 53 6 12 0 0.00 0.0 0 10.1 18 280 M M 0 24 260
27 59 36 48 1 17 0 0.00 0.0 0 9.9 20 50 M M 1 24 50
28 45 35 40 -6 25 0 0.35 0.0 0 8.0 16 330 M M 8 1 19 330
29 52 32 42 -4 23 0 0.00 0.0 0 12.2 30 360 M M 6 36 360
30 52 23 38 -8 27 0 0.00 0.0 0 9.2 16 210 M M 0 20 210
================================================================================
SM 2080 1256 288 15 0.51 0.0 301.7 M 61
================================================================================
AV 69.3 41.9 10.1 FASTST M M 2 MAX(MPH)
MISC ----> # 33 280 46 280
================================================================================
NOTES:
# LAST OF SEVERAL OCCURRENCES
COLUMN 17 PEAK WIND IN M.P.H.
PRELIMINARY LOCAL CLIMATOLOGICAL DATA (WS FORM: F-6) , PAGE 2
STATION: CHILDRESS
MONTH: NOVEMBER
YEAR: 2020
LATITUDE: 34 25 N
LONGITUDE: 100 17 W
[TEMPERATURE DATA] [PRECIPITATION DATA] SYMBOLS USED IN COLUMN 16
AVERAGE MONTHLY: 55.6 TOTAL FOR MONTH: 0.51 1 = FOG OR MIST
DPTR FM NORMAL: 4.0 DPTR FM NORMAL: -0.74 2 = FOG REDUCING VISIBILITY
HIGHEST: 86 ON 19 GRTST 24HR 0.35 ON 28-28 TO 1/4 MILE OR LESS
LOWEST: 23 ON 30 3 = THUNDER
SNOW, ICE PELLETS, HAIL 4 = ICE PELLETS
TOTAL MONTH: 0.0 INCH 5 = HAIL
GRTST 24HR 0.0 6 = FREEZING RAIN OR DRIZZLE
GRTST DEPTH: 0 7 = DUSTSTORM OR SANDSTORM:
VSBY 1/2 MILE OR LESS
8 = SMOKE OR HAZE
[NO. OF DAYS WITH] [WEATHER - DAYS WITH] 9 = BLOWING SNOW
X = TORNADO
MAX 32 OR BELOW: 0 0.01 INCH OR MORE: 2
MAX 90 OR ABOVE: 0 0.10 INCH OR MORE: 2
MIN 32 OR BELOW: 2 0.50 INCH OR MORE: 0
MIN 0 OR BELOW: 0 1.00 INCH OR MORE: 0
[HDD (BASE 65) ]
TOTAL THIS MO. 288 CLEAR (SCALE 0-3) 22
DPTR FM NORMAL -120 PTCLDY (SCALE 4-7) 6
TOTAL FM JUL 1 548 CLOUDY (SCALE 8-10) 2
DPTR FM NORMAL -12
[CDD (BASE 65) ]
TOTAL THIS MO. 15
DPTR FM NORMAL 8 [PRESSURE DATA]
TOTAL FM JAN 1 2421 HIGHEST SLP 30.57 ON 1
DPTR FM NORMAL 214 LOWEST SLP 29.58 ON 24
[REMARKS]
#FINAL-11-20#