646
CXUS54 KLUB 010755
CF6CDS
PRELIMINARY LOCAL CLIMATOLOGICAL DATA (WS FORM: F-6)
STATION: CHILDRESS
MONTH: APRIL
YEAR: 2020
LATITUDE: 34 25 N
LONGITUDE: 100 17 W
TEMPERATURE IN F: :PCPN: SNOW: WIND :SUNSHINE: SKY :PK WND
================================================================================
1 2 3 4 5 6A 6B 7 8 9 10 11 12 13 14 15 16 17 18
12Z AVG MX 2MIN
DY MAX MIN AVG DEP HDD CDD WTR SNW DPTH SPD SPD DIR MIN PSBL S-S WX SPD DR
================================================================================
1 75 49 62 4 3 0 0.00 0.0 0 15.4 26 190 M M 0 34 170
2 89 47 68 10 0 3 T 0.0 0 13.3 30 20 M M 1 38 20
3 54 33 44 -15 21 0 T T 0 16.5 33 10 M M 7 1 40 10
4 54 33 44 -15 21 0 0.00 0.0 0 7.0 13 130 M M 8 15 20
5 65 44 55 -4 10 0 0.00 0.0 0 11.7 18 170 M M 9 1 24 180
6 81 58 70 10 0 5 0.00 0.0 0 13.6 23 180 M M 5 27 180
7 91 54 73 13 0 8 0.00 0.0 0 10.3 20 240 M M 0 26 200
8 91 51 71 11 0 6 0.00 0.0 0 10.7 24 290 M M 0 33 320
9 68 50 59 -1 6 0 0.00 0.0 0 9.9 18 50 M M 0 24 40
10 73 41 57 -4 8 0 0.00 0.0 0 8.7 17 170 M M 1 23 180
11 80 49 65 4 0 0 0.64 0.0 0 10.4 28 170 M M 1 13 35 160
12 67 38 53 -8 12 0 0.00 0.0 0 18.9 37 360 M M 2 1 45 330
13 44 34 39 -23 26 0 T T 0 12.0 21 20 M M 9 27 20
14 46 32 39 -23 26 0 0.07 0.7 1 5.8 14 50 M M 8 1 19 60
15 69 32 51 -11 14 0 0.00 0.0 0 12.4 24 190 M M 1 33 170
16 81 45 63 1 2 0 0.00 0.0 0 17.5 32 350 M M 0 38 350
17 57 39 48 -15 17 0 0.00 0.0 0 14.0 31 360 M M 4 39 360
18 65 37 51 -12 14 0 0.00 0.0 0 10.1 22 180 M M 3 26 170
19 79 46 63 0 2 0 0.00 0.0 0 9.8 23 360 M M 0 1 27 20
20 77 47 62 -2 3 0 0.00 0.0 0 6.2 13 140 M M 0 1 17 150
21 82 47 65 1 0 0 0.00 0.0 0 7.7 22 130 M M 1 27 120
22 80 55 68 4 0 3 T 0.0 0 13.8 26 310 M M 4 18 31 360
23 87 53 70 6 0 5 0.00 0.0 0 8.8 21 220 M M 0 29 220
24 80 49 65 0 0 0 0.00 0.0 0 17.0 35 10 M M 0 45 360
25 77 46 62 -3 3 0 0.00 0.0 0 6.9 16 20 M M 1 19 360
26 85 50 68 2 0 3 0.00 0.0 0 14.8 26 190 M M 0 32 180
27 90 56 73 7 0 8 0.00 0.0 0 8.6 21 180 M M 0 27 190
28 97 58 78 12 0 13 0.00 0.0 0 11.7 25 10 M M 0 33 20
29 81 49 65 -1 0 0 0.00 0.0 0 11.4 32 10 M M 0 42 10
30 92 49 71 4 0 6 0.00 0.0 0 11.3 26 210 M M 0 33 210
================================================================================
SM 2257 1371 188 60 0.71 0.7 346.2 M 65
================================================================================
AV 75.2 45.7 11.5 FASTST M M 2 MAX(MPH)
MISC ----> # 37 360 # 45 330
================================================================================
NOTES:
# LAST OF SEVERAL OCCURRENCES
COLUMN 17 PEAK WIND IN M.P.H.
PRELIMINARY LOCAL CLIMATOLOGICAL DATA (WS FORM: F-6) , PAGE 2
STATION: CHILDRESS
MONTH: APRIL
YEAR: 2020
LATITUDE: 34 25 N
LONGITUDE: 100 17 W
[TEMPERATURE DATA] [PRECIPITATION DATA] SYMBOLS USED IN COLUMN 16
AVERAGE MONTHLY: 60.5 TOTAL FOR MONTH: 0.71 1 = FOG OR MIST
DPTR FM NORMAL: -1.8 DPTR FM NORMAL: -1.41 2 = FOG REDUCING VISIBILITY
HIGHEST: 97 ON 28 GRTST 24HR 0.64 ON 11-11 TO 1/4 MILE OR LESS
LOWEST: 32 ON 15,14 3 = THUNDER
SNOW, ICE PELLETS, HAIL 4 = ICE PELLETS
TOTAL MONTH: 0.7 INCH 5 = HAIL
GRTST 24HR 0.7 ON 14-14 6 = FREEZING RAIN OR DRIZZLE
GRTST DEPTH: 1 ON 14 7 = DUSTSTORM OR SANDSTORM:
VSBY 1/2 MILE OR LESS
8 = SMOKE OR HAZE
[NO. OF DAYS WITH] [WEATHER - DAYS WITH] 9 = BLOWING SNOW
X = TORNADO
MAX 32 OR BELOW: 0 0.01 INCH OR MORE: 2
MAX 90 OR ABOVE: 5 0.10 INCH OR MORE: 1
MIN 32 OR BELOW: 2 0.50 INCH OR MORE: 1
MIN 0 OR BELOW: 0 1.00 INCH OR MORE: 0
[HDD (BASE 65) ]
TOTAL THIS MO. 188 CLEAR (SCALE 0-3) 21
DPTR FM NORMAL 35 PTCLDY (SCALE 4-7) 7
TOTAL FM JUL 1 3028 CLOUDY (SCALE 8-10) 2
DPTR FM NORMAL -60
[CDD (BASE 65) ]
TOTAL THIS MO. 60
DPTR FM NORMAL -12 [PRESSURE DATA]
TOTAL FM JAN 1 81 HIGHEST SLP M ON M
DPTR FM NORMAL -10 LOWEST SLP 29.44 ON 12
[REMARKS]
#FINAL-04-20#