000
CXUS53 KPAH 011558
CLSCGI
CLIMATE REPORT
NATIONAL WEATHER SERVICE PADUCAH KY
947 AM CST TUE MAR 01 2022
...................................
...THE CAPE GIRARDEAU MO CLIMATE SUMMARY FOR THE SEASON, FROM
12/1/2021 TO 2/28/2022...
CLIMATE NORMAL PERIOD 1991 TO 2020
CLIMATE RECORD PERIOD 1960 TO 2022
WEATHER OBSERVED NORMAL DEPART LAST YEAR`S
VALUE DATE(S) VALUE FROM VALUE
NORMAL
..............................................................
TEMPERATURE (F)
RECORD
HIGH 79 02/13/1962
LOW -18 01/11/1977
HIGHEST 74 12/25 MM MM
LOWEST 9 01/07 MM MM
01/29
AVG. MAXIMUM 49.9 45.8 4.1
AVG. MINIMUM 28.5 28.5 -0.0
MEAN 39.2 37.2 2.0
DAYS MAX >= 90 0 0.0 0.0
DAYS MAX <= 32 9 12.2 -3.2
DAYS MIN <= 32 64 61.7 2.3
DAYS MIN <= 0 0 1.2 -1.2
PRECIPITATION (INCHES)
RECORD
MAXIMUM 18.09 1979
MINIMUM 4.27 1963
TOTALS 16.59 10.44 6.15
DAILY AVG. 0.19 0.12 0.07
DAYS >= .01 27 27.3 -0.3
DAYS >= .10 22 17.5 4.5
DAYS >= .50 10 7.1 2.9
DAYS >= 1.00 4 2.7 1.3
GREATEST
24 HR. TOTAL 3.63
STORM TOTAL 3.63
(MM/DD(HH))
DEGREE DAYS
HEATING TOTAL 2294 2507 -213
SINCE 7/1 3041 3333 -292
COOLING TOTAL 0 0 0
SINCE 1/1 0 0 0
FREEZE DATES
RECORD
EARLIEST MM
LATEST MM
EARLIEST 11/03
LATEST 04/22
..............................................................
WIND (MPH)
AVERAGE WIND SPEED 8.8
HIGHEST WIND SPEED/DIRECTION 38/210 DATE 12/10
HIGHEST GUST SPEED/DIRECTION 58/220 DATE 12/10
SKY COVER
POSSIBLE SUNSHINE (PERCENT) MM
AVERAGE SKY COVER 0.42
NUMBER OF DAYS FAIR 48
NUMBER OF DAYS PC 17
NUMBER OF DAYS CLOUDY 25
AVERAGE RH (PERCENT) 71
WEATHER CONDITIONS. NUMBER OF DAYS WITH
THUNDERSTORM 10 MIXED PRECIP 1
HEAVY RAIN 12 RAIN 15
LIGHT RAIN 24 FREEZING RAIN 4
LT FREEZING RAIN 4 HAIL 0
HEAVY SNOW 0 SNOW 0
LIGHT SNOW 10 SLEET 2
FOG 46 FOG W/VIS <= 1/4 MILE 8
HAZE 17
- INDICATES NEGATIVE NUMBERS.
R INDICATES RECORD WAS SET OR TIED.
MM INDICATES DATA IS MISSING.
T INDICATES TRACE AMOUNT.
[REMARKS:] 4TH WETTEST AND 10TH WARMEST WINTER SEASON
$$