000
CXUS51 KLWX 010815
CF6CHO
PRELIMINARY LOCAL CLIMATOLOGICAL DATA (WS FORM: F-6)
STATION: CHARLOTTESVILLE VA
MONTH: JULY
YEAR: 2023
LATITUDE: 38 7 N
LONGITUDE: 78 27 W
TEMPERATURE IN F: :PCPN: SNOW: WIND :SUNSHINE: SKY :PK WND
================================================================================
1 2 3 4 5 6A 6B 7 8 9 10 11 12 13 14 15 16 17 18
12Z AVG MX 2MIN
DY MAX MIN AVG DEP HDD CDD WTR SNW DPTH SPD SPD DIR MIN PSBL S-S WX SPD DR
================================================================================
1 89 72 81 3 0 16 0.13 M M 2.8 13 200 M M 5 138 17 200
2 94 72 83 5 0 18 0.00 M M 5.3 16 180 M M 4 128 22 190
3 92 73 83 4 0 18 0.05 M M 5.9 24 180 M M 1 3 34 190
4 92 71 82 3 0 17 0.00 M M 3.1 14 210 M M 3 18 200
5 93 72 83 4 0 18 0.00 M M 2.3 10 180 M M 1 18 14 190
6 94 71 83 4 0 18 0.11 M M 2.8 10 330 M M 2 138 14 340
7 93 70 82 3 0 17 0.31 M M 1.5 24 70 M M 2 138 30 60
8 90 72 81 2 0 16 0.02 M M 3.1 16 20 M M 4 138 24 20
9 85 69 77 -2 0 12 0.30 M M 2.7 14 50 M M 5 1238 19 300
10 88 69 79 0 0 14 0.01 M M 3.0 9 320 M M 2 18 14 350
11 89 64 77 -2 0 12 0.00 M M 2.0 10 200 M M 1 13 210
12 91 66 79 0 0 14 0.00 M M 3.6 13 200 M M 0 16 180
13 93 70 82 3 0 17 0.29 M M 5.3 15 180 M M 1 13 19 190
14 91 71 81 2 0 16 T 0.0 0 5.5 13 30 M M 1 3 16 40
15 91 70 81 2 0 16 1.92 M M 2.1 20 170 M M 3 13 26 160
16 91 74 83 4 0 18 0.49 0.0 0 2.6 8 310 M M 7 123 12 30
17 88 68 78 -1 0 13 T M M 2.7 12 170 M M M 13 210
18 88 70 79 0 0 14 0.00 M M 3.6 10 180 M M 0 8 14 190
19 90 73 82 3 0 17 0.10 M M 1.5 14 330 M M 3 38 19 350
20 89 69 79 0 0 14 0.00 M M 4.1 12 160 M M 1 16 150
21 89 70 80 1 0 15 0.04 M M 3.8 14 70 M M 3 138 18 360
22 84 66 75 -4 0 10 0.00 M M 1.3 9 190 M M 2 13 150
23 88 66 77 -2 0 12 0.00 M M 3.5 18 170 M M 3 18 23 170
24 88 70 79 0 0 14 0.00 M M 4.0 12 160 M M 5 3 14 150
25 92 71 82 3 0 17 T M M 2.6 13 190 M M 3 1238 16 180
26 92 67 80 1 0 15 0.00 M M 3.2 13 180 M M 0 17 190
27 98 74 86 7 0 21 0.00 M M 6.7 16 200 M M 2 24 190
28 98 73 86 7 0 21 M M M 5.4 23 280 M M 2 3 35 290
29 96 72 84 5 0 19 T M M 6.9 18 200 M M 1 24 200
30 88 71 80 1 0 15 0.00 M M 3.7 12 40 M M 2 22 70
31 87 66 77 -2 0 12 0.00 M M 3.7 10 80 M M 4 14 30
================================================================================
SM 2811 2172 0 486 3.77 0.0 110.3 M 73
================================================================================
AV 90.7 70.1 3.6 FASTST M M 2 MAX(MPH)
MISC ----> # 24 180 35 290
================================================================================
NOTES:
# LAST OF SEVERAL OCCURRENCES
COLUMN 17 PEAK WIND IN M.P.H.
PRELIMINARY LOCAL CLIMATOLOGICAL DATA (WS FORM: F-6) , PAGE 2
STATION: CHARLOTTESVILLE VA
MONTH: JULY
YEAR: 2023
LATITUDE: 38 7 N
LONGITUDE: 78 27 W
[TEMPERATURE DATA] [PRECIPITATION DATA] SYMBOLS USED IN COLUMN 16
AVERAGE MONTHLY: 80.4 TOTAL FOR MONTH: 3.77 1 = FOG OR MIST
DPTR FM NORMAL: 1.4 DPTR FM NORMAL: 0.40 2 = FOG REDUCING VISIBILITY
HIGHEST: 98 ON 28,27 GRTST 24HR 1.92 ON 15-15 TO 1/4 MILE OR LESS
LOWEST: 64 ON 11 3 = THUNDER
SNOW, ICE PELLETS, HAIL 4 = ICE PELLETS
TOTAL MONTH: 0.0 INCH 5 = HAIL
GRTST 24HR 0.0 6 = FREEZING RAIN OR DRIZZLE
GRTST DEPTH: 0 7 = DUSTSTORM OR SANDSTORM:
VSBY 1/2 MILE OR LESS
8 = SMOKE OR HAZE
[NO. OF DAYS WITH] [WEATHER - DAYS WITH] 9 = BLOWING SNOW
X = TORNADO
MAX 32 OR BELOW: 0 0.01 INCH OR MORE: 12
MAX 90 OR ABOVE: 18 0.10 INCH OR MORE: 8
MIN 32 OR BELOW: 0 0.50 INCH OR MORE: 1
MIN 0 OR BELOW: 0 1.00 INCH OR MORE: 1
[HDD (BASE 65) ]
TOTAL THIS MO. 0 CLEAR (SCALE 0-3) 19
DPTR FM NORMAL 0 PTCLDY (SCALE 4-7) 11
TOTAL FM JUL 1 0 CLOUDY (SCALE 8-10) 1
DPTR FM NORMAL 0
[CDD (BASE 65) ]
TOTAL THIS MO. 486
DPTR FM NORMAL 52 [PRESSURE DATA]
TOTAL FM JAN 1 826 HIGHEST SLP 30.15 ON 26
DPTR FM NORMAL -75 LOWEST SLP 29.72 ON 9
[REMARKS]
#FINAL-07-23#