000
CXUS55 KDVN 011000
CF6CID
PRELIMINARY LOCAL CLIMATOLOGICAL DATA (WS FORM: F-6)
STATION: CEDAR RAPIDS IA
MONTH: JUNE
YEAR: 2020
LATITUDE: 41 52 N
LONGITUDE: 91 42 W
TEMPERATURE IN F: :PCPN: SNOW: WIND :SUNSHINE: SKY :PK WND
================================================================================
1 2 3 4 5 6A 6B 7 8 9 10 11 12 13 14 15 16 17 18
12Z AVG MX 2MIN
DY MAX MIN AVG DEP HDD CDD WTR SNW DPTH SPD SPD DIR MIN PSBL S-S WX SPD DR
================================================================================
1 82 62 72 7 0 7 0.02 M M 14.0 30 190 M M 2 1 39 200
2 91 67 79 13 0 14 0.00 M M 13.1 25 350 M M 0 34 350
3 85 66 76 10 0 11 0.15 M M 5.7 16 110 M M 4 138 22 110
4 87 65 76 10 0 11 0.02 M M 6.0 20 110 M M 2 138 25 110
5 86 64 75 8 0 10 0.06 M M 8.2 20 320 M M 1 1 27 320
6 84 65 75 8 0 10 0.00 M M 10.1 22 70 M M 0 38 27 70
7 88 60 74 7 0 9 0.00 M M 13.4 20 130 M M 0 8 28 130
8 92 67 80 12 0 15 0.00 M M 10.8 21 140 M M 0 8 29 140
9 76 67 72 4 0 7 2.35 M M 11.4 22 270 M M 6 1 31 320
10 70 57 64 -4 1 0 0.18 M M 12.3 30 310 M M 6 123 42 320
11 82 53 68 -1 0 3 0.00 M M 11.6 24 290 M M 1 31 280
12 85 52 69 0 0 4 0.00 M M 3.2 15 70 M M 0 8 19 40
13 74 54 64 -5 1 0 T M M 14.3 22 100 M M 2 29 100
14 76 54 65 -4 0 0 0.00 M M 14.8 22 120 M M 4 30 130
15 79 58 69 -1 0 4 0.00 M M 11.7 21 130 M M 1 27 110
16 81 57 69 -1 0 4 0.00 M M 8.2 17 160 M M 0 25 140
17 83 54 69 -1 0 4 0.00 M M 8.8 20 190 M M 0 8 28 200
18 85 62 74 4 0 9 0.00 M M 8.5 16 200 M M 0 24 130
19 75 67 71 0 0 6 0.89 M M 5.6 16 300 M M 7 13 22 300
20 80 65 73 2 0 8 0.15 M M 7.7 22 280 M M 5 12 29 290
21 85 61 73 2 0 8 0.00 M M 7.9 29 330 M M 1 13 39 320
22 68 54 61 -10 4 0 1.55 M M 9.5 21 350 M M 7 13 27 350
23 75 55 65 -7 0 0 0.00 M M 8.9 21 330 M M M 28 320
24 79 53 66 -6 0 1 0.01 M M 6.8 20 10 M M 4 3 25 10
25 83 57 70 -2 0 5 0.00 M M 6.1 14 200 M M 0 19 270
26 82 66 74 2 0 9 0.23 M M 7.3 21 220 M M 3 13 36 200
27 85 66 76 4 0 11 0.43 M M 3.3 16 190 M M 3 1 26 190
28 84 64 74 2 0 9 0.00 M M 8.0 21 100 M M 3 12 28 100
29 87 73 80 8 0 15 0.00 M M 9.7 16 180 M M 2 24 180
30 82 69 76 3 0 11 0.00 M M 9.2 20 130 M M 2 27 130
================================================================================
SM 2451 1834 6 205 6.04 M 276.1 M 66
================================================================================
AV 81.7 61.1 9.2 FASTST M M 2 MAX(MPH)
MISC ----> # 30 190 42 320
================================================================================
NOTES:
# LAST OF SEVERAL OCCURRENCES
COLUMN 17 PEAK WIND IN M.P.H.
PRELIMINARY LOCAL CLIMATOLOGICAL DATA (WS FORM: F-6) , PAGE 2
STATION: CEDAR RAPIDS IA
MONTH: JUNE
YEAR: 2020
LATITUDE: 41 52 N
LONGITUDE: 91 42 W
[TEMPERATURE DATA] [PRECIPITATION DATA] SYMBOLS USED IN COLUMN 16
AVERAGE MONTHLY: 71.4 TOTAL FOR MONTH: 6.04 1 = FOG OR MIST
DPTR FM NORMAL: 1.8 DPTR FM NORMAL: 1.12 2 = FOG REDUCING VISIBILITY
HIGHEST: 92 ON 8 GRTST 24HR 2.46 ON 9-10 TO 1/4 MILE OR LESS
LOWEST: 52 ON 12 3 = THUNDER
SNOW, ICE PELLETS, HAIL 4 = ICE PELLETS
TOTAL MONTH: M 5 = HAIL
GRTST 24HR M ON M 6 = FREEZING RAIN OR DRIZZLE
GRTST DEPTH: M ON M 7 = DUSTSTORM OR SANDSTORM:
VSBY 1/2 MILE OR LESS
8 = SMOKE OR HAZE
[NO. OF DAYS WITH] [WEATHER - DAYS WITH] 9 = BLOWING SNOW
X = TORNADO
MAX 32 OR BELOW: 0 0.01 INCH OR MORE: 12
MAX 90 OR ABOVE: 2 0.10 INCH OR MORE: 8
MIN 32 OR BELOW: 0 0.50 INCH OR MORE: 3
MIN 0 OR BELOW: 0 1.00 INCH OR MORE: 2
[HDD (BASE 65) ]
TOTAL THIS MO. 6 CLEAR (SCALE 0-3) 21
DPTR FM NORMAL -23 PTCLDY (SCALE 4-7) 8
TOTAL FM JUL 1 6688 CLOUDY (SCALE 8-10) 1
DPTR FM NORMAL -178
[CDD (BASE 65) ]
TOTAL THIS MO. 205
DPTR FM NORMAL 39 [PRESSURE DATA]
TOTAL FM JAN 1 234 HIGHEST SLP 30.31 ON 15
DPTR FM NORMAL 19 LOWEST SLP 29.25 ON 9
[REMARKS]
#FINAL-06-20#