000
CXUS52 KGSP 010817
CF6CLT
PRELIMINARY LOCAL CLIMATOLOGICAL DATA (WS FORM: F-6)
STATION: CHARLOTTE NC
MONTH: JUNE
YEAR: 2023
LATITUDE: 35 12 N
LONGITUDE: 80 57 W
TEMPERATURE IN F: :PCPN: SNOW: WIND :SUNSHINE: SKY :PK WND
================================================================================
1 2 3 4 5 6A 6B 7 8 9 10 11 12 13 14 15 16 17 18
12Z AVG MX 2MIN
DY MAX MIN AVG DEP HDD CDD WTR SNW DPTH SPD SPD DIR MIN PSBL S-S WX SPD DR
================================================================================
1 84 61 73 0 0 8 0.00 0.0 0 7.3 16 40 M M 7 1 22 30
2 86 64 75 2 0 10 0.00 0.0 0 7.6 17 20 M M 4 24 10
3 91 60 76 2 0 11 0.79 0.0 0 8.3 25 60 M M 3 138 36 60
4 70 63 67 -7 0 2 T 0.0 0 7.5 16 50 M M 8 1 22 50
5 76 62 69 -5 0 4 0.00 0.0 0 3.2 9 70 M M 8 10 220
6 85 65 75 1 0 10 0.00 0.0 0 4.2 14 310 M M 4 8 17 300
7 82 59 71 -4 0 6 0.04 0.0 0 5.1 17 350 M M 7 18 22 350
8 79 62 71 -4 0 6 0.00 0.0 0 6.4 16 350 M M 6 23 360
9 80 54 67 -8 0 2 0.00 0.0 0 3.9 12 340 M M 2 8 16 340
10 85 56 71 -4 0 6 0.00 0.0 0 3.8 14 260 M M 3 18 18 270
11 85 61 73 -3 0 8 0.30 0.0 0 6.4 28 200 M M 6 138 34 200
12 83 64 74 -2 0 9 0.66 0.0 0 8.0 26 280 M M 8 138 41 260
13 81 61 71 -5 0 6 0.00 0.0 0 5.1 15 230 M M 5 19 210
14 82 58 70 -6 0 5 T 0.0 0 8.4 21 230 M M 5 30 220
15 86 67 77 0 0 12 0.00 0.0 0 6.5 14 200 M M 7 19 200
16 90 67 79 2 0 14 0.00 0.0 0 6.5 16 290 M M 4 8 24 290
17 85 61 73 -4 0 8 0.00 0.0 0 4.2 15 20 M M 1 8 19 20
18 89 65 77 0 0 12 0.00 0.0 0 5.9 14 50 M M 4 8 19 40
19 80 70 75 -3 0 10 1.09 0.0 0 6.5 20 230 M M 8 138 26 240
20 78 71 75 -3 0 10 0.12 0.0 0 10.4 18 80 M M 9 18 24 80
21 71 64 68 -10 0 3 0.51 0.0 0 11.8 24 50 M M 10 1 33 50
22 73 64 69 -9 0 4 0.12 0.0 0 7.3 14 60 M M 10 13 16 50
23 84 67 76 -2 0 11 T 0.0 0 4.6 12 200 M M 8 1238 16 200
24 86 68 77 -1 0 12 T 0.0 0 4.4 15 250 M M 6 12 18 250
25 90 67 79 0 0 14 T 0.0 0 5.0 14 260 M M 5 19 250
26 90 68 79 0 0 14 0.00 0.0 0 8.9 16 220 M M 5 3 23 220
27 90 69 80 1 0 15 0.00 0.0 0 4.9 15 290 M M 3 8 20 260
28 89 66 78 -1 0 13 0.00 0.0 0 4.4 9 320 M M 2 8 12 320
29 89 70 80 1 0 15 0.00 0.0 0 4.2 9 130 M M 5 8 12 130
30 91 73 82 3 0 17 T 0.0 0 4.6 13 240 M M 5 8 16 230
================================================================================
SM 2510 1927 0 277 3.63 0.0 185.3 M 168
================================================================================
AV 83.7 64.2 6.2 FASTST M M 6 MAX(MPH)
MISC ----> 28 200 41 260
================================================================================
NOTES:
# LAST OF SEVERAL OCCURRENCES
COLUMN 17 PEAK WIND IN M.P.H.
PRELIMINARY LOCAL CLIMATOLOGICAL DATA (WS FORM: F-6) , PAGE 2
STATION: CHARLOTTE NC
MONTH: JUNE
YEAR: 2023
LATITUDE: 35 12 N
LONGITUDE: 80 57 W
[TEMPERATURE DATA] [PRECIPITATION DATA] SYMBOLS USED IN COLUMN 16
AVERAGE MONTHLY: 74.0 TOTAL FOR MONTH: 3.63 1 = FOG OR MIST
DPTR FM NORMAL: -2.7 DPTR FM NORMAL: -0.36 2 = FOG REDUCING VISIBILITY
HIGHEST: 91 ON 30, 3 GRTST 24HR 1.14 ON 19-20 TO 1/4 MILE OR LESS
LOWEST: 54 ON 9 3 = THUNDER
SNOW, ICE PELLETS, HAIL 4 = ICE PELLETS
TOTAL MONTH: 0.0 INCH 5 = HAIL
GRTST 24HR 0.0 6 = FREEZING RAIN OR DRIZZLE
GRTST DEPTH: 0 7 = DUSTSTORM OR SANDSTORM:
VSBY 1/2 MILE OR LESS
8 = SMOKE OR HAZE
[NO. OF DAYS WITH] [WEATHER - DAYS WITH] 9 = BLOWING SNOW
X = TORNADO
MAX 32 OR BELOW: 0 0.01 INCH OR MORE: 8
MAX 90 OR ABOVE: 6 0.10 INCH OR MORE: 7
MIN 32 OR BELOW: 0 0.50 INCH OR MORE: 4
MIN 0 OR BELOW: 0 1.00 INCH OR MORE: 1
[HDD (BASE 65) ]
TOTAL THIS MO. 0 CLEAR (SCALE 0-3) 3
DPTR FM NORMAL -2 PTCLDY (SCALE 4-7) 23
TOTAL FM JUL 1 2508 CLOUDY (SCALE 8-10) 4
DPTR FM NORMAL -549
[CDD (BASE 65) ]
TOTAL THIS MO. 277
DPTR FM NORMAL -71 [PRESSURE DATA]
TOTAL FM JAN 1 498 HIGHEST SLP 30.13 ON 1
DPTR FM NORMAL -74 LOWEST SLP 29.71 ON 14
[REMARKS]
#FINAL-06-23#