000
CXUS52 KGSP 010817
CF6CLT
PRELIMINARY LOCAL CLIMATOLOGICAL DATA (WS FORM: F-6)
STATION: CHARLOTTE NC
MONTH: MAY
YEAR: 2023
LATITUDE: 35 12 N
LONGITUDE: 80 57 W
TEMPERATURE IN F: :PCPN: SNOW: WIND :SUNSHINE: SKY :PK WND
================================================================================
1 2 3 4 5 6A 6B 7 8 9 10 11 12 13 14 15 16 17 18
12Z AVG MX 2MIN
DY MAX MIN AVG DEP HDD CDD WTR SNW DPTH SPD SPD DIR MIN PSBL S-S WX SPD DR
================================================================================
1 68 47 58 -7 7 0 0.00 0.0 0 11.6 25 220 M M 3 33 260
2 70 50 60 -6 5 0 0.00 0.0 0 10.3 24 350 M M 2 32 260
3 70 48 59 -7 6 0 0.00 0.0 0 9.7 24 310 M M 3 35 270
4 73 44 59 -7 6 0 0.00 0.0 0 5.7 13 270 M M 3 18 10
5 75 53 64 -2 1 0 0.00 0.0 0 5.5 12 220 M M 5 14 230
6 79 53 66 -1 0 1 0.00 0.0 0 4.6 14 240 M M 4 18 18 270
7 80 59 70 3 0 5 0.00 0.0 0 9.5 17 220 M M 5 25 230
8 83 59 71 4 0 6 0.02 0.0 0 6.7 17 220 M M 7 25 230
9 89 62 76 9 0 11 0.00 0.0 0 7.2 26 60 M M 5 34 60
10 79 61 70 2 0 5 0.00 0.0 0 7.1 16 60 M M 4 28 60
11 82 56 69 1 0 4 0.00 0.0 0 4.2 12 180 M M 5 8 15 160
12 83 64 74 6 0 9 0.00 0.0 0 6.7 13 180 M M 6 17 210
13 84 69 77 9 0 12 0.14 0.0 0 7.1 16 360 M M 8 1 20 360
14 79 67 73 5 0 8 0.00 0.0 0 5.9 14 70 M M 7 1 17 70
15 81 66 74 5 0 9 0.00 0.0 0 4.8 12 190 M M 8 15 200
16 84 65 75 6 0 10 0.36 0.0 0 10.0 32 310 M M 7 13 47 330
17 82 65 74 5 0 9 T 0.0 0 6.1 14 50 M M 7 23 20
18 72 61 67 -3 0 2 0.06 0.0 0 8.9 17 60 M M 9 1 26 70
19 70 59 65 -5 0 0 0.01 0.0 0 8.0 15 60 M M 10 18 20 70
20 75 63 69 -1 0 4 T 0.0 0 3.6 9 200 M M 8 1 12 200
21 81 64 73 3 0 8 0.00 0.0 0 5.9 16 50 M M 6 21 50
22 81 57 69 -1 0 4 0.00 0.0 0 7.9 16 80 M M 6 18 22 100
23 77 61 69 -2 0 4 0.00 0.0 0 10.6 18 60 M M 6 23 50
24 79 56 68 -3 0 3 0.00 0.0 0 8.5 17 60 M M 5 22 50
25 79 55 67 -4 0 2 0.00 0.0 0 9.6 21 70 M M 7 26 70
26 72 57 65 -7 0 0 0.00 0.0 0 13.3 21 50 M M 9 27 50
27 64 56 60 -12 5 0 0.73 0.0 0 13.1 22 20 M M 10 1 30 20
28 60 53 57 -15 8 0 1.44 0.0 0 9.5 17 10 M M 10 1 21 20
29 73 60 67 -5 0 2 0.02 0.0 0 6.0 12 20 M M 8 18 15 290
30 78 63 71 -2 0 6 T 0.0 0 8.3 18 50 M M 8 1 23 40
31 77 63 70 -3 0 5 0.00 0.0 0 7.0 13 60 M M 8 17 60
================================================================================
SM 2379 1816 38 129 2.78 0.0 242.9 M 199
================================================================================
AV 76.7 58.6 7.8 FASTST M M 6 MAX(MPH)
MISC ----> 32 310 47 330
================================================================================
NOTES:
# LAST OF SEVERAL OCCURRENCES
COLUMN 17 PEAK WIND IN M.P.H.
PRELIMINARY LOCAL CLIMATOLOGICAL DATA (WS FORM: F-6) , PAGE 2
STATION: CHARLOTTE NC
MONTH: MAY
YEAR: 2023
LATITUDE: 35 12 N
LONGITUDE: 80 57 W
[TEMPERATURE DATA] [PRECIPITATION DATA] SYMBOLS USED IN COLUMN 16
AVERAGE MONTHLY: 67.7 TOTAL FOR MONTH: 2.78 1 = FOG OR MIST
DPTR FM NORMAL: -1.3 DPTR FM NORMAL: -0.58 2 = FOG REDUCING VISIBILITY
HIGHEST: 89 ON 9 GRTST 24HR 2.03 ON 27-28 TO 1/4 MILE OR LESS
LOWEST: 44 ON 4 3 = THUNDER
SNOW, ICE PELLETS, HAIL 4 = ICE PELLETS
TOTAL MONTH: 0.0 INCH 5 = HAIL
GRTST 24HR 0.0 6 = FREEZING RAIN OR DRIZZLE
GRTST DEPTH: 0 7 = DUSTSTORM OR SANDSTORM:
VSBY 1/2 MILE OR LESS
8 = SMOKE OR HAZE
[NO. OF DAYS WITH] [WEATHER - DAYS WITH] 9 = BLOWING SNOW
X = TORNADO
MAX 32 OR BELOW: 0 0.01 INCH OR MORE: 8
MAX 90 OR ABOVE: 0 0.10 INCH OR MORE: 4
MIN 32 OR BELOW: 0 0.50 INCH OR MORE: 2
MIN 0 OR BELOW: 0 1.00 INCH OR MORE: 1
[HDD (BASE 65) ]
TOTAL THIS MO. 38 CLEAR (SCALE 0-3) 4
DPTR FM NORMAL -1 PTCLDY (SCALE 4-7) 20
TOTAL FM JUL 1 2508 CLOUDY (SCALE 8-10) 7
DPTR FM NORMAL -549
[CDD (BASE 65) ]
TOTAL THIS MO. 129
DPTR FM NORMAL -36 [PRESSURE DATA]
TOTAL FM JAN 1 221 HIGHEST SLP 30.31 ON 15
DPTR FM NORMAL -3 LOWEST SLP 29.58 ON 1
[REMARKS]
#FINAL-05-23#