000
CXUS52 KGSP 010917
CF6CLT
PRELIMINARY LOCAL CLIMATOLOGICAL DATA (WS FORM: F-6)
STATION: CHARLOTTE NC
MONTH: DECEMBER
YEAR: 2022
LATITUDE: 35 12 N
LONGITUDE: 80 57 W
TEMPERATURE IN F: :PCPN: SNOW: WIND :SUNSHINE: SKY :PK WND
================================================================================
1 2 3 4 5 6A 6B 7 8 9 10 11 12 13 14 15 16 17 18
12Z AVG MX 2MIN
DY MAX MIN AVG DEP HDD CDD WTR SNW DPTH SPD SPD DIR MIN PSBL S-S WX SPD DR
================================================================================
1 55 30 43 -4 22 0 0.00 0.0 0 6.0 13 30 M M 3 8 19 30
2 58 27 43 -4 22 0 0.00 0.0 0 3.2 10 160 M M 6 18 15 150
3 59 49 54 7 11 0 0.07 0.0 0 4.7 15 210 M M 9 12 20 210
4 53 37 45 -2 20 0 0.00 0.0 0 5.3 15 60 M M 8 12 23 60
5 50 35 43 -4 22 0 0.02 0.0 0 4.6 10 90 M M 8 18 17 80
6 50 43 47 1 18 0 0.17 0.0 0 3.6 9 30 M M 10 1 16 40
7 63 50 57 11 8 0 0.06 0.0 0 4.3 12 200 M M 10 12 15 200
8 70 57 64 18 1 0 0.22 0.0 0 4.7 13 50 M M 9 12 22 90
9 58 49 54 8 11 0 0.23 0.0 0 7.4 15 70 M M 10 1 22 80
10 52 47 50 4 15 0 T 0.0 0 5.4 10 130 M M 10 1 19 60
11 54 41 48 2 17 0 0.00 0.0 0 3.4 9 130 M M 9 14 80
12 58 40 49 4 16 0 0.00 0.0 0 6.4 15 120 M M 5 1 19 90
13 49 37 43 -2 22 0 0.00 0.0 0 5.3 13 100 M M 7 17 90
14 45 32 39 -6 26 0 0.49 0.0 0 4.7 12 70 M M 10 1 20 10
15 43 40 42 -3 23 0 1.09 0.0 0 7.3 17 350 M M 10 1 21 10
16 53 39 46 1 19 0 0.00 0.0 0 6.9 16 240 M M 6 1 20 220
17 52 35 44 0 21 0 0.00 0.0 0 8.3 21 250 M M 5 32 250
18 50 25 38 -6 27 0 0.00 0.0 0 4.1 15 310 M M 0 18 310
19 49 24 37 -7 28 0 0.00 0.0 0 1.8 7 350 M M 5 10 290
20 43 30 37 -7 28 0 0.00 0.0 0 3.8 10 90 M M 10 19 100
21 47 36 42 -2 23 0 0.13 0.0 0 8.7 12 10 M M 9 1 24 30
22 45 37 41 -3 24 0 1.71 0.0 0 10.0 29 40 M M 10 1 36 30
23 49 14 32 -12 33 0 0.01 0.0 0 18.9 33 240 M M 4 1 49 250
24 29 9 19 -24 46 0 0.00 0.0 0 8.9 16 220 M M 1 24 240
25 39 13 26 -17 39 0 0.00 0.0 0 3.2 10 210 M M 1 16 240
26 40 14 27 -16 38 0 0.00 0.0 0 3.4 10 110 M M 5 18 70
27 49 28 39 -4 26 0 0.00 0.0 0 2.0 8 170 M M 4 10 130
28 55 23 39 -4 26 0 0.00 0.0 0 4.1 13 210 M M 1 16 210
29 64 27 46 3 19 0 0.00 0.0 0 3.7 12 200 M M 1 15 200
30 59 34 47 4 18 0 T 0.0 0 3.7 9 20 M M 7 1 14 90
31 59 52 56 14 9 0 0.36 0.0 0 4.7 9 140 M M 10 12 15 260
================================================================================
SM 1599 1054 678 0 4.56 0.0 172.5 M 203
================================================================================
AV 51.6 34.0 5.6 FASTST M M 7 MAX(MPH)
MISC ----> 33 240 49 250
================================================================================
NOTES:
# LAST OF SEVERAL OCCURRENCES
COLUMN 17 PEAK WIND IN M.P.H.
PRELIMINARY LOCAL CLIMATOLOGICAL DATA (WS FORM: F-6) , PAGE 2
STATION: CHARLOTTE NC
MONTH: DECEMBER
YEAR: 2022
LATITUDE: 35 12 N
LONGITUDE: 80 57 W
[TEMPERATURE DATA] [PRECIPITATION DATA] SYMBOLS USED IN COLUMN 16
AVERAGE MONTHLY: 42.8 TOTAL FOR MONTH: 4.56 1 = FOG OR MIST
DPTR FM NORMAL: -1.9 DPTR FM NORMAL: 0.99 2 = FOG REDUCING VISIBILITY
HIGHEST: 70 ON 8 GRTST 24HR 1.71 ON 22-22 TO 1/4 MILE OR LESS
LOWEST: 9 ON 24 3 = THUNDER
SNOW, ICE PELLETS, HAIL 4 = ICE PELLETS
TOTAL MONTH: 0.0 INCH 5 = HAIL
GRTST 24HR 0.0 6 = FREEZING RAIN OR DRIZZLE
GRTST DEPTH: 0 7 = DUSTSTORM OR SANDSTORM:
VSBY 1/2 MILE OR LESS
8 = SMOKE OR HAZE
[NO. OF DAYS WITH] [WEATHER - DAYS WITH] 9 = BLOWING SNOW
X = TORNADO
MAX 32 OR BELOW: 1 0.01 INCH OR MORE: 12
MAX 90 OR ABOVE: 0 0.10 INCH OR MORE: 8
MIN 32 OR BELOW: 13 0.50 INCH OR MORE: 2
MIN 0 OR BELOW: 0 1.00 INCH OR MORE: 2
[HDD (BASE 65) ]
TOTAL THIS MO. 678 CLEAR (SCALE 0-3) 6
DPTR FM NORMAL 47 PTCLDY (SCALE 4-7) 10
TOTAL FM JUL 1 1208 CLOUDY (SCALE 8-10) 15
DPTR FM NORMAL -2
[CDD (BASE 65) ]
TOTAL THIS MO. 0
DPTR FM NORMAL -1 [PRESSURE DATA]
TOTAL FM JAN 1 2004 HIGHEST SLP M ON M
DPTR FM NORMAL 236 LOWEST SLP M ON M
[REMARKS]
#FINAL-12-22#