000
CXUS52 KGSP 010817
CF6CLT
PRELIMINARY LOCAL CLIMATOLOGICAL DATA (WS FORM: F-6)
STATION: CHARLOTTE NC
MONTH: AUGUST
YEAR: 2022
LATITUDE: 35 12 N
LONGITUDE: 80 57 W
TEMPERATURE IN F: :PCPN: SNOW: WIND :SUNSHINE: SKY :PK WND
================================================================================
1 2 3 4 5 6A 6B 7 8 9 10 11 12 13 14 15 16 17 18
12Z AVG MX 2MIN
DY MAX MIN AVG DEP HDD CDD WTR SNW DPTH SPD SPD DIR MIN PSBL S-S WX SPD DR
================================================================================
1 85 73 79 -1 0 14 T 0.0 0 7.5 15 250 M M 6 23 240
2 92 68 80 0 0 15 0.00 0.0 0 3.8 10 270 M M 3 13 280
3 94 70 82 2 0 17 0.00 0.0 0 4.4 13 160 M M 4 21 80
4 93 72 83 3 0 18 0.62 0.0 0 4.5 21 70 M M 7 13 24 80
5 91 73 82 2 0 17 0.00 0.0 0 4.9 14 160 M M 7 1 20 150
6 91 70 81 1 0 16 0.16 0.0 0 3.7 28 160 M M 7 3 32 160
7 92 68 80 0 0 15 T 0.0 0 2.2 26 160 M M 5 123 32 170
8 93 72 83 3 0 18 0.00 0.0 0 5.4 15 160 M M 5 18 170
9 92 73 83 4 0 18 0.00 0.0 0 5.8 20 220 M M 5 3 26 210
10 91 72 82 3 0 17 T 0.0 0 5.5 15 290 M M 6 3 19 210
11 86 72 79 0 0 14 0.05 0.0 0 4.5 5 260 M M 8 13 21 270
12 88 66 77 -2 0 12 1.19 0.0 0 6.2 51 320 M M 6 123 61 310
13 85 62 74 -5 0 9 0.00 0.0 0 6.1 15 20 M M 4 22 80
14 87 62 75 -4 0 10 0.00 0.0 0 4.5 12 230 M M 6 15 190
15 88 68 78 -1 0 13 0.10 0.0 0 6.2 24 340 M M 7 13 32 340
16 73 67 70 -9 0 5 0.02 0.0 0 7.9 13 50 M M 10 1 21 80
17 83 67 75 -4 0 10 0.00 0.0 0 5.6 12 130 M M 8 17 120
18 87 67 77 -2 0 12 T 0.0 0 5.9 13 140 M M 8 14 20
19 80 66 73 -5 0 8 0.00 0.0 0 6.4 14 130 M M 7 21 70
20 88 71 80 2 0 15 0.00 0.0 0 4.1 10 170 M M 8 13 140
21 85 70 78 0 0 13 0.18 0.0 0 6.1 23 250 M M 8 13 35 240
22 85 72 79 1 0 14 0.00 0.0 0 4.4 10 220 M M 7 13 220
23 88 68 78 0 0 13 0.00 0.0 0 3.6 10 170 M M 6 16 80
24 86 68 77 -1 0 12 0.00 0.0 0 3.7 12 120 M M 7 14 130
25 83 71 77 -1 0 12 0.00 0.0 0 5.4 15 130 M M 9 17 130
26 90 69 80 2 0 15 T 0.0 0 2.5 16 340 M M 7 13 20 20
27 94 68 81 4 0 16 T 0.0 0 4.2 17 190 M M 5 3 22 90
28 92 69 81 4 0 16 0.03 0.0 0 4.5 24 80 M M 5 3 32 80
29 91 69 80 3 0 15 0.00 0.0 0 5.8 20 150 M M 4 24 160
30 91 69 80 3 0 15 0.26 0.0 0 4.4 22 340 M M 5 13 28 330
31 90 67 79 2 0 14 0.00 0.0 0 4.0 13 10 M M 3 1 18 30
================================================================================
SM 2734 2139 0 428 2.61 0.0 153.7 M 193
================================================================================
AV 88.2 69.0 5.0 FASTST M M 6 MAX(MPH)
MISC ----> 51 320 61 310
================================================================================
NOTES:
# LAST OF SEVERAL OCCURRENCES
COLUMN 17 PEAK WIND IN M.P.H.
PRELIMINARY LOCAL CLIMATOLOGICAL DATA (WS FORM: F-6) , PAGE 2
STATION: CHARLOTTE NC
MONTH: AUGUST
YEAR: 2022
LATITUDE: 35 12 N
LONGITUDE: 80 57 W
[TEMPERATURE DATA] [PRECIPITATION DATA] SYMBOLS USED IN COLUMN 16
AVERAGE MONTHLY: 78.6 TOTAL FOR MONTH: 2.61 1 = FOG OR MIST
DPTR FM NORMAL: 0.0 DPTR FM NORMAL: -1.74 2 = FOG REDUCING VISIBILITY
HIGHEST: 94 ON 27, 3 GRTST 24HR 1.19 ON 12-12 TO 1/4 MILE OR LESS
LOWEST: 62 ON 14,13 3 = THUNDER
SNOW, ICE PELLETS, HAIL 4 = ICE PELLETS
TOTAL MONTH: 0.0 INCH 5 = HAIL
GRTST 24HR 0.0 6 = FREEZING RAIN OR DRIZZLE
GRTST DEPTH: 0 7 = DUSTSTORM OR SANDSTORM:
VSBY 1/2 MILE OR LESS
8 = SMOKE OR HAZE
[NO. OF DAYS WITH] [WEATHER - DAYS WITH] 9 = BLOWING SNOW
X = TORNADO
MAX 32 OR BELOW: 0 0.01 INCH OR MORE: 9
MAX 90 OR ABOVE: 15 0.10 INCH OR MORE: 6
MIN 32 OR BELOW: 0 0.50 INCH OR MORE: 2
MIN 0 OR BELOW: 0 1.00 INCH OR MORE: 1
[HDD (BASE 65) ]
TOTAL THIS MO. 0 CLEAR (SCALE 0-3) 2
DPTR FM NORMAL 0 PTCLDY (SCALE 4-7) 27
TOTAL FM JUL 1 0 CLOUDY (SCALE 8-10) 2
DPTR FM NORMAL 0
[CDD (BASE 65) ]
TOTAL THIS MO. 428
DPTR FM NORMAL 5 [PRESSURE DATA]
TOTAL FM JAN 1 1714 HIGHEST SLP M ON M
DPTR FM NORMAL 251 LOWEST SLP M ON M
[REMARKS]
#FINAL-08-22#