000
CXUS52 KGSP 011612
CF6CLT
PRELIMINARY LOCAL CLIMATOLOGICAL DATA (WS FORM: F-6)
STATION: CHARLOTTE NC
MONTH: FEBRUARY
YEAR: 2022
LATITUDE: 35 12 N
LONGITUDE: 80 57 W
TEMPERATURE IN F: :PCPN: SNOW: WIND :SUNSHINE: SKY :PK WND
================================================================================
1 2 3 4 5 6A 6B 7 8 9 10 11 12 13 14 15 16 17 18
12Z AVG MX 2MIN
DY MAX MIN AVG DEP HDD CDD WTR SNW DPTH SPD SPD DIR MIN PSBL S-S WX SPD DR
================================================================================
1 54 29 42 -1 23 0 0.00 0.0 0 6.5 13 50 M M 2 20 100
2 56 27 42 -1 23 0 0.00 0.0 0 4.7 9 100 M M 6 8 17 110
3 64 43 54 11 11 0 0.24 0.0 0 6.7 21 170 M M 10 1 26 170
4 66 47 57 13 8 0 0.43 0.0 0 12.9 24 210 M M 10 1 32 220
5 47 31 39 -5 26 0 0.00 0.0 0 9.0 17 360 M M 2 21 350
6 46 26 36 -8 29 0 0.00 0.0 0 7.3 13 50 M M 2 21 110
7 42 32 37 -7 28 0 0.46 0.0 0 7.0 16 10 M M 10 1 22 10
8 56 33 45 1 20 0 0.00 0.0 0 4.1 14 350 M M 6 128 17 330
9 59 26 43 -1 22 0 0.00 0.0 0 5.1 16 210 M M 1 1 20 250
10 67 35 51 6 14 0 0.00 0.0 0 6.8 21 210 M M 1 29 210
11 69 36 53 8 12 0 0.00 0.0 0 9.1 22 220 M M 1 29 220
12 72 41 57 12 8 0 0.00 0.0 0 7.6 20 210 M M 1 25 200
13 52 27 40 -5 25 0 T 0.0 0 7.0 17 360 M M 7 21 10
14 55 24 40 -6 25 0 0.00 0.0 0 5.3 17 240 M M 1 22 240
15 55 32 44 -2 21 0 0.00 0.0 0 6.7 13 120 M M 2 19 130
16 68 33 51 5 14 0 0.00 0.0 0 9.1 23 160 M M 5 28 150
17 74 50 62 16 3 0 T 0.0 0 13.9 30 190 M M 9 12 40 190
18 70 38 54 8 11 0 0.53 0.0 0 11.5 40 200 M M 7 1 52 180
19 61 26 44 -3 21 0 0.00 0.0 0 7.6 20 320 M M 0 28 340
20 55 25 40 -7 25 0 0.00 0.0 0 4.6 13 20 M M 1 21 120
21 63 33 48 1 17 0 0.00 0.0 0 1.7 10 160 M M 8 8 12 160
22 74 52 63 16 2 0 T 0.0 0 9.4 23 190 M M 8 30 180
23 65 52 59 11 6 0 0.53 0.0 0 5.6 17 170 M M 8 12 20 170
24 59 48 54 6 11 0 0.00 0.0 0 6.1 16 20 M M 10 1 24 70
25 75 45 60 12 5 0 0.00 0.0 0 5.0 20 360 M M 8 128 23 10
26 54 44 49 1 16 0 0.01 0.0 0 8.2 17 40 M M 8 28 60
27 47 36 42 -6 23 0 0.45 0.0 0 3.5 8 260 M M 9 1 16 80
28 62 29 46 -3 19 0 0.00 0.0 0 4.7 14 40 M M 2 1 23 100
================================================================================
SM 1687 1000 468 0 2.65 0.0 196.7 M 145
================================================================================
AV 60.3 35.7 7.0 FASTST M M 5 MAX(MPH)
MISC ----> 40 200 52 180
================================================================================
NOTES:
# LAST OF SEVERAL OCCURRENCES
COLUMN 17 PEAK WIND IN M.P.H.
PRELIMINARY LOCAL CLIMATOLOGICAL DATA (WS FORM: F-6) , PAGE 2
STATION: CHARLOTTE NC
MONTH: FEBRUARY
YEAR: 2022
LATITUDE: 35 12 N
LONGITUDE: 80 57 W
[TEMPERATURE DATA] [PRECIPITATION DATA] SYMBOLS USED IN COLUMN 16
AVERAGE MONTHLY: 48.0 TOTAL FOR MONTH: 2.65 1 = FOG OR MIST
DPTR FM NORMAL: 2.3 DPTR FM NORMAL: -0.48 2 = FOG REDUCING VISIBILITY
HIGHEST: 75 ON 25 GRTST 24HR 0.53 ON 17-18 TO 1/4 MILE OR LESS
LOWEST: 24 ON 14 3 = THUNDER
SNOW, ICE PELLETS, HAIL 4 = ICE PELLETS
TOTAL MONTH: 0.0 INCH 5 = HAIL
GRTST 24HR 0.0 6 = FREEZING RAIN OR DRIZZLE
GRTST DEPTH: 0 7 = DUSTSTORM OR SANDSTORM:
VSBY 1/2 MILE OR LESS
8 = SMOKE OR HAZE
[NO. OF DAYS WITH] [WEATHER - DAYS WITH] 9 = BLOWING SNOW
X = TORNADO
MAX 32 OR BELOW: 0 0.01 INCH OR MORE: 7
MAX 90 OR ABOVE: 0 0.10 INCH OR MORE: 6
MIN 32 OR BELOW: 12 0.50 INCH OR MORE: 2
MIN 0 OR BELOW: 0 1.00 INCH OR MORE: 0
[HDD (BASE 65) ]
TOTAL THIS MO. 468 CLEAR (SCALE 0-3) 12
DPTR FM NORMAL -72 PTCLDY (SCALE 4-7) 9
TOTAL FM JUL 1 2094 CLOUDY (SCALE 8-10) 7
DPTR FM NORMAL -370
[CDD (BASE 65) ]
TOTAL THIS MO. 0
DPTR FM NORMAL -2 [PRESSURE DATA]
TOTAL FM JAN 1 7 HIGHEST SLP 30.63 ON 15
DPTR FM NORMAL 7 LOWEST SLP 29.71 ON 18
[REMARKS]
#FINAL-02-22#