000
CXUS52 KGSP 010817
CF6CLT
PRELIMINARY LOCAL CLIMATOLOGICAL DATA (WS FORM: F-6)
STATION: CHARLOTTE NC
MONTH: SEPTEMBER
YEAR: 2021
LATITUDE: 35 12 N
LONGITUDE: 80 57 W
TEMPERATURE IN F: :PCPN: SNOW: WIND :SUNSHINE: SKY :PK WND
================================================================================
1 2 3 4 5 6A 6B 7 8 9 10 11 12 13 14 15 16 17 18
12Z AVG MX 2MIN
DY MAX MIN AVG DEP HDD CDD WTR SNW DPTH SPD SPD DIR MIN PSBL S-S WX SPD DR
================================================================================
1 86 70 78 2 0 13 1.77 0.0 0 10.0 20 190 M M 9 123 25 210
2 83 63 73 -3 0 8 0.00 0.0 0 8.0 16 360 M M 2 23 50
3 83 57 70 -6 0 5 0.00 0.0 0 5.8 13 340 M M 3 20 50
4 84 57 71 -5 0 6 0.00 0.0 0 3.1 10 140 M M 3 15 100
5 87 59 73 -3 0 8 0.00 0.0 0 5.0 13 230 M M 4 18 200
6 86 68 77 2 0 12 0.01 0.0 0 4.1 12 20 M M 6 17 70
7 88 63 76 1 0 11 0.00 0.0 0 4.2 12 150 M M 4 20 70
8 89 70 80 5 0 15 0.08 0.0 0 7.8 22 160 M M 8 13 24 160
9 82 64 73 -2 0 8 0.00 0.0 0 8.0 21 350 M M 7 26 360
10 82 56 69 -5 0 4 0.00 0.0 0 4.9 14 40 M M 3 22 50
11 84 59 72 -2 0 7 0.00 0.0 0 3.3 12 220 M M 3 15 210
12 88 60 74 0 0 9 0.00 0.0 0 4.1 10 210 M M 1 14 240
13 89 63 76 2 0 11 0.00 0.0 0 2.6 8 250 M M 1 11 190
14 89 66 78 5 0 13 0.00 0.0 0 4.0 13 160 M M 2 14 160
15 87 65 76 3 0 11 0.02 0.0 0 3.8 15 170 M M 7 18 160
16 81 70 76 3 0 11 0.12 0.0 0 4.7 12 20 M M 9 1 18 40
17 85 69 77 5 0 12 0.00 0.0 0 4.5 9 40 M M 8 1 19 80
18 90 67 79 7 0 14 T 0.0 0 4.0 10 200 M M 6 1 19 140
19 87 68 78 6 0 13 0.00 0.0 0 5.8 14 130 M M 7 1 25 110
20 83 68 76 4 0 11 0.03 0.0 0 8.8 18 160 M M 8 1 22 110
21 74 68 71 0 0 6 0.18 0.0 0 7.5 15 70 M M 10 1 23 70
22 83 59 71 0 0 6 0.56 0.0 0 6.8 16 190 M M 8 138 21 190
23 77 53 65 -5 0 0 0.00 0.0 0 6.6 15 340 M M 1 18 330
24 76 50 63 -7 2 0 0.00 0.0 0 5.7 16 40 M M 0 22 10
25 79 48 64 -6 1 0 0.00 0.0 0 3.3 14 310 M M 3 1 17 310
26 80 50 65 -5 0 0 0.00 0.0 0 3.8 10 30 M M 1 1 13 110
27 83 52 68 -1 0 3 0.00 0.0 0 3.2 9 220 M M 1 1 13 220
28 86 57 72 3 0 7 0.00 0.0 0 2.7 12 230 M M 1 1 19 310
29 88 58 73 5 0 8 0.00 0.0 0 3.5 12 340 M M 1 1 17 50
30 82 63 73 5 0 8 0.00 0.0 0 5.0 10 40 M M 7 18 21 70
================================================================================
SM 2521 1840 3 240 2.77 0.0 154.6 M 134
================================================================================
AV 84.0 61.3 5.2 FASTST M M 4 MAX(MPH)
MISC ----> 22 160 26 360
================================================================================
NOTES:
# LAST OF SEVERAL OCCURRENCES
COLUMN 17 PEAK WIND IN M.P.H.
PRELIMINARY LOCAL CLIMATOLOGICAL DATA (WS FORM: F-6) , PAGE 2
STATION: CHARLOTTE NC
MONTH: SEPTEMBER
YEAR: 2021
LATITUDE: 35 12 N
LONGITUDE: 80 57 W
[TEMPERATURE DATA] [PRECIPITATION DATA] SYMBOLS USED IN COLUMN 16
AVERAGE MONTHLY: 72.7 TOTAL FOR MONTH: 2.77 1 = FOG OR MIST
DPTR FM NORMAL: 0.0 DPTR FM NORMAL: -0.94 2 = FOG REDUCING VISIBILITY
HIGHEST: 90 ON 18 GRTST 24HR 1.82 ON 31- 1 TO 1/4 MILE OR LESS
LOWEST: 48 ON 25 3 = THUNDER
SNOW, ICE PELLETS, HAIL 4 = ICE PELLETS
TOTAL MONTH: 0.0 INCH 5 = HAIL
GRTST 24HR 0.0 6 = FREEZING RAIN OR DRIZZLE
GRTST DEPTH: 0 7 = DUSTSTORM OR SANDSTORM:
VSBY 1/2 MILE OR LESS
8 = SMOKE OR HAZE
[NO. OF DAYS WITH] [WEATHER - DAYS WITH] 9 = BLOWING SNOW
X = TORNADO
MAX 32 OR BELOW: 0 0.01 INCH OR MORE: 8
MAX 90 OR ABOVE: 1 0.10 INCH OR MORE: 4
MIN 32 OR BELOW: 0 0.50 INCH OR MORE: 2
MIN 0 OR BELOW: 0 1.00 INCH OR MORE: 1
[HDD (BASE 65) ]
TOTAL THIS MO. 3 CLEAR (SCALE 0-3) 14
DPTR FM NORMAL -10 PTCLDY (SCALE 4-7) 13
TOTAL FM JUL 1 3 CLOUDY (SCALE 8-10) 3
DPTR FM NORMAL -8
[CDD (BASE 65) ]
TOTAL THIS MO. 240
DPTR FM NORMAL -4 [PRESSURE DATA]
TOTAL FM JAN 1 1795 HIGHEST SLP 30.30 ON 12
DPTR FM NORMAL 88 LOWEST SLP 29.61 ON 1
[REMARKS]
#FINAL-09-21#