000
CXUS52 KGSP 010817
CF6CLT
PRELIMINARY LOCAL CLIMATOLOGICAL DATA (WS FORM: F-6)
STATION: CHARLOTTE NC
MONTH: JUNE
YEAR: 2021
LATITUDE: 35 12 N
LONGITUDE: 80 57 W
TEMPERATURE IN F: :PCPN: SNOW: WIND :SUNSHINE: SKY :PK WND
================================================================================
1 2 3 4 5 6A 6B 7 8 9 10 11 12 13 14 15 16 17 18
12Z AVG MX 2MIN
DY MAX MIN AVG DEP HDD CDD WTR SNW DPTH SPD SPD DIR MIN PSBL S-S WX SPD DR
================================================================================
1 83 52 68 -5 0 3 0.00 0.0 0 2.5 12 240 M M 6 14 240
2 81 66 74 1 0 9 T 0.0 0 6.9 14 150 M M 8 17 160
3 86 66 76 2 0 11 0.03 0.0 0 7.2 15 170 M M 8 1 19 170
4 86 68 77 3 0 12 0.28 0.0 0 4.0 14 200 M M 8 1 20 190
5 90 67 79 5 0 14 0.07 0.0 0 4.9 22 170 M M 8 18 26 170
6 90 70 80 6 0 15 0.38 0.0 0 5.2 24 130 M M 7 13 32 130
7 89 71 80 5 0 15 1.70 0.0 0 7.4 17 310 M M 8 123 27 280
8 87 71 79 4 0 14 0.00 0.0 0 6.5 15 210 M M 8 19 200
9 89 70 80 5 0 15 0.00 0.0 0 7.0 14 220 M M 8 19 220
10 88 73 81 6 0 16 T 0.0 0 7.7 16 190 M M 8 21 230
11 90 72 81 5 0 16 T 0.0 0 6.7 16 260 M M 7 23 250
12 87 68 78 2 0 13 0.64 0.0 0 4.9 22 330 M M 6 13 31 340
13 84 69 77 1 0 12 0.00 0.0 0 6.2 12 10 M M 7 1 17 70
14 91 68 80 4 0 15 T 0.0 0 4.6 10 210 M M 5 3 13 250
15 88 66 77 0 0 12 0.00 0.0 0 6.5 16 360 M M 4 1 21 10
16 86 62 74 -3 0 9 0.00 0.0 0 4.6 12 20 M M 4 15 20
17 84 59 72 -5 0 7 0.00 0.0 0 6.2 15 360 M M 2 22 360
18 90 57 74 -3 0 9 0.00 0.0 0 5.2 13 200 M M 3 20 180
19 93 72 83 5 0 18 0.00 0.0 0 8.9 21 230 M M 8 3 27 230
20 82 69 76 -2 0 11 0.58 0.0 0 7.0 17 190 M M 8 138 23 190
21 91 70 81 3 0 16 T 0.0 0 9.1 22 210 M M 6 1 28 220
22 83 70 77 -1 0 12 0.06 0.0 0 10.2 18 220 M M 8 13 27 260
23 82 63 73 -5 0 8 0.00 0.0 0 7.8 13 110 M M 5 22 100
24 81 65 73 -5 0 8 0.00 0.0 0 7.8 15 80 M M 5 22 100
25 83 56 70 -9 0 5 0.00 0.0 0 6.4 13 120 M M 5 22 70
26 88 70 79 0 0 14 0.00 0.0 0 5.4 18 140 M M 7 18 23 130
27 89 73 81 2 0 16 T 0.0 0 6.6 13 150 M M 5 18 16 140
28 90 69 80 1 0 15 T 0.0 0 8.5 18 80 M M 5 27 110
29 89 75 82 3 0 17 T 0.0 0 9.2 16 160 M M 7 20 130
30 92 72 82 3 0 17 0.00 0.0 0 5.3 14 220 M M 4 3 19 240
================================================================================
SM 2612 2019 0 374 3.74 0.0 196.4 M 188
================================================================================
AV 87.1 67.3 6.5 FASTST M M 6 MAX(MPH)
MISC ----> 24 130 32 130
================================================================================
NOTES:
# LAST OF SEVERAL OCCURRENCES
COLUMN 17 PEAK WIND IN M.P.H.
PRELIMINARY LOCAL CLIMATOLOGICAL DATA (WS FORM: F-6) , PAGE 2
STATION: CHARLOTTE NC
MONTH: JUNE
YEAR: 2021
LATITUDE: 35 12 N
LONGITUDE: 80 57 W
[TEMPERATURE DATA] [PRECIPITATION DATA] SYMBOLS USED IN COLUMN 16
AVERAGE MONTHLY: 77.2 TOTAL FOR MONTH: 3.74 1 = FOG OR MIST
DPTR FM NORMAL: 0.6 DPTR FM NORMAL: -0.25 2 = FOG REDUCING VISIBILITY
HIGHEST: 93 ON 19 GRTST 24HR 1.70 ON 7- 7 TO 1/4 MILE OR LESS
LOWEST: 52 ON 1 3 = THUNDER
SNOW, ICE PELLETS, HAIL 4 = ICE PELLETS
TOTAL MONTH: 0.0 INCH 5 = HAIL
GRTST 24HR 0.0 6 = FREEZING RAIN OR DRIZZLE
GRTST DEPTH: 0 7 = DUSTSTORM OR SANDSTORM:
VSBY 1/2 MILE OR LESS
8 = SMOKE OR HAZE
[NO. OF DAYS WITH] [WEATHER - DAYS WITH] 9 = BLOWING SNOW
X = TORNADO
MAX 32 OR BELOW: 0 0.01 INCH OR MORE: 8
MAX 90 OR ABOVE: 9 0.10 INCH OR MORE: 5
MIN 32 OR BELOW: 0 0.50 INCH OR MORE: 3
MIN 0 OR BELOW: 0 1.00 INCH OR MORE: 1
[HDD (BASE 65) ]
TOTAL THIS MO. 0 CLEAR (SCALE 0-3) 2
DPTR FM NORMAL -2 PTCLDY (SCALE 4-7) 25
TOTAL FM JUL 1 2805 CLOUDY (SCALE 8-10) 3
DPTR FM NORMAL -252
[CDD (BASE 65) ]
TOTAL THIS MO. 374
DPTR FM NORMAL 26 [PRESSURE DATA]
TOTAL FM JAN 1 593 HIGHEST SLP 30.32 ON 24
DPTR FM NORMAL 21 LOWEST SLP 29.73 ON 11
[REMARKS]
#FINAL-06-21#