000
CXUS52 KGSP 010917
CF6CLT
PRELIMINARY LOCAL CLIMATOLOGICAL DATA (WS FORM: F-6)
STATION: CHARLOTTE NC
MONTH: FEBRUARY
YEAR: 2021
LATITUDE: 35 12 N
LONGITUDE: 80 57 W
TEMPERATURE IN F: :PCPN: SNOW: WIND :SUNSHINE: SKY :PK WND
================================================================================
1 2 3 4 5 6A 6B 7 8 9 10 11 12 13 14 15 16 17 18
12Z AVG MX 2MIN
DY MAX MIN AVG DEP HDD CDD WTR SNW DPTH SPD SPD DIR MIN PSBL S-S WX SPD DR
================================================================================
1 46 35 41 0 24 0 0.01 T 0 7.1 16 320 M M 9 1 24 330
2 45 32 39 -3 26 0 0.00 0.0 0 9.3 22 320 M M 7 30 320
3 52 27 40 -2 25 0 0.00 0.0 0 8.5 18 320 M M 2 24 300
4 49 20 35 -7 30 0 0.00 0.0 0 5.1 14 180 M M 7 17 180
5 57 40 49 7 16 0 0.09 0.0 0 6.6 16 300 M M 9 1 21 300
6 53 24 39 -3 26 0 0.49 0.2 0 4.5 16 120 M M 6 14 21 80
7 54 33 44 2 21 0 0.19 T 0 7.2 17 350 M M 5 14 22 350
8 55 26 41 -1 24 0 0.00 0.0 0 6.8 13 160 M M 4 21 120
9 67 45 56 13 9 0 T 0.0 0 2.5 10 280 M M 7 16 290
10 59 45 52 9 13 0 0.00 0.0 0 6.7 14 50 M M 8 18 23 80
11 53 41 47 4 18 0 0.45 0.0 0 5.5 18 60 M M 10 1238 24 60
12 41 34 38 -5 27 0 0.07 0.0 0 10.2 17 50 M M 10 1 22 60
13 39 34 37 -6 28 0 0.67 T 0 8.5 15 50 M M 10 14 20 30
14 41 36 39 -5 26 0 0.31 0.0 0 9.0 20 70 M M 10 1 25 60
15 41 37 39 -5 26 0 0.82 0.0 0 6.9 14 50 M M 10 13 20 90
16 53 33 43 -1 22 0 0.03 0.0 0 10.0 24 230 M M 6 1 31 240
17 49 29 39 -5 26 0 0.00 0.0 0 7.9 13 120 M M 4 24 10
18 44 33 39 -5 26 0 0.60 0.0 0 9.6 22 20 M M 10 1 27 30
19 53 36 45 0 20 0 0.45 0.0 0 5.5 12 20 M M 7 1 16 30
20 52 26 39 -6 26 0 0.00 0.0 0 6.7 17 350 M M 1 24 320
21 49 30 40 -5 25 0 0.00 0.0 0 7.9 15 140 M M 3 21 90
22 52 36 44 -1 21 0 0.43 0.0 0 4.5 14 150 M M 7 12 17 330
23 67 29 48 2 17 0 0.00 0.0 0 5.8 17 220 M M 2 12 24 230
24 73 32 53 7 12 0 0.00 0.0 0 6.6 20 220 M M 2 30 230
25 73 40 57 11 8 0 0.00 0.0 0 4.6 14 140 M M 2 19 110
26 57 42 50 4 15 0 0.52 0.0 0 8.7 15 70 M M 9 1 21 70
27 58 40 49 2 16 0 0.03 0.0 0 4.7 12 220 M M 10 12 15 10
28 76 47 62 15 3 0 T 0.0 0 6.3 24 230 M M 8 128 34 230
================================================================================
SM 1508 962 576 0 5.16 0.2 193.2 M 185
================================================================================
AV 53.9 34.4 6.9 FASTST M M 7 MAX(MPH)
MISC ----> # 24 230 34 230
================================================================================
NOTES:
# LAST OF SEVERAL OCCURRENCES
COLUMN 17 PEAK WIND IN M.P.H.
PRELIMINARY LOCAL CLIMATOLOGICAL DATA (WS FORM: F-6) , PAGE 2
STATION: CHARLOTTE NC
MONTH: FEBRUARY
YEAR: 2021
LATITUDE: 35 12 N
LONGITUDE: 80 57 W
[TEMPERATURE DATA] [PRECIPITATION DATA] SYMBOLS USED IN COLUMN 16
AVERAGE MONTHLY: 44.1 TOTAL FOR MONTH: 5.16 1 = FOG OR MIST
DPTR FM NORMAL: 0.2 DPTR FM NORMAL: 1.84 2 = FOG REDUCING VISIBILITY
HIGHEST: 76 ON 28 GRTST 24HR 1.03 ON 18-19 TO 1/4 MILE OR LESS
LOWEST: 20 ON 4 3 = THUNDER
SNOW, ICE PELLETS, HAIL 4 = ICE PELLETS
TOTAL MONTH: 0.2 INCH 5 = HAIL
GRTST 24HR 0.2 ON 6- 6 6 = FREEZING RAIN OR DRIZZLE
GRTST DEPTH: 0 7 = DUSTSTORM OR SANDSTORM:
VSBY 1/2 MILE OR LESS
8 = SMOKE OR HAZE
[NO. OF DAYS WITH] [WEATHER - DAYS WITH] 9 = BLOWING SNOW
X = TORNADO
MAX 32 OR BELOW: 0 0.01 INCH OR MORE: 15
MAX 90 OR ABOVE: 0 0.10 INCH OR MORE: 10
MIN 32 OR BELOW: 10 0.50 INCH OR MORE: 4
MIN 0 OR BELOW: 0 1.00 INCH OR MORE: 0
[HDD (BASE 65) ]
TOTAL THIS MO. 576 CLEAR (SCALE 0-3) 6
DPTR FM NORMAL -16 PTCLDY (SCALE 4-7) 12
TOTAL FM JUL 1 2296 CLOUDY (SCALE 8-10) 10
DPTR FM NORMAL -403
[CDD (BASE 65) ]
TOTAL THIS MO. 0
DPTR FM NORMAL 0 [PRESSURE DATA]
TOTAL FM JAN 1 0 HIGHEST SLP 30.59 ON 21
DPTR FM NORMAL 0 LOWEST SLP 29.71 ON 1
[REMARKS]
#FINAL-02-21#