000
CXUS53 KARX 010900
CF6CMY
PRELIMINARY LOCAL CLIMATOLOGICAL DATA (WS FORM: F-6)
STATION: SPARTA - FORT MCCOY WI
MONTH: APRIL
YEAR: 2021
LATITUDE: 43 58 N
LONGITUDE: 90 44 W
TEMPERATURE IN F: :PCPN: SNOW: WIND :SUNSHINE: SKY :PK WND
================================================================================
1 2 3 4 5 6A 6B 7 8 9 10 11 12 13 14 15 16 17 18
12Z AVG MX 2MIN
DY MAX MIN AVG DEP HDD CDD WTR SNW DPTH SPD SPD DIR MIN PSBL S-S WX SPD DR
================================================================================
1 42 9 26 M 39 0 0.00 0.0 0 2.5 9 310 M M 0 M M
2 54 14 34 M 31 0 0.00 0.0 0 8.1 17 170 M M 0 25 160
3 72 34 53 M 12 0 0.00 0.0 0 4.3 8 340 M M 0 18 340
4 78 30 54 M 11 0 0.00 0.0 0 5.5 16 190 M M 0 23 190
5 81 44 63 M 2 0 0.00 0.0 0 5.9 15 170 M M 0 24 170
6 80 56 68 M 0 3 T 0.0 0 7.1 15 200 M M 0 24 200
7 78 58 68 M 0 3 0.00 0.0 0 7.8 16 160 M M 0 24 150
8 64 47 56 M 9 0 0.27 0.0 0 6.7 15 170 M M 0 23 170
9 57 44 51 M 14 0 0.08 0.0 0 2.9 8 310 M M 0 17 270
10 49 41 45 M 20 0 0.15 0.0 0 5.6 10 340 M M 0 M M
11 49 42 46 M 19 0 0.14 0.0 0 9.3 14 330 M M 0 1 18 340
12 51 44 48 M 17 0 0.01 0.0 0 7.7 14 250 M M 0 1 24 230
13 44 35 40 M 25 0 0.00 0.0 0 9.2 17 270 M M 0 25 270
14 41 28 35 M 30 0 T T 0 5.9 13 310 M M 0 17 240
15 49 26 38 M 27 0 0.00 0.0 0 4.8 13 320 M M 0 21 320
16 62 24 43 M 22 0 0.00 0.0 0 3.1 10 310 M M 0 20 60
17 60 26 43 M 22 0 0.00 0.0 0 2.3 10 320 M M 0 18 360
18 62 32 47 M 18 0 0.07 0.0 0 4.2 14 300 M M 0 24 280
19 41 32 37 M 28 0 T 0.0 0 11.4 18 300 M M 0 24 300
20 44 25 35 M 30 0 0.00 0.0 0 3.4 10 330 M M 0 M M
21 42 19 31 M 34 0 0.00 0.0 0 4.8 14 310 M M 0 22 280
22 64 17 41 M 24 0 0.00 0.0 0 3.9 13 280 M M 0 22 260
23 62 33 48 M 17 0 0.00 0.0 0 4.5 16 180 M M 0 24 210
24 51 26 39 M 26 0 0.00 0.0 0 5.8 16 300 M M 0 21 330
25 48 19 34 M 31 0 T 0.0 0 4.1 14 110 M M 0 20 110
26 62 37 50 M 15 0 0.00 0.0 0 10.5 16 130 M M 0 25 130
27 70 43 57 M 8 0 0.48 0.0 0 8.3 15 10 M M 0 3 20 60
28 59 40 50 M 15 0 0.01 0.0 0 3.7 9 270 M M 0 1 M M
29 69 38 54 M 11 0 M 0.0 0 5.2 20 340 M M 0 3 28 340
30 62 35 49 M 16 0 0.00 0.0 0 4.7 13 310 M M 0 21 310
================================================================================
SM 1747 998 573 6 1.21 T 173.2 M 0
================================================================================
AV 58.2 33.3 5.8 FASTST M M 0 MAX(MPH)
MISC ----> 20 340 28 340
================================================================================
NOTES:
# LAST OF SEVERAL OCCURRENCES
COLUMN 17 PEAK WIND IN M.P.H.
PRELIMINARY LOCAL CLIMATOLOGICAL DATA (WS FORM: F-6) , PAGE 2
STATION: SPARTA - FORT MCCOY WI
MONTH: APRIL
YEAR: 2021
LATITUDE: 43 58 N
LONGITUDE: 90 44 W
[TEMPERATURE DATA] [PRECIPITATION DATA] SYMBOLS USED IN COLUMN 16
AVERAGE MONTHLY: 45.8 TOTAL FOR MONTH: 1.21 1 = FOG OR MIST
DPTR FM NORMAL: 0.0 DPTR FM NORMAL: M 2 = FOG REDUCING VISIBILITY
HIGHEST: 81 ON 5 GRTST 24HR 0.48 ON 27-27 TO 1/4 MILE OR LESS
LOWEST: 9 ON 1 3 = THUNDER
SNOW, ICE PELLETS, HAIL 4 = ICE PELLETS
TOTAL MONTH: T 5 = HAIL
GRTST 24HR T ON 14-14 6 = FREEZING RAIN OR DRIZZLE
GRTST DEPTH: 0 7 = DUSTSTORM OR SANDSTORM:
VSBY 1/2 MILE OR LESS
8 = SMOKE OR HAZE
[NO. OF DAYS WITH] [WEATHER - DAYS WITH] 9 = BLOWING SNOW
X = TORNADO
MAX 32 OR BELOW: 0 0.01 INCH OR MORE: 8
MAX 90 OR ABOVE: 0 0.10 INCH OR MORE: 4
MIN 32 OR BELOW: 14 0.50 INCH OR MORE: 0
MIN 0 OR BELOW: 0 1.00 INCH OR MORE: 0
[HDD (BASE 65) ]
TOTAL THIS MO. 573 CLEAR (SCALE 0-3) 30
DPTR FM NORMAL M PTCLDY (SCALE 4-7) 0
TOTAL FM JUL 1 7510 CLOUDY (SCALE 8-10) 0
DPTR FM NORMAL M
[CDD (BASE 65) ]
TOTAL THIS MO. 6
DPTR FM NORMAL M [PRESSURE DATA]
TOTAL FM JAN 1 6 HIGHEST SLP M ON M
DPTR FM NORMAL M LOWEST SLP M ON M
[REMARKS]
#FINAL-04-21#