000
CXUS53 KARX 010900
CF6CMY
PRELIMINARY LOCAL CLIMATOLOGICAL DATA (WS FORM: F-6)
STATION: SPARTA - FORT MCCOY WI
MONTH: MARCH
YEAR: 2021
LATITUDE: 43 58 N
LONGITUDE: 90 44 W
TEMPERATURE IN F: :PCPN: SNOW: WIND :SUNSHINE: SKY :PK WND
================================================================================
1 2 3 4 5 6A 6B 7 8 9 10 11 12 13 14 15 16 17 18
12Z AVG MX 2MIN
DY MAX MIN AVG DEP HDD CDD WTR SNW DPTH SPD SPD DIR MIN PSBL S-S WX SPD DR
================================================================================
1 28 10 19 M 46 0 M M M 6.2 13 330 M M 0 18 330
2 46 9 28 M 37 0 0.00 0.0 M 5.6 15 200 M M 0 23 200
3 51 18 35 M 30 0 0.00 0.0 M 2.6 10 340 M M 0 M M
4 44 20 32 M 33 0 0.00 0.0 M 3.7 13 100 M M 0 M M
5 47 16 32 M 33 0 0.00 0.0 M 1.8 7 270 M M 0 M M
6 49 14 32 M 33 0 0.00 0.0 M 1.1 6 300 M M 0 M M
7 54 15 35 M 30 0 0.00 0.0 M 5.0 14 170 M M 0 22 160
8 60 26 43 M 22 0 0.00 0.0 M 2.5 9 300 M M 0 M M
9 67 28 48 M 17 0 0.00 0.0 M 7.3 21 160 M M 0 35 160
10 63 44 54 M 11 0 M M M 9.4 18 180 M M 0 27 180
11 51 24 38 M 27 0 0.00 0.0 M 10.7 16 270 M M 0 29 240
12 47 19 33 M 32 0 0.00 0.0 0 4.3 14 310 M M 0 20 330
13 58 15 37 M 28 0 0.00 0.0 0 2.9 10 270 M M 0 17 250
14 49 21 35 M 30 0 0.00 0.0 0 8.3 18 80 M M 0 27 80
15 34 27 31 M 34 0 M M M 11.4 17 90 M M 0 25 110
16 34 28 31 M 34 0 0.00 0.0 M 1.4 7 80 M M 0 1 M M
17 41 31 36 M 29 0 M M M 2.8 8 10 M M 0 M M
18 54 24 39 M 26 0 0.00 0.0 M 9.9 15 50 M M 0 27 20
19 55 15 35 M 30 0 0.00 0.0 M 2.3 8 180 M M 0 M M
20 60 18 39 M 26 0 0.00 0.0 M 7.1 15 170 M M 0 24 190
21 64 42 53 M 12 0 0.00 0.0 0 12.6 20 170 M M 0 31 180
22 64 44 54 M 11 0 0.00 0.0 0 4.7 15 180 M M 0 22 180
23 60 32 46 M 19 0 0.23 M M 6.1 14 130 M M 0 1 22 130
24 52 37 45 M 20 0 0.30 M M 8.1 15 290 M M 0 1 25 260
25 48 37 43 M 22 0 M M M 5.7 14 100 M M 0 17 100
26 50 27 39 M 26 0 0.00 0.0 0 2.4 8 30 M M 0 M M
27 42 27 35 M 30 0 0.27 0.0 0 2.9 14 290 M M 0 1 25 280
28 43 22 33 M 32 0 M M M 12.1 23 320 M M 0 30 300
29 69 22 46 M 19 0 0.00 0.0 0 14.3 24 170 M M 0 33 180
30 59 32 46 M 19 0 0.00 0.0 0 11.9 16 290 M M 0 30 290
31 38 21 30 M 35 0 M M 0 11.3 17 290 M M 0 24 320
================================================================================
SM 1581 765 833 0 0.80 0.0 198.4 M 0
================================================================================
AV 51.0 24.7 6.4 FASTST M M 0 MAX(MPH)
MISC ----> 24 170 35 160
================================================================================
NOTES:
# LAST OF SEVERAL OCCURRENCES
COLUMN 17 PEAK WIND IN M.P.H.
PRELIMINARY LOCAL CLIMATOLOGICAL DATA (WS FORM: F-6) , PAGE 2
STATION: SPARTA - FORT MCCOY WI
MONTH: MARCH
YEAR: 2021
LATITUDE: 43 58 N
LONGITUDE: 90 44 W
[TEMPERATURE DATA] [PRECIPITATION DATA] SYMBOLS USED IN COLUMN 16
AVERAGE MONTHLY: 37.8 TOTAL FOR MONTH: 0.80 1 = FOG OR MIST
DPTR FM NORMAL: 0.0 DPTR FM NORMAL: M 2 = FOG REDUCING VISIBILITY
HIGHEST: 69 ON 29 GRTST 24HR 0.30 ON 24-24 TO 1/4 MILE OR LESS
LOWEST: 9 ON 2 3 = THUNDER
SNOW, ICE PELLETS, HAIL 4 = ICE PELLETS
TOTAL MONTH: 0.0 INCH 5 = HAIL
GRTST 24HR 0.0 6 = FREEZING RAIN OR DRIZZLE
GRTST DEPTH: 0 7 = DUSTSTORM OR SANDSTORM:
VSBY 1/2 MILE OR LESS
8 = SMOKE OR HAZE
[NO. OF DAYS WITH] [WEATHER - DAYS WITH] 9 = BLOWING SNOW
X = TORNADO
MAX 32 OR BELOW: 1 0.01 INCH OR MORE: 3
MAX 90 OR ABOVE: 0 0.10 INCH OR MORE: 3
MIN 32 OR BELOW: 26 0.50 INCH OR MORE: 0
MIN 0 OR BELOW: 0 1.00 INCH OR MORE: 0
[HDD (BASE 65) ]
TOTAL THIS MO. 833 CLEAR (SCALE 0-3) 31
DPTR FM NORMAL M PTCLDY (SCALE 4-7) 0
TOTAL FM JUL 1 6937 CLOUDY (SCALE 8-10) 0
DPTR FM NORMAL M
[CDD (BASE 65) ]
TOTAL THIS MO. 0
DPTR FM NORMAL M [PRESSURE DATA]
TOTAL FM JAN 1 0 HIGHEST SLP M ON M
DPTR FM NORMAL M LOWEST SLP M ON M
[REMARKS]
#FINAL-03-21#