869
CXUS53 KARX 011737
CF6CMY
PRELIMINARY LOCAL CLIMATOLOGICAL DATA (WS FORM: F-6)
STATION: SPARTA - FORT MCCOY WI
MONTH: SEPTEMBER
YEAR: 2020
LATITUDE: 43 58 N
LONGITUDE: 90 44 W
TEMPERATURE IN F: :PCPN: SNOW: WIND :SUNSHINE: SKY :PK WND
================================================================================
1 2 3 4 5 6A 6B 7 8 9 10 11 12 13 14 15 16 17 18
12Z AVG MX 2MIN
DY MAX MIN AVG DEP HDD CDD WTR SNW DPTH SPD SPD DIR MIN PSBL S-S WX SPD DR
================================================================================
1 71 40 56 M 9 0 T 0.0 0 1.5 8 180 M M 6 1 M M
2 78 45 62 M 3 0 0.00 0.0 0 3.1 15 280 M M 0 1 21 280
3 71 43 57 M 8 0 0.00 0.0 0 9.9 22 310 M M 1 31 280
4 75 37 56 M 9 0 0.00 0.0 0 4.4 14 280 M M 2 24 310
5 76 44 60 M 5 0 0.00 0.0 0 2.3 12 280 M M 1 M M
6 77 50 64 M 1 0 0.11 0.0 0 7.1 20 140 M M 5 3 39 190
7 66 50 58 M 7 0 0.00 0.0 0 8.0 15 310 M M 3 3 22 310
8 50 42 46 M 19 0 0.34 0.0 0 4.2 8 360 M M 8 M M
9 46 42 44 M 21 0 0.52 0.0 0 5.1 9 30 M M 10 M M
10 53 40 47 M 18 0 0.01 0.0 0 3.1 6 40 M M 9 M M
11 60 42 51 M 14 0 0.12 0.0 0 5.3 12 100 M M 10 M M
12 60 53 57 M 8 0 1.14 0.0 0 2.3 6 260 M M 10 1 M M
13 69 46 58 M 7 0 0.00 0.0 0 3.5 10 310 M M 4 1 M M
14 70 45 58 M 7 0 0.00 0.0 0 4.3 9 150 M M 5 12 M M
15 77 56 67 M 0 2 0.00 0.0 0 5.3 12 210 M M 0 18 210
16 72 41 57 M 8 0 0.00 0.0 0 5.3 15 330 M M 1 21 310
17 63 36 50 M 15 0 0.00 0.0 0 2.8 9 320 M M 2 M M
18 61 33 47 M 18 0 0.00 0.0 0 2.2 8 120 M M 1 M M
19 66 31 49 M 16 0 0.00 0.0 0 3.9 12 180 M M 0 18 160
20 69 41 55 M 10 0 0.00 0.0 0 6.5 16 170 M M 2 21 170
21 73 42 58 M 7 0 0.00 0.0 0 5.6 15 170 M M 0 3 17 180
22 77 48 63 M 2 0 0.01 0.0 0 0.7 7 260 M M 1 3 M M
23 79 43 61 M 4 0 0.00 0.0 0 2.3 10 190 M M 0 M M
24 63 49 56 M 9 0 0.55 0.0 0 1.3 14 110 M M 7 12 M M
25 78 45 62 M 3 0 0.00 0.0 0 6.2 16 180 M M 2 12 23 170
26 72 55 64 M 1 0 T 0.0 0 3.3 8 150 M M 2 3 M M
27 69 45 57 M 8 0 T 0.0 0 3.3 10 270 M M 4 20 270
28 58 45 52 M 13 0 T 0.0 0 6.3 14 290 M M 9 22 290
29 60 38 49 M 16 0 0.00 0.0 0 3.1 12 270 M M 7 17 270
30 59 34 47 M 18 0 0.06 0.0 0 6.3 15 290 M M 6 35 320
================================================================================
SM 2018 1301 284 2 2.86 0.0 128.5 M 118
================================================================================
AV 67.3 43.4 4.3 FASTST M M 4 MAX(MPH)
MISC ----> # 22 310 # 39 190
================================================================================
NOTES:
# LAST OF SEVERAL OCCURRENCES
COLUMN 17 PEAK WIND IN M.P.H.
PRELIMINARY LOCAL CLIMATOLOGICAL DATA (WS FORM: F-6) , PAGE 2
STATION: SPARTA - FORT MCCOY WI
MONTH: SEPTEMBER
YEAR: 2020
LATITUDE: 43 58 N
LONGITUDE: 90 44 W
[TEMPERATURE DATA] [PRECIPITATION DATA] SYMBOLS USED IN COLUMN 16
AVERAGE MONTHLY: 55.3 TOTAL FOR MONTH: 2.86 1 = FOG OR MIST
DPTR FM NORMAL: M DPTR FM NORMAL: M 2 = FOG REDUCING VISIBILITY
HIGHEST: 79 ON 23 GRTST 24HR 1.14 ON 12-12 TO 1/4 MILE OR LESS
LOWEST: 31 ON 19 3 = THUNDER
SNOW, ICE PELLETS, HAIL 4 = ICE PELLETS
TOTAL MONTH: 0.0 INCH 5 = HAIL
GRTST 24HR 0.0 6 = FREEZING RAIN OR DRIZZLE
GRTST DEPTH: 0 7 = DUSTSTORM OR SANDSTORM:
VSBY 1/2 MILE OR LESS
8 = SMOKE OR HAZE
[NO. OF DAYS WITH] [WEATHER - DAYS WITH] 9 = BLOWING SNOW
X = TORNADO
MAX 32 OR BELOW: 0 0.01 INCH OR MORE: 9
MAX 90 OR ABOVE: 0 0.10 INCH OR MORE: 6
MIN 32 OR BELOW: 1 0.50 INCH OR MORE: 3
MIN 0 OR BELOW: 0 1.00 INCH OR MORE: 1
[HDD (BASE 65) ]
TOTAL THIS MO. 284 CLEAR (SCALE 0-3) 15
DPTR FM NORMAL M PTCLDY (SCALE 4-7) 10
TOTAL FM JUL 1 348 CLOUDY (SCALE 8-10) 5
DPTR FM NORMAL M
[CDD (BASE 65) ]
TOTAL THIS MO. 2
DPTR FM NORMAL M [PRESSURE DATA]
TOTAL FM JAN 1 381 HIGHEST SLP M ON M
DPTR FM NORMAL M LOWEST SLP M ON M
[REMARKS]
#FINAL-09-20#