000
CXUS53 KARX 011000
CF6CMY
PRELIMINARY LOCAL CLIMATOLOGICAL DATA (WS FORM: F-6)
STATION: SPARTA - FORT MCCOY WI
MONTH: NOVEMBER
YEAR: 2023
LATITUDE: 43 58 N
LONGITUDE: 90 44 W
TEMPERATURE IN F: :PCPN: SNOW: WIND :SUNSHINE: SKY :PK WND
================================================================================
1 2 3 4 5 6A 6B 7 8 9 10 11 12 13 14 15 16 17 18
12Z AVG MX 2MIN
DY MAX MIN AVG DEP HDD CDD WTR SNW DPTH SPD SPD DIR MIN PSBL S-S WX SPD DR
================================================================================
1 35 12 24 M 41 0 0.00 0.0 0 3.2 10 210 M M 6 M M
2 48 19 34 M 31 0 0.00 0.0 0 1.8 10 260 M M 3 M M
3 53 26 40 M 25 0 T 0.0 0 0.9 9 230 M M 4 18 M M
4 52 19 36 M 29 0 0.00 0.0 0 0.1 4 220 M M 1 18 M M
5 59 29 44 M 21 0 0.00 0.0 0 7.0 18 190 M M 7 32 180
6 64 43 54 M 11 0 T 0.0 0 13.6 20 300 M M 8 31 200
7 49 40 45 M 20 0 T 0.0 0 4.6 13 100 M M 7 18 100
8 47 38 43 M 22 0 0.01 0.0 0 1.9 13 280 M M 9 1 M M
9 52 24 38 M 27 0 0.00 0.0 0 7.8 23 260 M M 1 36 290
10 43 26 35 M 30 0 0.00 0.0 0 4.8 10 250 M M 7 17 310
11 35 31 33 M 32 0 0.00 0.0 0 0.0 M M M M 10 M M
12 M M M M M M 0.00 0.0 0 M M M M M M M M
13 M M M M M M 0.00 0.0 0 M M M M M M M M
14 M M M M M M 0.00 0.0 0 9.8 M M M M M M M
15 M M M M M M 0.00 0.0 0 0.0 M M M M 0 M M
16 M M M M M M 0.00 0.0 0 M M M M M M M M
17 M M M M M M 0.00 0.0 0 M M M M M M M M
18 M M M M M M 0.00 0.0 0 M M M M M M M M
19 M M M M M M 0.00 0.0 0 M M M M M M M M
20 46 35 41 M 24 0 0.00 0.0 0 1.6 5 90 M M 10 M M
21 49 28 39 M 26 0 T 0.0 0 5.5 15 330 M M 8 1 20 330
22 45 19 32 M 33 0 0.00 0.0 0 4.2 13 240 M M 4 M M
23 38 11 25 M 40 0 0.00 0.0 0 6.6 14 320 M M 2 21 320
24 29 6 18 M 47 0 0.00 0.0 0 1.2 7 330 M M 0 M M
25 31 13 22 M 43 0 M M 0 0.8 8 200 M M 6 1 M M
26 29 20 25 M 40 0 M M M 5.6 16 310 M M 9 1 27 320
27 21 15 18 M 47 0 M M M 7.9 14 270 M M 8 21 300
28 23 2 13 M 52 0 T T 0 4.6 10 220 M M 3 M M
29 43 9 26 M 39 0 0.00 0.0 0 3.1 10 240 M M 0 M M
30 46 15 31 M 34 0 0.00 0.0 0 1.2 7 300 M M 0 M M
================================================================================
SM 937 480 714 0 0.01 T 97.8 M 113
================================================================================
AV 42.6 21.8 4.1 FASTST M M 5 MAX(MPH)
MISC ----> 23 260 36 290
================================================================================
NOTES:
# LAST OF SEVERAL OCCURRENCES
COLUMN 17 PEAK WIND IN M.P.H.
PRELIMINARY LOCAL CLIMATOLOGICAL DATA (WS FORM: F-6) , PAGE 2
STATION: SPARTA - FORT MCCOY WI
MONTH: NOVEMBER
YEAR: 2023
LATITUDE: 43 58 N
LONGITUDE: 90 44 W
[TEMPERATURE DATA] [PRECIPITATION DATA] SYMBOLS USED IN COLUMN 16
AVERAGE MONTHLY: 32.2 TOTAL FOR MONTH: 0.01 1 = FOG OR MIST
DPTR FM NORMAL: 0.0 DPTR FM NORMAL: M 2 = FOG REDUCING VISIBILITY
HIGHEST: 64 ON 6 GRTST 24HR 0.01 ON 8- 8 TO 1/4 MILE OR LESS
LOWEST: 2 ON 28 3 = THUNDER
SNOW, ICE PELLETS, HAIL 4 = ICE PELLETS
TOTAL MONTH: T 5 = HAIL
GRTST 24HR T ON 28-28 6 = FREEZING RAIN OR DRIZZLE
GRTST DEPTH: 0 7 = DUSTSTORM OR SANDSTORM:
VSBY 1/2 MILE OR LESS
8 = SMOKE OR HAZE
[NO. OF DAYS WITH] [WEATHER - DAYS WITH] 9 = BLOWING SNOW
X = TORNADO
MAX 32 OR BELOW: 5 0.01 INCH OR MORE: 1
MAX 90 OR ABOVE: 0 0.10 INCH OR MORE: 0
MIN 32 OR BELOW: 18 0.50 INCH OR MORE: 0
MIN 0 OR BELOW: 0 1.00 INCH OR MORE: 0
[HDD (BASE 65) ]
TOTAL THIS MO. 714 CLEAR (SCALE 0-3) 9
DPTR FM NORMAL M PTCLDY (SCALE 4-7) 10
TOTAL FM JUL 1 1387 CLOUDY (SCALE 8-10) 11
DPTR FM NORMAL M
[CDD (BASE 65) ]
TOTAL THIS MO. 0
DPTR FM NORMAL M [PRESSURE DATA]
TOTAL FM JAN 1 484 HIGHEST SLP M ON M
DPTR FM NORMAL M LOWEST SLP M ON M
[REMARKS]
#FINAL-11-23#