000
CXUS53 KARX 012354
CF6CMY
PRELIMINARY LOCAL CLIMATOLOGICAL DATA (WS FORM: F-6)
STATION: SPARTA - FORT MCCOY WI
MONTH: AUGUST
YEAR: 2023
LATITUDE: 43 58 N
LONGITUDE: 90 44 W
TEMPERATURE IN F: :PCPN: SNOW: WIND :SUNSHINE: SKY :PK WND
================================================================================
1 2 3 4 5 6A 6B 7 8 9 10 11 12 13 14 15 16 17 18
12Z AVG MX 2MIN
DY MAX MIN AVG DEP HDD CDD WTR SNW DPTH SPD SPD DIR MIN PSBL S-S WX SPD DR
================================================================================
1 85 47 66 M 0 1 0.00 0.0 0 0.6 7 300 M M 2 M M
2 87 58 73 M 0 8 0.00 0.0 0 1.8 12 200 M M 2 M M
3 89 60 75 M 0 10 0.00 0.0 0 2.3 9 290 M M 2 12 M M
4 86 58 72 M 0 7 0.00 0.0 0 2.4 12 140 M M 1 1 M M
5 84 56 70 M 0 5 0.00 0.0 0 2.7 10 70 M M 2 M M
6 79 62 71 M 0 6 T 0.0 0 0.0 M M M M 6 M M
7 83 56 70 M 0 5 0.00 0.0 0 1.8 9 300 M M 3 M M
8 82 51 67 M 0 2 0.00 0.0 0 2.3 14 300 M M 1 1 18 300
9 85 48 67 M 0 2 T 0.0 0 2.8 10 290 M M 2 17 250
10 82 55 69 M 0 4 0.00 0.0 0 1.9 9 300 M M 4 12 M M
11 85 59 72 M 0 7 0.49 0.0 0 5.4 14 360 M M 6 13 30 360
12 84 53 69 M 0 4 0.00 0.0 0 3.8 18 270 M M 4 12 24 270
13 71 52 62 M 3 0 0.01 0.0 0 0.1 4 90 M M 6 M M
14 65 51 58 M 7 0 0.26 0.0 0 2.4 9 30 M M 8 1 22 80
15 78 45 62 M 3 0 0.00 0.0 0 2.7 12 260 M M 0 12 M M
16 83 49 66 M 0 1 T 0.0 0 9.2 23 210 M M 0 29 210
17 74 48 61 M 4 0 0.04 0.0 0 6.8 17 230 M M 4 3 22 230
18 78 41 60 M 5 0 0.00 0.0 0 2.5 12 220 M M 1 1 M M
19 92 65 79 M 0 14 T 0.0 0 7.6 16 210 M M 3 22 190
20 90 63 77 M 0 12 0.00 0.0 0 2.0 10 320 M M 1 12 M M
21 81 59 70 M 0 5 0.00 0.0 0 0.9 6 120 M M 6 18 M M
22 92 58 75 M 0 10 0.00 0.0 0 3.8 14 200 M M 2 18 18 180
23 103 76 90 M 0 25 0.00 0.0 0 6.0 16 260 M M 0 27 240
24 95 71 83 M 0 18 0.00 0.0 0 3.6 13 310 M M 2 1 17 320
25 72 69 71 M 0 6 T 0.0 0 0.0 M M M M 8 M M
26 75 52 64 M 1 0 T 0.0 0 0.9 9 70 M M 7 M M
27 79 44 62 M 3 0 0.00 0.0 0 0.3 7 290 M M 2 M M
28 85 46 66 M 0 1 T 0.0 0 2.1 10 240 M M 3 M M
29 81 53 67 M 0 2 0.00 0.0 0 3.4 12 20 M M 2 1 20 340
30 73 40 57 M 8 0 0.00 0.0 0 0.7 5 70 M M 0 M M
31 82 36 59 M 6 0 0.00 0.0 0 3.8 10 140 M M 0 M M
================================================================================
SM 2560 1681 40 155 0.80 0.0 86.6 M 90
================================================================================
AV 82.6 54.2 2.8 FASTST M M 3 MAX(MPH)
MISC ----> 23 210 30 360
================================================================================
NOTES:
# LAST OF SEVERAL OCCURRENCES
COLUMN 17 PEAK WIND IN M.P.H.
PRELIMINARY LOCAL CLIMATOLOGICAL DATA (WS FORM: F-6) , PAGE 2
STATION: SPARTA - FORT MCCOY WI
MONTH: AUGUST
YEAR: 2023
LATITUDE: 43 58 N
LONGITUDE: 90 44 W
[TEMPERATURE DATA] [PRECIPITATION DATA] SYMBOLS USED IN COLUMN 16
AVERAGE MONTHLY: 68.4 TOTAL FOR MONTH: 0.80 1 = FOG OR MIST
DPTR FM NORMAL: 0.0 DPTR FM NORMAL: M 2 = FOG REDUCING VISIBILITY
HIGHEST: 103 ON 23 GRTST 24HR 0.49 ON 11-11 TO 1/4 MILE OR LESS
LOWEST: 36 ON 31 3 = THUNDER
SNOW, ICE PELLETS, HAIL 4 = ICE PELLETS
TOTAL MONTH: 0.0 INCH 5 = HAIL
GRTST 24HR 0.0 6 = FREEZING RAIN OR DRIZZLE
GRTST DEPTH: 0 7 = DUSTSTORM OR SANDSTORM:
VSBY 1/2 MILE OR LESS
8 = SMOKE OR HAZE
[NO. OF DAYS WITH] [WEATHER - DAYS WITH] 9 = BLOWING SNOW
X = TORNADO
MAX 32 OR BELOW: 0 0.01 INCH OR MORE: 4
MAX 90 OR ABOVE: 5 0.10 INCH OR MORE: 2
MIN 32 OR BELOW: 0 0.50 INCH OR MORE: 0
MIN 0 OR BELOW: 0 1.00 INCH OR MORE: 0
[HDD (BASE 65) ]
TOTAL THIS MO. 40 CLEAR (SCALE 0-3) 20
DPTR FM NORMAL M PTCLDY (SCALE 4-7) 10
TOTAL FM JUL 1 77 CLOUDY (SCALE 8-10) 1
DPTR FM NORMAL M
[CDD (BASE 65) ]
TOTAL THIS MO. 155
DPTR FM NORMAL M [PRESSURE DATA]
TOTAL FM JAN 1 374 HIGHEST SLP M ON M
DPTR FM NORMAL M LOWEST SLP M ON M
[REMARKS]
#FINAL-08-23#