000
CXUS53 KTOP 010910
CF6CNK
PRELIMINARY LOCAL CLIMATOLOGICAL DATA (WS FORM: F-6)
STATION: CONCORDIA KS
MONTH: JANUARY
YEAR: 2023
LATITUDE: 39 32 N
LONGITUDE: 97 39 W
TEMPERATURE IN F: :PCPN: SNOW: WIND :SUNSHINE: SKY :PK WND
================================================================================
1 2 3 4 5 6A 6B 7 8 9 10 11 12 13 14 15 16 17 18
12Z AVG MX 2MIN
DY MAX MIN AVG DEP HDD CDD WTR SNW DPTH SPD SPD DIR MIN PSBL S-S WX SPD DR
================================================================================
1 52 28 40 11 25 0 0.00 M M 5.5 15 50 M M 0 20 60
2 40 35 38 9 27 0 0.16 M M 9.4 18 50 M M 9 128 29 60
3 36 31 34 5 31 0 0.00 M M 12.1 23 290 M M 10 1 36 330
4 45 25 35 6 30 0 0.00 M M 12.6 21 330 M M 1 28 330
5 46 26 36 7 29 0 0.00 M M 10.5 18 290 M M 0 23 290
6 51 21 36 7 29 0 0.00 M M 7.0 21 130 M M 1 27 110
7 43 26 35 6 30 0 0.00 M M 6.4 14 20 M M 6 18 30
8 53 24 39 10 26 0 0.00 M M 6.6 18 190 M M 0 25 190
9 61 31 46 17 19 0 0.00 M M 9.1 21 180 M M 0 27 170
10 57 26 42 13 23 0 0.00 M M 5.2 13 160 M M 0 16 130
11 48 32 40 12 25 0 0.00 M M 11.1 25 20 M M 2 33 20
12 37 23 30 2 35 0 0.00 M M 13.5 28 340 M M 6 37 350
13 35 22 29 1 36 0 0.00 M M 6.4 14 160 M M 6 1 18 170
14 50 28 39 10 26 0 0.00 M M 13.8 25 180 M M 0 35 180
15 59 31 45 16 20 0 0.00 M M 12.4 24 180 M M 1 33 170
16 58 35 47 18 18 0 0.00 M M 12.9 24 300 M M 4 35 180
17 40 30 35 6 30 0 0.00 M M 6.1 13 30 M M 5 12 18 40
18 34 29 32 3 33 0 0.49 M M 12.1 30 80 M M 9 16 44 80
19 35 26 31 2 34 0 T M M 11.9 22 320 M M 6 1 32 320
20 41 20 31 2 34 0 0.00 M M 4.3 9 250 M M 0 10 250
21 33 28 31 2 34 0 0.52 M M 4.8 9 320 M M 10 128 13 350
22 30 15 23 -6 42 0 0.01 M M 5.6 10 290 M M 2 12 14 300
23 29 12 21 -8 44 0 0.00 M M 7.1 16 260 M M 0 1 20 260
24 33 16 25 -4 40 0 0.00 M M 4.3 13 330 M M 7 128 16 340
25 32 17 25 -4 40 0 0.00 M M 12.3 29 340 M M 6 1 39 340
26 34 22 28 -1 37 0 T M M 9.2 21 210 M M 7 28 240
27 45 33 39 10 26 0 0.00 M M 9.8 20 240 M M 2 27 240
28 37 11 24 -5 41 0 T M M 14.4 24 360 M M 6 8 35 20
29 11 6 9 -20 56 0 T M M 15.3 23 10 M M 10 32 360
30 14 8 11 -18 54 0 T M M 8.6 16 20 M M 10 20 10
31 25 5 15 -15 50 0 0.00 M M 6.5 12 280 M M 0 17 280
================================================================================
SM 1244 722 1024 0 1.18 M 286.8 M 126
================================================================================
AV 40.1 23.3 9.3 FASTST M M 4 MAX(MPH)
MISC ----> 30 80 44 80
================================================================================
NOTES:
# LAST OF SEVERAL OCCURRENCES
COLUMN 17 PEAK WIND IN M.P.H.
PRELIMINARY LOCAL CLIMATOLOGICAL DATA (WS FORM: F-6) , PAGE 2
STATION: CONCORDIA KS
MONTH: JANUARY
YEAR: 2023
LATITUDE: 39 32 N
LONGITUDE: 97 39 W
[TEMPERATURE DATA] [PRECIPITATION DATA] SYMBOLS USED IN COLUMN 16
AVERAGE MONTHLY: 31.7 TOTAL FOR MONTH: 1.18 1 = FOG OR MIST
DPTR FM NORMAL: 2.9 DPTR FM NORMAL: 0.51 2 = FOG REDUCING VISIBILITY
HIGHEST: 61 ON 9 GRTST 24HR 0.52 ON 21-21 TO 1/4 MILE OR LESS
LOWEST: 5 ON 31 3 = THUNDER
SNOW, ICE PELLETS, HAIL 4 = ICE PELLETS
TOTAL MONTH: M 5 = HAIL
GRTST 24HR M ON M 6 = FREEZING RAIN OR DRIZZLE
GRTST DEPTH: M ON M 7 = DUSTSTORM OR SANDSTORM:
VSBY 1/2 MILE OR LESS
8 = SMOKE OR HAZE
[NO. OF DAYS WITH] [WEATHER - DAYS WITH] 9 = BLOWING SNOW
X = TORNADO
MAX 32 OR BELOW: 6 0.01 INCH OR MORE: 4
MAX 90 OR ABOVE: 0 0.10 INCH OR MORE: 3
MIN 32 OR BELOW: 28 0.50 INCH OR MORE: 1
MIN 0 OR BELOW: 0 1.00 INCH OR MORE: 0
[HDD (BASE 65) ]
TOTAL THIS MO. 1024 CLEAR (SCALE 0-3) 15
DPTR FM NORMAL -98 PTCLDY (SCALE 4-7) 10
TOTAL FM JUL 1 3039 CLOUDY (SCALE 8-10) 6
DPTR FM NORMAL -184
[CDD (BASE 65) ]
TOTAL THIS MO. 0
DPTR FM NORMAL 0 [PRESSURE DATA]
TOTAL FM JAN 1 0 HIGHEST SLP 30.59 ON 30
DPTR FM NORMAL 0 LOWEST SLP 29.24 ON 16
[REMARKS]
#FINAL-01-23#