000
CXUS53 KICT 030515
CF6CNU
PRELIMINARY LOCAL CLIMATOLOGICAL DATA (WS FORM: F-6)
STATION: CHANUTE KS
MONTH: JANUARY
YEAR: 2022
LATITUDE: 37 40 N
LONGITUDE: 95 29 W
TEMPERATURE IN F: :PCPN: SNOW: WIND :SUNSHINE: SKY :PK WND
================================================================================
1 2 3 4 5 6A 6B 7 8 9 10 11 12 13 14 15 16 17 18
12Z AVG MX 2MIN
DY MAX MIN AVG DEP HDD CDD WTR SNW DPTH SPD SPD DIR MIN PSBL S-S WX SPD DR
================================================================================
1 39 12 26 -8 39 0 0.02 M M 15.3 23 350 M M 10 16 33 10
2 25 11 18 -16 47 0 T M M 9.8 21 340 M M 4 1 29 340
3 47 16 32 -2 33 0 0.00 M M 8.9 16 190 M M 0 22 180
4 53 34 44 10 21 0 0.00 M M 16.4 29 210 M M 1 39 220
5 43 20 32 -2 33 0 0.00 M M 12.0 20 330 M M 0 29 340
6 21 12 17 -17 48 0 T M M 10.8 20 340 M M 7 1 28 340
7 33 12 23 -11 42 0 0.00 M M 8.2 16 140 M M 1 22 120
8 49 33 41 7 24 0 0.00 M M 14.7 24 180 M M 10 1 36 170
9 42 18 30 -4 35 0 0.00 M M 11.2 23 360 M M 1 34 10
10 51 17 34 0 31 0 0.00 M M 6.1 12 290 M M 0 15 270
11 61 28 45 12 20 0 0.00 M M 11.9 24 210 M M 0 31 210
12 59 29 44 11 21 0 0.00 M M 6.7 13 220 M M 0 20 210
13 64 35 50 17 15 0 0.00 M M 6.5 16 320 M M 0 24 330
14 55 34 45 12 20 0 0.03 M M 9.2 24 340 M M 5 1 37 340
15 34 23 29 -4 36 0 0.01 M M 18.8 30 320 M M 10 18 43 310
16 37 21 29 -4 36 0 0.00 M M 6.0 14 230 M M 7 1 19 220
17 54 25 40 7 25 0 0.00 M M 7.7 15 210 M M 0 22 200
18 61 35 48 15 17 0 0.00 M M 9.5 18 200 M M 0 24 200
19 42 17 30 -4 35 0 0.00 M M 17.2 28 10 M M 4 39 20
20 26 10 18 -16 47 0 0.00 M M 9.8 20 10 M M 0 30 10
21 32 7 20 -14 45 0 0.00 M M 6.0 12 160 M M 0 17 160
22 51 19 35 1 30 0 0.00 M M 6.8 12 210 M M 0 15 210
23 55 28 42 8 23 0 0.00 M M 8.4 15 350 M M 0 21 340
24 63 32 48 14 17 0 0.00 M M 12.3 23 10 M M 1 33 10
25 32 18 25 -9 40 0 0.00 M M 10.0 17 60 M M 2 24 60
26 33 14 24 -10 41 0 T M M 6.9 14 180 M M 5 18 180
27 47 22 35 1 30 0 T M M 6.4 15 350 M M 3 1 19 350
28 40 21 31 -3 34 0 0.00 M M 7.0 14 350 M M 5 20 350
29 62 21 42 8 23 0 0.00 M M 9.6 18 280 M M 0 24 280
30 55 26 41 7 24 0 0.00 M M 5.3 10 350 M M 0 13 340
31 69 24 47 12 18 0 0.00 M M 10.5 23 190 M M 0 8 31 180
================================================================================
SM 1435 674 950 0 0.06 M 305.9 M 76
================================================================================
AV 46.3 21.7 9.9 FASTST M M 2 MAX(MPH)
MISC ----> 30 320 43 310
================================================================================
NOTES:
# LAST OF SEVERAL OCCURRENCES
COLUMN 17 PEAK WIND IN M.P.H.
PRELIMINARY LOCAL CLIMATOLOGICAL DATA (WS FORM: F-6) , PAGE 2
STATION: CHANUTE KS
MONTH: JANUARY
YEAR: 2022
LATITUDE: 37 40 N
LONGITUDE: 95 29 W
[TEMPERATURE DATA] [PRECIPITATION DATA] SYMBOLS USED IN COLUMN 16
AVERAGE MONTHLY: 34.0 TOTAL FOR MONTH: 0.06 1 = FOG OR MIST
DPTR FM NORMAL: 0.3 DPTR FM NORMAL: -1.12 2 = FOG REDUCING VISIBILITY
HIGHEST: 69 ON 31 GRTST 24HR 0.08 ON 14-15 TO 1/4 MILE OR LESS
LOWEST: 7 ON 21 3 = THUNDER
SNOW, ICE PELLETS, HAIL 4 = ICE PELLETS
TOTAL MONTH: M 5 = HAIL
GRTST 24HR M ON M 6 = FREEZING RAIN OR DRIZZLE
GRTST DEPTH: M ON M 7 = DUSTSTORM OR SANDSTORM:
VSBY 1/2 MILE OR LESS
8 = SMOKE OR HAZE
[NO. OF DAYS WITH] [WEATHER - DAYS WITH] 9 = BLOWING SNOW
X = TORNADO
MAX 32 OR BELOW: 5 0.01 INCH OR MORE: 3
MAX 90 OR ABOVE: 0 0.10 INCH OR MORE: 0
MIN 32 OR BELOW: 26 0.50 INCH OR MORE: 0
MIN 0 OR BELOW: 0 1.00 INCH OR MORE: 0
[HDD (BASE 65) ]
TOTAL THIS MO. 950 CLEAR (SCALE 0-3) 20
DPTR FM NORMAL -19 PTCLDY (SCALE 4-7) 8
TOTAL FM JUL 1 2046 CLOUDY (SCALE 8-10) 3
DPTR FM NORMAL -588
[CDD (BASE 65) ]
TOTAL THIS MO. 0
DPTR FM NORMAL 0 [PRESSURE DATA]
TOTAL FM JAN 1 0 HIGHEST SLP 30.74 ON 20
DPTR FM NORMAL 0 LOWEST SLP 29.64 ON 1
[REMARKS]
#FINAL-01-22#