737
CXUS55 KGJT 011010
CF6CNY
PRELIMINARY LOCAL CLIMATOLOGICAL DATA (WS FORM: F-6)
STATION: CANYONLANDS AIRPORT UT
MONTH: DECEMBER
YEAR: 2020
LATITUDE: 38 46 N
LONGITUDE: 109 45 W
TEMPERATURE IN F: :PCPN: SNOW: WIND :SUNSHINE: SKY :PK WND
================================================================================
1 2 3 4 5 6A 6B 7 8 9 10 11 12 13 14 15 16 17 18
12Z AVG MX 2MIN
DY MAX MIN AVG DEP HDD CDD WTR SNW DPTH SPD SPD DIR MIN PSBL S-S WX SPD DR
================================================================================
1 47 10 29 -2 36 0 0.00 M M 4.5 14 310 M M 2 18 110
2 42 15 29 -2 36 0 0.00 M M 7.7 28 40 M M 3 35 40
3 42 6 24 -6 41 0 0.00 M M 3.1 12 320 M M 0 16 320
4 44 8 26 -4 39 0 0.00 M M 2.8 10 340 M M 0 13 310
5 47 9 28 -1 37 0 0.00 M M 2.3 8 320 M M 0 10 330
6 47 10 29 0 36 0 0.00 M M 2.4 10 340 M M 0 13 310
7 48 11 30 1 35 0 0.00 M M 2.4 10 310 M M 0 13 320
8 48 10 29 1 36 0 0.00 M M 2.1 8 330 M M 0 10 320
9 46 9 28 0 37 0 0.00 M M 2.6 9 320 M M 0 8 11 320
10 37 16 27 -1 38 0 0.00 M M 2.6 10 310 M M 4 11 320
11 45 18 32 5 33 0 0.00 M M 6.2 20 290 M M 3 26 280
12 38 9 24 -3 41 0 0.03 M M 6.4 29 50 M M 6 18 34 60
13 32 2 17 -10 48 0 0.00 M M 1.4 14 330 M M 0 15 330
14 31 23 27 1 38 0 T M M 4.0 10 310 M M 10 1 17 300
15 38 13 26 0 39 0 0.00 M M 3.4 12 300 M M 2 16 270
16 40 10 25 -1 40 0 0.00 M M 2.1 9 350 M M 1 13 140
17 31 9 20 -6 45 0 0.00 M M 3.2 13 320 M M 5 15 300
18 35 15 25 -1 40 0 0.04 M M 2.9 13 330 M M 5 1 15 330
19 35 10 23 -2 42 0 0.00 M M 3.3 14 310 M M 8 12 18 310
20 29 14 22 -3 43 0 0.00 M M 3.5 12 330 M M 7 12 15 340
21 38 11 25 0 40 0 0.00 M M 3.7 10 330 M M 3 12 13 330
22 41 12 27 2 38 0 0.00 M M 8.3 25 320 M M 1 32 320
23 37 12 25 0 40 0 0.00 M M 8.2 20 300 M M 0 26 300
24 36 7 22 -3 43 0 0.00 M M 4.3 13 310 M M 0 15 160
25 37 5 21 -4 44 0 0.00 M M 2.4 14 320 M M 0 16 320
26 38 6 22 -3 43 0 0.00 M M 2.8 14 310 M M 0 16 310
27 37 7 22 -3 43 0 0.00 M M 1.0 6 330 M M 3 8 150
28 31 24 28 3 37 0 0.24 M M 4.0 16 270 M M 10 12 19 270
29 30 2 16 -9 49 0 0.05 M M 1.6 9 360 M M 6 12 11 330
30 18 -7 6 -19 59 0 0.00 M M 3.0 13 330 M M 3 128 14 330
31 20 2 11 -14 54 0 0.00 M M 3.3 14 320 M M 3 1 14 310
================================================================================
SM 1165 308 1270 0 0.36 M 111.5 M 85
================================================================================
AV 37.6 9.9 3.6 FASTST M M 3 MAX(MPH)
MISC ----> 29 50 35 40
================================================================================
NOTES:
# LAST OF SEVERAL OCCURRENCES
COLUMN 17 PEAK WIND IN M.P.H.
PRELIMINARY LOCAL CLIMATOLOGICAL DATA (WS FORM: F-6) , PAGE 2
STATION: CANYONLANDS AIRPORT UT
MONTH: DECEMBER
YEAR: 2020
LATITUDE: 38 46 N
LONGITUDE: 109 45 W
[TEMPERATURE DATA] [PRECIPITATION DATA] SYMBOLS USED IN COLUMN 16
AVERAGE MONTHLY: 23.8 TOTAL FOR MONTH: 0.36 1 = FOG OR MIST
DPTR FM NORMAL: -2.9 DPTR FM NORMAL: -0.24 2 = FOG REDUCING VISIBILITY
HIGHEST: 48 ON 8, 7 GRTST 24HR 0.25 ON 28-29 TO 1/4 MILE OR LESS
LOWEST: -7 ON 30 3 = THUNDER
SNOW, ICE PELLETS, HAIL 4 = ICE PELLETS
TOTAL MONTH: M 5 = HAIL
GRTST 24HR M ON M 6 = FREEZING RAIN OR DRIZZLE
GRTST DEPTH: M ON M 7 = DUSTSTORM OR SANDSTORM:
VSBY 1/2 MILE OR LESS
8 = SMOKE OR HAZE
[NO. OF DAYS WITH] [WEATHER - DAYS WITH] 9 = BLOWING SNOW
X = TORNADO
MAX 32 OR BELOW: 8 0.01 INCH OR MORE: 4
MAX 90 OR ABOVE: 0 0.10 INCH OR MORE: 1
MIN 32 OR BELOW: 31 0.50 INCH OR MORE: 0
MIN 0 OR BELOW: 1 1.00 INCH OR MORE: 0
[HDD (BASE 65) ]
TOTAL THIS MO. 1270 CLEAR (SCALE 0-3) 21
DPTR FM NORMAL 82 PTCLDY (SCALE 4-7) 8
TOTAL FM JUL 1 2359 CLOUDY (SCALE 8-10) 2
DPTR FM NORMAL -36
[CDD (BASE 65) ]
TOTAL THIS MO. 0
DPTR FM NORMAL 0 [PRESSURE DATA]
TOTAL FM JAN 1 1654 HIGHEST SLP 30.72 ON 24
DPTR FM NORMAL 365 LOWEST SLP 29.80 ON 22
[REMARKS]
#FINAL-12-20#