000
CXUS55 KPUB 012029
CLMCOS
CLIMATE REPORT
NATIONAL WEATHER SERVICE
129 PM MST MON JAN 01 2024
...................................
...THE COLORADO SPRINGS CO CLIMATE SUMMARY FOR THE MONTH OF DECEMBER 2023...
CLIMATE NORMAL PERIOD 1991 TO 2020
CLIMATE RECORD PERIOD 1872 TO 2023
WEATHER OBSERVED NORMAL DEPART LAST YEAR`S
VALUE DATE(S) VALUE FROM VALUE DATE(S)
NORMAL
................................................................
TEMPERATURE (F)
RECORD
HIGH 77 12/23/1955
LOW -27 12/09/1919
HIGHEST 71 12/06 45 26 63 12/11
12/27
LOWEST 10 12/10 14 -4 -10 12/22
AVG. MAXIMUM 50.2 44.6 5.6 45.1
AVG. MINIMUM 24.6 18.7 5.9 16.2
MEAN 37.4 31.7 5.7 30.7
DAYS MAX >= 90 0 0.0 0.0
DAYS MAX <= 32 2 5.7 -3.7
DAYS MIN <= 32 27 29.8 -2.8
DAYS MIN <= 0 0 1.2 -1.2
PRECIPITATION (INCHES)
RECORD
MAXIMUM 2.54 1913
MINIMUM T 1995
TOTALS 0.57 0.23 0.34 0.50
DAILY AVG. 0.02 0.01 0.01
DAYS >= .01 4 3.7 0.3
DAYS >= .10 2 0.7 1.3
DAYS >= .50 0 0.0 0.0
DAYS >= 1.00 0 0.0 0.0
GREATEST
24 HR. TOTAL 0.29 12/13 TO 12/13 0.35
SNOWFALL (INCHES)
RECORDS
TOTAL 24.6 1913
TOTALS 8.4 4.1 4.3 3.9
SINCE 7/1 17.8 11.2 6.6 MM
SNOWDEPTH AVG. 0
DAYS >= 1.0 3 1.6 1.4
GREATEST
SNOW DEPTH 4 12/13 2
12/14
24 HR TOTAL 4.1 12/13 TO 12/13 2.0
DEGREE DAYS
HEATING TOTAL 847 1034 -187 1055
SINCE 7/1 1961 2390 -429 MM
COOLING TOTAL 0 0 0 0
SINCE 1/1 612 608 4 MM
................................................................
WIND (MPH)
AVERAGE WIND SPEED 8.1
HIGHEST WIND SPEED/DIRECTION 37/300 DATE 12/02
HIGHEST GUST SPEED/DIRECTION 60/300 DATE 12/02
SKY COVER
POSSIBLE SUNSHINE (PERCENT) MM
AVERAGE SKY COVER 0.51
NUMBER OF DAYS FAIR 10
NUMBER OF DAYS PC 15
NUMBER OF DAYS CLOUDY 6
AVERAGE RH (PERCENT) 52
WEATHER CONDITIONS. NUMBER OF DAYS WITH
THUNDERSTORM 0 MIXED PRECIP 0
HEAVY RAIN 0 RAIN 0
LIGHT RAIN 1 FREEZING RAIN 0
LT FREEZING RAIN 1 HAIL 0
HEAVY SNOW 2 SNOW 3
LIGHT SNOW 9 SLEET 0
FOG 5 FOG W/VIS <= 1/4 MILE 3
HAZE 0
- INDICATES NEGATIVE NUMBERS.
R INDICATES RECORD WAS SET OR TIED.
MM INDICATES DATA IS MISSING.
T INDICATES TRACE AMOUNT.
$$