000
CXUS56 KLOX 011155
CF6CQT
PRELIMINARY LOCAL CLIMATOLOGICAL DATA (WS FORM: F-6)
STATION: DOWNTOWN LOS ANGELES (USC) CA
MONTH: AUGUST
YEAR: 2022
LATITUDE: 34 1 N
LONGITUDE: 118 17 W
TEMPERATURE IN F: :PCPN: SNOW: WIND :SUNSHINE: SKY :PK WND
================================================================================
1 2 3 4 5 6A 6B 7 8 9 10 11 12 13 14 15 16 17 18
12Z AVG MX 2MIN
DY MAX MIN AVG DEP HDD CDD WTR SNW DPTH SPD SPD DIR MIN PSBL S-S WX SPD DR
================================================================================
1 85 67 76 2 0 11 0.00 M M 2.0 9 270 M M 1 1 14 260
2 81 65 73 -1 0 8 0.00 M M 2.5 10 260 M M 0 15 250
3 82 65 74 0 0 9 0.00 M M 2.5 8 280 M M 0 13 260
4 84 66 75 1 0 10 0.00 M M 1.3 8 270 M M 0 11 270
5 84 66 75 1 0 10 0.00 M M 2.2 10 260 M M 0 16 270
6 86 64 75 1 0 10 0.00 M M 2.3 12 260 M M 0 18 260
7 91 63 77 3 0 12 0.00 M M 1.0 9 260 M M 0 14 260
8 89 67 78 4 0 13 0.00 M M 1.2 7 260 M M 0 12 260
9 92 71 82 8 0 17 0.00 M M 1.2 9 250 M M 0 14 270
10 92 69 81 7 0 16 0.00 M M 1.3 8 270 M M 0 14 270
11 88 67 78 3 0 13 0.00 M M 1.4 12 270 M M 0 8 16 260
12 87 65 76 1 0 11 0.00 M M 1.2 9 270 M M 0 14 260
13 90 67 79 4 0 14 0.00 M M 1.5 8 260 M M 0 13 270
14 89 67 78 3 0 13 0.00 M M 1.7 9 260 M M 0 13 280
15 87 65 76 1 0 11 0.00 M M 1.0 9 270 M M 0 14 260
16 85 65 75 0 0 10 0.00 M M 1.3 8 270 M M 0 8 12 270
17 84 65 75 0 0 10 0.00 M M 1.3 8 260 M M 0 13 270
18 79 62 71 -4 0 6 0.00 M M 1.9 8 260 M M 0 1 14 250
19 82 62 72 -3 0 7 0.00 M M 1.3 9 260 M M 0 1 13 270
20 82 66 74 -1 0 9 0.00 M M 0.8 7 260 M M 3 14 250
21 80 65 73 -2 0 8 0.00 M M 1.2 8 270 M M 5 8 14 260
22 78 64 71 -4 0 6 0.00 M M 1.9 9 260 M M 5 1 13 280
23 81 63 72 -3 0 7 0.00 M M 1.4 8 270 M M 0 18 13 270
24 85 66 76 1 0 11 0.00 M M 0.3 7 260 M M 2 18 14 260
25 88 66 77 2 0 12 0.00 M M 2.0 8 260 M M 1 14 270
26 84 64 74 -1 0 9 0.00 M M 1.2 9 260 M M 1 18 14 280
27 83 65 74 -1 0 9 0.00 M M 2.0 9 270 M M 3 18 14 260
28 81 65 73 -2 0 8 0.00 M M 2.1 9 270 M M 4 14 260
29 79 64 72 -3 0 7 0.00 M M 1.8 9 270 M M 2 8 15 260
30 84 64 74 -1 0 9 0.00 M M 1.6 9 260 M M 0 16 280
31 91 67 79 4 0 14 0.00 M M 1.0 8 270 M M 0 16 280
================================================================================
SM 2633 2027 0 320 0.00 M 47.4 M 27
================================================================================
AV 84.9 65.4 1.5 FASTST M M 1 MAX(MPH)
MISC ----> # 12 260 18 260
================================================================================
NOTES:
# LAST OF SEVERAL OCCURRENCES
COLUMN 17 PEAK WIND IN M.P.H.
PRELIMINARY LOCAL CLIMATOLOGICAL DATA (WS FORM: F-6) , PAGE 2
STATION: DOWNTOWN LOS ANGELES (USC) CA
MONTH: AUGUST
YEAR: 2022
LATITUDE: 34 1 N
LONGITUDE: 118 17 W
[TEMPERATURE DATA] [PRECIPITATION DATA] SYMBOLS USED IN COLUMN 16
AVERAGE MONTHLY: 75.2 TOTAL FOR MONTH: 0.00 1 = FOG OR MIST
DPTR FM NORMAL: 0.5 DPTR FM NORMAL: 0.00 2 = FOG REDUCING VISIBILITY
HIGHEST: 92 ON 10, 9 GRTST 24HR 0.00 ON 2- 2 TO 1/4 MILE OR LESS
LOWEST: 62 ON 19,18 3 = THUNDER
SNOW, ICE PELLETS, HAIL 4 = ICE PELLETS
TOTAL MONTH: M 5 = HAIL
GRTST 24HR M ON M 6 = FREEZING RAIN OR DRIZZLE
GRTST DEPTH: M ON M 7 = DUSTSTORM OR SANDSTORM:
VSBY 1/2 MILE OR LESS
8 = SMOKE OR HAZE
[NO. OF DAYS WITH] [WEATHER - DAYS WITH] 9 = BLOWING SNOW
X = TORNADO
MAX 32 OR BELOW: 0 0.01 INCH OR MORE: 0
MAX 90 OR ABOVE: 5 0.10 INCH OR MORE: 0
MIN 32 OR BELOW: 0 0.50 INCH OR MORE: 0
MIN 0 OR BELOW: 0 1.00 INCH OR MORE: 0
[HDD (BASE 65) ]
TOTAL THIS MO. 0 CLEAR (SCALE 0-3) 28
DPTR FM NORMAL 0 PTCLDY (SCALE 4-7) 3
TOTAL FM JUL 1 0 CLOUDY (SCALE 8-10) 0
DPTR FM NORMAL 0
[CDD (BASE 65) ]
TOTAL THIS MO. 320
DPTR FM NORMAL 19 [PRESSURE DATA]
TOTAL FM JAN 1 880 HIGHEST SLP M ON M
DPTR FM NORMAL 32 LOWEST SLP 29.71 ON 19
[REMARKS]
#FINAL-08-22#