000
CXUS56 KLOX 011255
CF6CQT
PRELIMINARY LOCAL CLIMATOLOGICAL DATA (WS FORM: F-6)
STATION: DOWNTOWN LOS ANGELES (USC) CA
MONTH: NOVEMBER
YEAR: 2023
LATITUDE: 34 1 N
LONGITUDE: 118 17 W
TEMPERATURE IN F: :PCPN: SNOW: WIND :SUNSHINE: SKY :PK WND
================================================================================
1 2 3 4 5 6A 6B 7 8 9 10 11 12 13 14 15 16 17 18
12Z AVG MX 2MIN
DY MAX MIN AVG DEP HDD CDD WTR SNW DPTH SPD SPD DIR MIN PSBL S-S WX SPD DR
================================================================================
1 86 60 73 6 0 8 0.00 M M 1.7 8 270 M M 0 12 260
2 84 59 72 6 0 7 0.00 M M 0.7 7 260 M M 0 8 11 270
3 82 55 69 3 0 4 0.00 M M 0.5 7 260 M M 0 128 10 270
4 78 53 66 0 0 1 0.00 M M 0.7 7 270 M M 2 128 11 280
5 81 54 68 2 0 3 0.00 M M 0.7 7 260 M M 0 18 9 260
6 76 55 66 0 0 1 0.00 M M 0.6 7 260 M M 2 18 11 270
7 72 62 67 2 0 2 0.00 M M 1.2 8 340 M M 5 15 280
8 78 54 66 1 0 1 0.00 M M 1.2 9 360 M M 0 8 15 350
9 79 51 65 0 0 0 0.00 M M 0.3 6 170 M M 0 8 11 150
10 76 52 64 0 1 0 0.00 M M 0.3 7 270 M M 0 11 270
11 81 50 66 2 0 1 0.00 M M 1.2 7 270 M M 0 11 270
12 85 56 71 7 0 6 0.00 M M 1.0 6 270 M M 0 10 270
13 77 55 66 2 0 1 0.00 M M 0.8 7 130 M M 0 10 130
14 79 51 65 2 0 0 0.00 M M 0.9 7 260 M M 0 8 13 270
15 72 55 64 1 1 0 0.34 M M 2.3 12 80 M M 8 18 19 80
16 74 60 67 4 0 2 0.00 M M 1.6 8 260 M M 6 1 11 270
17 76 58 67 4 0 2 T M M 2.3 8 270 M M 2 13 140
18 70 63 67 5 0 2 0.02 M M 1.9 7 260 M M 8 1 13 270
19 73 57 65 3 0 0 T M M 2.3 12 320 M M 2 1 21 270
20 74 51 63 1 2 0 0.00 M M M M M M M 0 M M
21 81 51 66 4 0 1 0.00 M M 0.4 6 260 M M 0 8 9 260
22 82 56 69 8 0 4 0.00 M M 0.6 8 260 M M 0 8 12 260
23 72 58 65 4 0 0 0.00 M M 1.7 9 140 M M 1 13 140
24 70 57 64 3 1 0 0.00 M M 0.5 7 250 M M 2 13 270
25 70 54 62 2 3 0 0.00 M M 0.6 6 270 M M 2 10 260
26 71 50 61 1 4 0 0.00 M M 1.2 8 90 M M 0 11 90
27 73 52 63 3 2 0 0.00 M M 0.4 6 60 M M 0 8 9 30
28 72 51 62 2 3 0 0.00 M M 0.3 7 270 M M 0 8 11 270
29 67 50 59 -1 6 0 0.00 M M 0.5 9 270 M M 5 8 18 270
30 67 51 59 0 6 0 0.00 M M 0.8 9 260 M M 2 15 280
================================================================================
SM 2278 1641 29 46 0.36 M 29.2 M 47
================================================================================
AV 75.9 54.7 1.0 FASTST M M 2 MAX(MPH)
MISC ----> # 12 80 21 270
================================================================================
NOTES:
# LAST OF SEVERAL OCCURRENCES
COLUMN 17 PEAK WIND IN M.P.H.
PRELIMINARY LOCAL CLIMATOLOGICAL DATA (WS FORM: F-6) , PAGE 2
STATION: DOWNTOWN LOS ANGELES (USC) CA
MONTH: NOVEMBER
YEAR: 2023
LATITUDE: 34 1 N
LONGITUDE: 118 17 W
[TEMPERATURE DATA] [PRECIPITATION DATA] SYMBOLS USED IN COLUMN 16
AVERAGE MONTHLY: 65.3 TOTAL FOR MONTH: 0.36 1 = FOG OR MIST
DPTR FM NORMAL: 2.3 DPTR FM NORMAL: -0.42 2 = FOG REDUCING VISIBILITY
HIGHEST: 86 ON 1 GRTST 24HR 0.34 ON 15-15 TO 1/4 MILE OR LESS
LOWEST: 50 ON 29,26 3 = THUNDER
SNOW, ICE PELLETS, HAIL 4 = ICE PELLETS
TOTAL MONTH: M 5 = HAIL
GRTST 24HR M ON M 6 = FREEZING RAIN OR DRIZZLE
GRTST DEPTH: M ON M 7 = DUSTSTORM OR SANDSTORM:
VSBY 1/2 MILE OR LESS
8 = SMOKE OR HAZE
[NO. OF DAYS WITH] [WEATHER - DAYS WITH] 9 = BLOWING SNOW
X = TORNADO
MAX 32 OR BELOW: 0 0.01 INCH OR MORE: 2
MAX 90 OR ABOVE: 0 0.10 INCH OR MORE: 1
MIN 32 OR BELOW: 0 0.50 INCH OR MORE: 0
MIN 0 OR BELOW: 0 1.00 INCH OR MORE: 0
[HDD (BASE 65) ]
TOTAL THIS MO. 29 CLEAR (SCALE 0-3) 25
DPTR FM NORMAL -71 PTCLDY (SCALE 4-7) 4
TOTAL FM JUL 1 30 CLOUDY (SCALE 8-10) 1
DPTR FM NORMAL -88
[CDD (BASE 65) ]
TOTAL THIS MO. 46
DPTR FM NORMAL 6 [PRESSURE DATA]
TOTAL FM JAN 1 1202 HIGHEST SLP M ON M
DPTR FM NORMAL -92 LOWEST SLP 29.77 ON 23
[REMARKS]
#FINAL-11-23#