000
CXUS52 KILM 021222
CF6CRE
PRELIMINARY LOCAL CLIMATOLOGICAL DATA (WS FORM: F-6)
STATION: N.MYRTLE BEACH SOUTH CAROLINA
MONTH: JANUARY
YEAR: 2023
LATITUDE: 33 49 N
LONGITUDE: 78 43 W
TEMPERATURE IN F: :PCPN: SNOW: WIND :SUNSHINE: SKY :PK WND
================================================================================
1 2 3 4 5 6A 6B 7 8 9 10 11 12 13 14 15 16 17 18
12Z AVG MX 2MIN
DY MAX MIN AVG DEP HDD CDD WTR SNW DPTH SPD SPD DIR MIN PSBL S-S WX SPD DR
================================================================================
1 67 46 57 10 8 0 0.00 M M 4.4 13 220 M M 3 12 15 220
2 63 44 54 7 11 0 0.00 M M 2.6 10 190 M M 2 1 12 210
3 70 47 59 12 6 0 0.00 M M 3.8 15 220 M M 3 12 18 210
4 69 56 63 16 2 0 0.14 M M M M M M M 7 123 M M
5 70 48 59 12 6 0 0.00 M M 7.5 18 240 M M 4 12 23 230
6 61 37 49 2 16 0 0.00 M M 4.3 13 210 M M 0 1 19 280
7 56 34 45 -1 20 0 0.00 M M 2.4 10 150 M M 0 1 12 140
8 58 35 47 1 18 0 0.00 M M 3.1 9 100 M M 4 1 13 100
9 58 34 46 0 19 0 0.01 M M 4.9 20 10 M M 1 1 26 10
10 57 32 45 -1 20 0 0.00 M M 2.3 10 170 M M 0 1 13 140
11 57 34 46 0 19 0 0.00 M M 1.7 8 130 M M 0 1 12 120
12 66 42 54 8 11 0 0.00 M M 10.5 23 220 M M 5 1 28 200
13 65 47 56 10 9 0 0.12 M M 10.5 29 210 M M 7 1 36 230
14 47 37 42 -4 23 0 0.00 M M 8.9 20 340 M M 6 29 320
15 50 29 40 -6 25 0 0.00 M M 6.6 17 360 M M 0 22 10
16 53 26 40 -6 25 0 0.00 M M 3.5 12 190 M M 0 13 190
17 61 44 53 7 12 0 T M M 8.7 18 220 M M 5 21 220
18 70 52 61 15 4 0 0.00 M M 5.7 15 220 M M 4 1 18 220
19 68 54 61 15 4 0 0.00 M M 14.0 25 220 M M 4 12 34 220
20 67 42 55 9 10 0 0.00 M M 6.6 14 280 M M 0 22 240
21 51 42 47 1 18 0 0.00 M M 9.0 17 40 M M 0 23 40
22 60 45 53 7 12 0 1.50 M M 8.1 17 10 M M 10 1 25 280
23 57 38 48 2 17 0 0.01 M M 7.4 18 290 M M 6 29 280
24 50 28 39 -7 26 0 0.00 M M 3.8 13 220 M M 0 12 16 220
25 66 37 52 6 13 0 0.15 M M 11.4 26 230 M M 8 1 35 230
26 62 43 53 7 12 0 T M M 9.6 18 240 M M 2 25 240
27 53 36 45 -1 20 0 0.00 M M 4.1 13 300 M M 0 17 300
28 56 30 43 -3 22 0 0.00 M M 3.5 12 160 M M 0 13 180
29 64 33 49 3 16 0 0.06 M M 3.8 9 90 M M 4 1 13 90
30 64 56 60 14 5 0 0.40 M M 1.3 9 340 M M 10 12 13 340
31 62 53 58 12 7 0 T M M 2.1 7 140 M M 9 12 9 210
================================================================================
SM 1878 1261 436 0 2.39 M 176.1 M 104
================================================================================
AV 60.6 40.7 5.9 FASTST M M 3 MAX(MPH)
MISC ----> 29 210 36 230
================================================================================
NOTES:
# LAST OF SEVERAL OCCURRENCES
COLUMN 17 PEAK WIND IN M.P.H.
PRELIMINARY LOCAL CLIMATOLOGICAL DATA (WS FORM: F-6) , PAGE 2
STATION: N.MYRTLE BEACH SOUTH CAROLINA
MONTH: JANUARY
YEAR: 2023
LATITUDE: 33 49 N
LONGITUDE: 78 43 W
[TEMPERATURE DATA] [PRECIPITATION DATA] SYMBOLS USED IN COLUMN 16
AVERAGE MONTHLY: 50.6 TOTAL FOR MONTH: 2.39 1 = FOG OR MIST
DPTR FM NORMAL: 4.4 DPTR FM NORMAL: -0.62 2 = FOG REDUCING VISIBILITY
HIGHEST: 70 ON 18, 5 GRTST 24HR 1.53 ON 22-23 TO 1/4 MILE OR LESS
LOWEST: 26 ON 16 3 = THUNDER
SNOW, ICE PELLETS, HAIL 4 = ICE PELLETS
TOTAL MONTH: M 5 = HAIL
GRTST 24HR M ON M 6 = FREEZING RAIN OR DRIZZLE
GRTST DEPTH: M ON M 7 = DUSTSTORM OR SANDSTORM:
VSBY 1/2 MILE OR LESS
8 = SMOKE OR HAZE
[NO. OF DAYS WITH] [WEATHER - DAYS WITH] 9 = BLOWING SNOW
X = TORNADO
MAX 32 OR BELOW: 0 0.01 INCH OR MORE: 8
MAX 90 OR ABOVE: 0 0.10 INCH OR MORE: 5
MIN 32 OR BELOW: 5 0.50 INCH OR MORE: 1
MIN 0 OR BELOW: 0 1.00 INCH OR MORE: 1
[HDD (BASE 65) ]
TOTAL THIS MO. 436 CLEAR (SCALE 0-3) 15
DPTR FM NORMAL -147 PTCLDY (SCALE 4-7) 13
TOTAL FM JUL 1 1287 CLOUDY (SCALE 8-10) 3
DPTR FM NORMAL -142
[CDD (BASE 65) ]
TOTAL THIS MO. 0
DPTR FM NORMAL 0 [PRESSURE DATA]
TOTAL FM JAN 1 0 HIGHEST SLP 30.48 ON 28
DPTR FM NORMAL 0 LOWEST SLP 29.64 ON 13
[REMARKS]
#FINAL-01-23#