000
CXUS56 KSGX 011245
CF6CRQ
PRELIMINARY LOCAL CLIMATOLOGICAL DATA (WS FORM: F-6)
STATION: CARLSBAD PALOMAR AIRPORT CA
MONTH: SEPTEMBER
YEAR: 2020
LATITUDE: 33 7 N
LONGITUDE: 117 17 W
TEMPERATURE IN F: :PCPN: SNOW: WIND :SUNSHINE: SKY :PK WND
================================================================================
1 2 3 4 5 6A 6B 7 8 9 10 11 12 13 14 15 16 17 18
12Z AVG MX 2MIN
DY MAX MIN AVG DEP HDD CDD WTR SNW DPTH SPD SPD DIR MIN PSBL S-S WX SPD DR
================================================================================
1 75 67 71 1 0 6 0.00 0.0 0 3.5 14 240 M M 7 20 260
2 73 64 69 -1 0 4 0.00 0.0 0 4.1 13 260 M M 5 16 300
3 76 67 72 2 0 7 0.00 0.0 0 3.5 12 230 M M 3 18 16 240
4 79 67 73 3 0 8 0.00 0.0 0 3.2 12 250 M M 3 18 16 240
5 88 68 78 8 0 13 0.00 0.0 0 3.4 12 260 M M 0 8 13 270
6 101 75 88 18 0 23 0.00 0.0 0 3.7 10 200 M M 0 13 230
7 78 70 74 4 0 9 0.00 0.0 0 4.8 13 230 M M 2 18 15 220
8 75 69 72 2 0 7 0.00 0.0 0 3.9 12 190 M M 7 18 14 190
9 79 65 72 3 0 7 0.00 0.0 0 3.4 10 260 M M 1 18 15 260
10 81 61 71 2 0 6 0.00 0.0 0 2.9 9 260 M M 0 8 13 260
11 77 62 70 1 0 5 0.00 0.0 0 1.9 10 250 M M 1 18 13 250
12 77 62 70 1 0 5 0.00 0.0 0 2.9 9 260 M M 0 8 13 260
13 75 63 69 0 0 4 0.00 0.0 0 2.3 10 260 M M 3 128 14 250
14 78 62 70 1 0 5 0.00 0.0 0 2.3 9 250 M M 0 18 13 250
15 79 63 71 2 0 6 0.00 0.0 0 2.5 10 260 M M 0 18 14 260
16 84 64 74 5 0 9 0.00 0.0 0 M M M M M M M M
17 87 65 76 7 0 11 0.00 0.0 0 1.8 9 280 M M 0 8 14 260
18 89 65 77 9 0 12 0.00 0.0 0 2.5 12 260 M M 0 16 270
19 79 66 73 5 0 8 0.00 0.0 0 3.9 10 240 M M 1 15 270
20 73 65 69 1 0 4 0.00 0.0 0 4.3 12 260 M M 6 15 250
21 74 64 69 1 0 4 0.00 0.0 0 3.6 12 220 M M 6 18 18 250
22 75 64 70 2 0 5 0.00 0.0 0 2.9 10 250 M M 5 18 16 260
23 78 62 70 2 0 5 0.00 0.0 0 2.0 10 240 M M 2 128 13 270
24 78 61 70 2 0 5 0.00 0.0 0 3.9 10 240 M M 4 12 14 220
25 73 65 69 1 0 4 0.00 0.0 0 4.1 10 240 M M 4 18 15 260
26 73 64 69 1 0 4 0.00 0.0 0 3.5 10 240 M M 7 18 15 230
27 71 65 68 1 0 3 0.00 0.0 0 3.3 12 250 M M 6 14 230
28 78 61 70 3 0 5 0.00 0.0 0 2.2 12 240 M M 1 128 14 250
29 83 63 73 6 0 8 0.00 0.0 0 2.7 12 260 M M 4 128 14 250
30 92 67 80 13 0 15 0.00 0.0 0 2.3 12 250 M M 0 14 290
================================================================================
SM 2378 1946 0 217 0.00 0.0 91.3 M 78
================================================================================
AV 79.3 64.9 3.1 FASTST M M 3 MAX(MPH)
MISC ----> # 14 240 # 20 260
================================================================================
NOTES:
# LAST OF SEVERAL OCCURRENCES
COLUMN 17 PEAK WIND IN M.P.H.
PRELIMINARY LOCAL CLIMATOLOGICAL DATA (WS FORM: F-6) , PAGE 2
STATION: CARLSBAD PALOMAR AIRPORT CA
MONTH: SEPTEMBER
YEAR: 2020
LATITUDE: 33 7 N
LONGITUDE: 117 17 W
[TEMPERATURE DATA] [PRECIPITATION DATA] SYMBOLS USED IN COLUMN 16
AVERAGE MONTHLY: 72.1 TOTAL FOR MONTH: 0.00 1 = FOG OR MIST
DPTR FM NORMAL: 3.5 DPTR FM NORMAL: -0.25 2 = FOG REDUCING VISIBILITY
HIGHEST: 101 ON 6 GRTST 24HR 0.00 ON 30-30 TO 1/4 MILE OR LESS
LOWEST: 61 ON 28,24 3 = THUNDER
SNOW, ICE PELLETS, HAIL 4 = ICE PELLETS
TOTAL MONTH: 0.0 INCH 5 = HAIL
GRTST 24HR 0.0 6 = FREEZING RAIN OR DRIZZLE
GRTST DEPTH: 0 7 = DUSTSTORM OR SANDSTORM:
VSBY 1/2 MILE OR LESS
8 = SMOKE OR HAZE
[NO. OF DAYS WITH] [WEATHER - DAYS WITH] 9 = BLOWING SNOW
X = TORNADO
MAX 32 OR BELOW: 0 0.01 INCH OR MORE: 0
MAX 90 OR ABOVE: 2 0.10 INCH OR MORE: 0
MIN 32 OR BELOW: 0 0.50 INCH OR MORE: 0
MIN 0 OR BELOW: 0 1.00 INCH OR MORE: 0
[HDD (BASE 65) ]
TOTAL THIS MO. 0 CLEAR (SCALE 0-3) 17
DPTR FM NORMAL -4 PTCLDY (SCALE 4-7) 12
TOTAL FM JUL 1 0 CLOUDY (SCALE 8-10) 0
DPTR FM NORMAL -7
[CDD (BASE 65) ]
TOTAL THIS MO. 217
DPTR FM NORMAL 104 [PRESSURE DATA]
TOTAL FM JAN 1 731 HIGHEST SLP 29.98 ON 16
DPTR FM NORMAL 312 LOWEST SLP 29.60 ON 8
[REMARKS]
#FINAL-09-20#