535
CXUS54 KFWD 010730
CF6CRS
PRELIMINARY LOCAL CLIMATOLOGICAL DATA (WS FORM: F-6)
STATION: CORSICANA
MONTH: SEPTEMBER
YEAR: 2020
LATITUDE: 32 1 N
LONGITUDE: 96 24 W
TEMPERATURE IN F: :PCPN: SNOW: WIND :SUNSHINE: SKY :PK WND
================================================================================
1 2 3 4 5 6A 6B 7 8 9 10 11 12 13 14 15 16 17 18
12Z AVG MX 2MIN
DY MAX MIN AVG DEP HDD CDD WTR SNW DPTH SPD SPD DIR MIN PSBL S-S WX SPD DR
================================================================================
1 100 73 87 5 0 22 4.08 0.0 0 12.5 38 310 M M 7 13 55 310
2 77 72 75 -7 0 10 T 0.0 0 5.4 16 170 M M 4 13 21 180
3 79 71 75 -7 0 10 1.77 0.0 0 5.1 12 170 M M 6 123 15 170
4 86 72 79 -3 0 14 T 0.0 0 4.9 13 110 M M 4 1 20 110
5 86 75 81 0 0 16 0.03 0.0 0 4.3 18 120 M M 2 24 120
6 91 72 82 1 0 17 0.00 0.0 0 4.4 9 150 M M 0 13 180
7 93 74 84 3 0 19 0.00 0.0 0 8.8 17 150 M M 1 23 150
8 88 75 82 2 0 17 0.23 0.0 0 8.7 28 190 M M 2 138 41 180
9 89 63 76 -4 0 11 1.66 0.0 0 8.9 17 310 M M 5 13 27 260
10 71 59 65 -15 0 0 0.01 0.0 0 9.3 17 310 M M 9 1 22 310
11 84 67 76 -3 0 11 0.00 0.0 0 6.0 14 330 M M 7 21 310
12 89 69 79 0 0 14 0.00 0.0 0 4.7 10 20 M M 0 16 360
13 91 72 82 3 0 17 0.00 0.0 0 7.0 13 360 M M 0 19 10
14 89 69 79 1 0 14 0.00 0.0 0 7.1 15 30 M M 1 23 40
15 89 72 81 3 0 16 0.00 0.0 0 5.8 14 350 M M 3 1 19 350
16 91 72 82 4 0 17 0.00 0.0 0 5.8 14 340 M M 1 1 18 350
17 88 73 81 4 0 16 T 0.0 0 6.0 15 60 M M 2 3 24 70
18 87 68 78 1 0 13 0.00 0.0 0 6.5 15 40 M M 0 21 50
19 81 64 73 -4 0 8 0.00 0.0 0 6.9 15 40 M M 0 18 22 10
20 84 58 71 -5 0 6 0.00 0.0 0 8.0 15 40 M M 3 23 60
21 76 67 72 -4 0 7 0.19 0.0 0 9.7 15 60 M M 10 1 26 50
22 74 67 71 -5 0 6 0.02 0.0 0 7.2 13 40 M M 9 1 17 70
23 74 65 70 -5 0 5 T 0.0 0 7.7 16 350 M M 9 1 22 10
24 71 62 67 -8 0 2 T 0.0 0 4.8 13 340 M M 8 18 16 330
25 82 57 70 -4 0 5 0.00 0.0 0 4.7 12 180 M M 0 1 17 200
26 87 64 76 2 0 11 0.00 0.0 0 9.5 16 210 M M 2 1 24 200
27 90 70 80 6 0 15 0.00 0.0 0 12.4 20 200 M M 6 35 190
28 79 56 68 -6 0 3 T 0.0 0 13.1 28 340 M M 3 40 350
29 81 48 65 -8 0 0 0.00 0.0 0 7.5 20 310 M M 0 27 290
30 88 53 71 -2 0 6 0.00 0.0 0 8.2 14 190 M M 0 20 220
================================================================================
SM 2535 1999 0 328 7.99 0.0 220.9 M 104
================================================================================
AV 84.5 66.6 7.4 FASTST M M 3 MAX(MPH)
MISC ----> # 38 310 # 55 310
================================================================================
NOTES:
# LAST OF SEVERAL OCCURRENCES
COLUMN 17 PEAK WIND IN M.P.H.
PRELIMINARY LOCAL CLIMATOLOGICAL DATA (WS FORM: F-6) , PAGE 2
STATION: CORSICANA
MONTH: SEPTEMBER
YEAR: 2020
LATITUDE: 32 1 N
LONGITUDE: 96 24 W
[TEMPERATURE DATA] [PRECIPITATION DATA] SYMBOLS USED IN COLUMN 16
AVERAGE MONTHLY: 75.6 TOTAL FOR MONTH: 7.99 1 = FOG OR MIST
DPTR FM NORMAL: -2.2 DPTR FM NORMAL: 5.36 2 = FOG REDUCING VISIBILITY
HIGHEST: 100 ON 1 GRTST 24HR 4.08 ON 1- 1 TO 1/4 MILE OR LESS
LOWEST: 48 ON 29 3 = THUNDER
SNOW, ICE PELLETS, HAIL 4 = ICE PELLETS
TOTAL MONTH: 0.0 INCH 5 = HAIL
GRTST 24HR 0.0 6 = FREEZING RAIN OR DRIZZLE
GRTST DEPTH: 0 7 = DUSTSTORM OR SANDSTORM:
VSBY 1/2 MILE OR LESS
8 = SMOKE OR HAZE
[NO. OF DAYS WITH] [WEATHER - DAYS WITH] 9 = BLOWING SNOW
X = TORNADO
MAX 32 OR BELOW: 0 0.01 INCH OR MORE: 8
MAX 90 OR ABOVE: 6 0.10 INCH OR MORE: 5
MIN 32 OR BELOW: 0 0.50 INCH OR MORE: 3
MIN 0 OR BELOW: 0 1.00 INCH OR MORE: 3
[HDD (BASE 65) ]
TOTAL THIS MO. 0 CLEAR (SCALE 0-3) 17
DPTR FM NORMAL -3 PTCLDY (SCALE 4-7) 8
TOTAL FM JUL 1 0 CLOUDY (SCALE 8-10) 5
DPTR FM NORMAL -3
[CDD (BASE 65) ]
TOTAL THIS MO. 328
DPTR FM NORMAL -57 [PRESSURE DATA]
TOTAL FM JAN 1 2655 HIGHEST SLP M ON M
DPTR FM NORMAL 220 LOWEST SLP 29.69 ON 1
[REMARKS]
#FINAL-09-20#