000
CXUS52 KFFC 150414
CF6CSG
PRELIMINARY LOCAL CLIMATOLOGICAL DATA (WS FORM: F-6)
STATION: COLUMBUS
MONTH: JANUARY
YEAR: 2024
LATITUDE: 32 31 N
LONGITUDE: 84 56 W
TEMPERATURE IN F: :PCPN: SNOW: WIND :SUNSHINE: SKY :PK WND
================================================================================
1 2 3 4 5 6A 6B 7 8 9 10 11 12 13 14 15 16 17 18
12Z AVG MX 2MIN
DY MAX MIN AVG DEP HDD CDD WTR SNW DPTH SPD SPD DIR MIN PSBL S-S WX SPD DR
================================================================================
1 61 34 48 0 17 0 0.00 0.0 M 6.4 20 330 M M 0 18 26 320
2 54 31 43 -5 22 0 0.00 0.0 M 2.5 9 30 M M 0 18 20
3 44 28 36 -12 29 0 0.06 0.0 M 1.7 9 310 M M 6 12 310
4 58 35 47 -1 18 0 0.00 0.0 M 5.8 15 20 M M 1 1 25 30
5 58 33 46 -2 19 0 0.14 M M 8.9 17 100 M M 2 1 26 110
6 60 42 51 3 14 0 0.18 M M 8.0 22 130 M M 8 1 37 120
7 56 38 47 -1 18 0 0.00 0.0 M 9.0 22 310 M M 5 34 310
8 54 35 45 -3 20 0 0.37 M M 10.0 21 110 M M 3 1 29 80
9 65 44 55 7 10 0 2.84 M M 14.7 33 270 M M 9 13 50 280
10 54 35 45 -3 20 0 0.00 0.0 M 7.1 24 280 M M 1 8 34 300
11 61 32 47 -1 18 0 0.00 0.0 M 1.3 7 80 M M 0 9 200
12 65 43 54 6 11 0 0.42 M M 8.6 21 330 M M 8 1 29 310
13 53 33 43 -5 22 0 0.00 0.0 M 9.4 22 290 M M 0 29 290
14 61 28 45 -3 20 0 0.00 0.0 M 2.2 16 300 M M 0 8 22 290
15 65 33 49 1 16 0 T M M 3.2 13 190 M M 1 18 200
16 54 22 38 -10 27 0 0.05 M M 12.1 22 330 M M 5 1 33 360
17 43 17 30 -18 35 0 0.00 0.0 M 4.6 12 330 M M 0 15 330
18 55 22 39 -9 26 0 0.03 M M 3.1 10 150 M M 3 18 13 90
19 52 33 43 -5 22 0 0.05 M M 10.8 24 330 M M 3 1 31 330
20 40 24 32 -16 33 0 0.00 M M 8.9 17 350 M M 0 27 340
21 45 19 32 -16 33 0 0.00 0.0 M 4.5 13 110 M M 0 17 10
22 59 30 45 -3 20 0 0.00 0.0 M 8.4 14 90 M M 2 21 100
23 64 48 56 7 9 0 T 0.0 M M 14 90 M M M 21 80
24 62 46 54 5 11 0 0.15 0.0 M M M M M M M M M
25 76 63 70 21 0 5 1.66 0.0 M M 21 210 M M M 29 210
26 74 58 66 17 0 1 0.00 0.0 M 1.5 8 M M M M 12 180
27 66 57 62 13 3 0 0.64 0.0 M M 20 310 M M M 27 300
28 57 47 52 3 13 0 0.00 0.0 M M 24 300 M M M 33 310
29 60 42 51 2 14 0 0.00 0.0 M 9.0 17 340 M M M 26 350
30 64 31 48 -1 17 0 0.00 0.0 M 3.8 15 240 M M M 21 230
31 59 44 52 2 13 0 0.00 0.0 M 6.9 18 20 M M 0 31 50
================================================================================
SM 1799 1127 550 6 6.59 0.0 172.4 M 57
================================================================================
AV 58.0 36.4 6.6 FASTST M M 2 MAX(MPH)
MISC ----> 33 270 50 280
================================================================================
NOTES:
# LAST OF SEVERAL OCCURRENCES
COLUMN 17 PEAK WIND IN M.P.H.
PRELIMINARY LOCAL CLIMATOLOGICAL DATA (WS FORM: F-6) , PAGE 2
STATION: COLUMBUS
MONTH: JANUARY
YEAR: 2024
LATITUDE: 32 31 N
LONGITUDE: 84 56 W
[TEMPERATURE DATA] [PRECIPITATION DATA] SYMBOLS USED IN COLUMN 16
AVERAGE MONTHLY: 47.2 TOTAL FOR MONTH: 6.59 1 = FOG OR MIST
DPTR FM NORMAL: -1.3 DPTR FM NORMAL: 2.35 2 = FOG REDUCING VISIBILITY
HIGHEST: 76 ON 25 GRTST 24HR 3.62 ON 8- 9 TO 1/4 MILE OR LESS
LOWEST: 17 ON 17 3 = THUNDER
SNOW, ICE PELLETS, HAIL 4 = ICE PELLETS
TOTAL MONTH: 0.0 INCH 5 = HAIL
GRTST 24HR 0.0 6 = FREEZING RAIN OR DRIZZLE
GRTST DEPTH: M ON M 7 = DUSTSTORM OR SANDSTORM:
VSBY 1/2 MILE OR LESS
8 = SMOKE OR HAZE
[NO. OF DAYS WITH] [WEATHER - DAYS WITH] 9 = BLOWING SNOW
X = TORNADO
MAX 32 OR BELOW: 0 0.01 INCH OR MORE: 12
MAX 90 OR ABOVE: 0 0.10 INCH OR MORE: 8
MIN 32 OR BELOW: 11 0.50 INCH OR MORE: 3
MIN 0 OR BELOW: 0 1.00 INCH OR MORE: 2
[HDD (BASE 65) ]
TOTAL THIS MO. 550 CLEAR (SCALE 0-3) 16
DPTR FM NORMAL 35 PTCLDY (SCALE 4-7) 6
TOTAL FM JUL 1 1259 CLOUDY (SCALE 8-10) 9
DPTR FM NORMAL -26
[CDD (BASE 65) ]
TOTAL THIS MO. 6
DPTR FM NORMAL 4 [PRESSURE DATA]
TOTAL FM JAN 1 6 HIGHEST SLP 30.64 ON 21
DPTR FM NORMAL 4 LOWEST SLP 29.43 ON 9
[REMARKS]
#FINAL-01-24#