000
CXUS55 KCAE 011400
CF6CUB
PRELIMINARY LOCAL CLIMATOLOGICAL DATA (WS FORM: F-6)
STATION: HAMILTON - OWENS AIRPORT SC
MONTH: JULY
YEAR: 2020
LATITUDE: 33 58 N
LONGITUDE: 80 59 W
TEMPERATURE IN F: :PCPN: SNOW: WIND :SUNSHINE: SKY :PK WND
================================================================================
1 2 3 4 5 6A 6B 7 8 9 10 11 12 13 14 15 16 17 18
12Z AVG MX 2MIN
DY MAX MIN AVG DEP HDD CDD WTR SNW DPTH SPD SPD DIR MIN PSBL S-S WX SPD DR
================================================================================
1 90 73 82 0 0 17 0.01 M M 1.4 14 240 M M 3 13 20 200
2 95 73 84 2 0 19 0.00 M M 2.1 8 70 M M 1 12 14 60
3 95 73 84 2 0 19 0.00 M M 1.2 8 60 M M 1 1 11 60
4 94 73 84 2 0 19 0.00 M M 1.7 9 190 M M 0 18 12 180
5 92 72 82 0 0 17 0.00 M M 2.7 15 170 M M 0 1 19 170
6 87 74 81 -1 0 16 0.24 M M 2.5 15 170 M M 4 138 20 180
7 82 73 78 -4 0 13 0.33 M M 1.9 8 130 M M 8 1 14 130
8 88 74 81 -1 0 16 0.08 M M 2.2 9 70 M M 8 18 14 20
9 90 75 83 0 0 18 0.15 M M 1.9 9 60 M M 5 13 13 80
10 94 75 85 2 0 20 0.00 M M 2.4 9 260 M M 2 1 12 200
11 95 75 85 2 0 20 0.00 M M 2.7 12 260 M M 2 17 280
12 95 72 84 1 0 19 0.00 M M 2.1 12 190 M M 1 14 230
13 96 76 86 3 0 21 0.00 M M 3.0 13 320 M M 1 20 290
14 96 74 85 2 0 20 T M M 2.2 10 190 M M 3 38 14 200
15 97 77 87 4 0 22 0.00 M M 2.0 13 170 M M 2 18 17 170
16 95 77 86 3 0 21 0.00 M M 3.3 10 120 M M 2 18 16 180
17 95 75 85 2 0 20 0.00 M M 2.5 12 190 M M 1 18 15 190
18 96 76 86 3 0 21 0.00 M M 2.6 10 20 M M 1 3 16 140
19 97 76 87 4 0 22 0.00 M M 4.1 12 290 M M 0 3 17 290
20 99 78 89 6 0 24 0.00 M M 3.7 10 190 M M 0 38 14 210
21 96 76 86 3 0 21 0.58 M M 3.5 20 200 M M 1 138 24 190
22 96 74 85 2 0 20 0.00 M M 4.1 12 190 M M 1 16 170
23 96 76 86 3 0 21 0.00 M M 3.1 12 250 M M 0 18 160
24 95 74 85 2 0 20 0.83 M M 2.5 17 190 M M 4 13 24 190
25 92 74 83 0 0 18 0.47 M M 1.4 15 180 M M 2 13 20 180
26 92 72 82 -1 0 17 0.00 M M 2.6 13 180 M M 0 1 16 190
27 97 76 87 4 0 22 0.41 M M 3.2 20 180 M M 1 138 40 180
28 98 76 87 4 0 22 0.56 M M 4.6 17 180 M M 2 13 23 330
29 92 75 84 1 0 19 0.76 M M 4.4 15 220 M M 3 13 21 250
30 90 75 83 0 0 18 0.08 M M 3.9 18 260 M M 5 138 23 270
31 96 76 86 3 0 21 0.00 M M 7.3 15 240 M M 1 22 250
================================================================================
SM 2908 2315 0 603 4.50 M 88.8 M 65
================================================================================
AV 93.8 74.7 2.9 FASTST M M 2 MAX(MPH)
MISC ----> # 20 200 # 40 180
================================================================================
NOTES:
# LAST OF SEVERAL OCCURRENCES
COLUMN 17 PEAK WIND IN M.P.H.
PRELIMINARY LOCAL CLIMATOLOGICAL DATA (WS FORM: F-6) , PAGE 2
STATION: HAMILTON - OWENS AIRPORT SC
MONTH: JULY
YEAR: 2020
LATITUDE: 33 58 N
LONGITUDE: 80 59 W
[TEMPERATURE DATA] [PRECIPITATION DATA] SYMBOLS USED IN COLUMN 16
AVERAGE MONTHLY: 84.2 TOTAL FOR MONTH: 4.50 1 = FOG OR MIST
DPTR FM NORMAL: 1.5 DPTR FM NORMAL: -0.68 2 = FOG REDUCING VISIBILITY
HIGHEST: 99 ON 20 GRTST 24HR 0.83 ON 24-24 TO 1/4 MILE OR LESS
LOWEST: 72 ON 26,12 3 = THUNDER
SNOW, ICE PELLETS, HAIL 4 = ICE PELLETS
TOTAL MONTH: M 5 = HAIL
GRTST 24HR M ON M 6 = FREEZING RAIN OR DRIZZLE
GRTST DEPTH: M ON M 7 = DUSTSTORM OR SANDSTORM:
VSBY 1/2 MILE OR LESS
8 = SMOKE OR HAZE
[NO. OF DAYS WITH] [WEATHER - DAYS WITH] 9 = BLOWING SNOW
X = TORNADO
MAX 32 OR BELOW: 0 0.01 INCH OR MORE: 12
MAX 90 OR ABOVE: 28 0.10 INCH OR MORE: 9
MIN 32 OR BELOW: 0 0.50 INCH OR MORE: 4
MIN 0 OR BELOW: 0 1.00 INCH OR MORE: 0
[HDD (BASE 65) ]
TOTAL THIS MO. 0 CLEAR (SCALE 0-3) 24
DPTR FM NORMAL 0 PTCLDY (SCALE 4-7) 7
TOTAL FM JUL 1 0 CLOUDY (SCALE 8-10) 0
DPTR FM NORMAL 0
[CDD (BASE 65) ]
TOTAL THIS MO. 603
DPTR FM NORMAL 56 [PRESSURE DATA]
TOTAL FM JAN 1 1417 HIGHEST SLP 30.17 ON 26
DPTR FM NORMAL 101 LOWEST SLP 29.84 ON 31
[REMARKS]
#FINAL-07-20#