000
CXUS52 KCHS 020212
CF6CXM
PRELIMINARY LOCAL CLIMATOLOGICAL DATA (WS FORM: F-6)
STATION: DOWNTOWN CHARLESTON SC
MONTH: MARCH
YEAR: 2022
LATITUDE: 32 46 N
LONGITUDE: 79 56 W
TEMPERATURE IN F: :PCPN: SNOW: WIND :SUNSHINE: SKY :PK WND
================================================================================
1 2 3 4 5 6A 6B 7 8 9 10 11 12 13 14 15 16 17 18
12Z AVG MX 2MIN
DY MAX MIN AVG DEP HDD CDD WTR SNW DPTH SPD SPD DIR MIN PSBL S-S WX SPD DR
================================================================================
1 68 48 58 2 7 0 0.00 M M 6.9 12 350 M M M 16 350
2 74 53 64 8 1 0 0.00 M M 4.2 9 160 M M M 11 210
3 80 56 68 12 0 3 0.00 M M 5.6 14 210 M M M 18 210
4 65 54 60 4 5 0 0.00 M M 10.4 21 60 M M M 26 60
5 66 57 62 5 3 0 0.00 M M 5.8 9 170 M M M 12 40
6 75 61 68 11 0 3 0.00 M M 5.6 15 210 M M M 20 190
7 74 65 70 13 0 5 0.00 M M 10.7 18 210 M M M 27 220
8 76 65 71 14 0 6 0.12 M M 6.0 13 220 M M M 20 230
9 71 65 68 11 0 3 0.36 M M 6.3 15 210 M M M 21 220
10 66 53 60 2 5 0 0.23 M M 7.3 19 100 M M M 22 100
11 60 52 56 -2 9 0 0.02 M M 6.9 14 70 M M M 16 70
12 70 38 54 -4 11 0 0.03 M M 14.9 30 210 M M M 39 210
13 48 33 41 -17 24 0 0.00 M M 6.3 14 20 M M M 17 10
14 63 45 54 -4 11 0 0.00 M M 5.3 13 100 M M M 16 100
15 68 53 61 3 4 0 0.00 M M 6.5 13 100 M M M 16 130
16 66 62 64 5 1 0 0.14 M M 9.8 19 110 M M M 23 110
17 72 57 65 6 0 0 0.00 M M 5.3 13 160 M M M 15 160
18 70 59 65 6 0 0 0.10 M M 5.5 20 180 M M M 27 180
19 73 65 69 10 0 4 0.00 M M 10.5 23 190 M M M 30 220
20 70 55 63 3 2 0 0.00 M M 6.9 13 310 M M M 23 310
21 64 54 59 -1 6 0 0.00 M M 8.1 13 90 M M M 17 90
22 69 59 64 4 1 0 0.00 M M 5.8 10 100 M M M 12 100
23 73 66 70 10 0 5 0.06 M M 13.6 24 200 M M M 30 200
24 70 58 64 4 1 0 1.17 M M 5.9 16 190 M M M 19 190
25 71 55 63 2 2 0 0.12 M M 7.7 17 210 M M M 23 210
26 69 51 60 -1 5 0 0.00 M M 7.7 16 270 M M M 26 280
27 71 49 60 -1 5 0 0.00 M M 6.2 13 290 M M M 24 290
28 67 53 60 -1 5 0 0.00 M M 5.6 14 180 M M M 18 210
29 62 52 57 -5 8 0 0.00 M M 10.9 17 70 M M M 22 70
30 72 61 67 5 0 2 0.00 M M 11.4 18 170 M M M 26 160
31 73 67 70 8 0 5 0.10 M M 15.7 26 190 M M M 33 190
================================================================================
SM 2136 1721 116 36 2.45 M 245.3 M M
================================================================================
AV 68.9 55.5 7.9 FASTST M M M MAX(MPH)
MISC ----> 30 210 39 210
================================================================================
NOTES:
# LAST OF SEVERAL OCCURRENCES
COLUMN 17 PEAK WIND IN M.P.H.
PRELIMINARY LOCAL CLIMATOLOGICAL DATA (WS FORM: F-6) , PAGE 2
STATION: DOWNTOWN CHARLESTON SC
MONTH: MARCH
YEAR: 2022
LATITUDE: 32 46 N
LONGITUDE: 79 56 W
[TEMPERATURE DATA] [PRECIPITATION DATA] SYMBOLS USED IN COLUMN 16
AVERAGE MONTHLY: 62.2 TOTAL FOR MONTH: 2.45 1 = FOG OR MIST
DPTR FM NORMAL: 3.4 DPTR FM NORMAL: -0.58 2 = FOG REDUCING VISIBILITY
HIGHEST: 80 ON 3 GRTST 24HR 1.17 ON 24-24 TO 1/4 MILE OR LESS
LOWEST: 33 ON 13 3 = THUNDER
SNOW, ICE PELLETS, HAIL 4 = ICE PELLETS
TOTAL MONTH: M 5 = HAIL
GRTST 24HR M ON M 6 = FREEZING RAIN OR DRIZZLE
GRTST DEPTH: M ON M 7 = DUSTSTORM OR SANDSTORM:
VSBY 1/2 MILE OR LESS
8 = SMOKE OR HAZE
[NO. OF DAYS WITH] [WEATHER - DAYS WITH] 9 = BLOWING SNOW
X = TORNADO
MAX 32 OR BELOW: 0 0.01 INCH OR MORE: 11
MAX 90 OR ABOVE: 0 0.10 INCH OR MORE: 8
MIN 32 OR BELOW: 0 0.50 INCH OR MORE: 1
MIN 0 OR BELOW: 0 1.00 INCH OR MORE: 1
[HDD (BASE 65) ]
TOTAL THIS MO. 116 CLEAR (SCALE 0-3) 0
DPTR FM NORMAL -97 PTCLDY (SCALE 4-7) 0
TOTAL FM JUL 1 1235 CLOUDY (SCALE 8-10) 31
DPTR FM NORMAL -323
[CDD (BASE 65) ]
TOTAL THIS MO. 36
DPTR FM NORMAL 15 [PRESSURE DATA]
TOTAL FM JAN 1 53 HIGHEST SLP M ON M
DPTR FM NORMAL 27 LOWEST SLP 29.33 ON 12
[REMARKS]
#FINAL-03-22#