000
CXUS55 KCYS 111937
CF6CYS
PRELIMINARY LOCAL CLIMATOLOGICAL DATA (WS FORM: F-6)...CORRECTED
STATION: CHEYENNE WYOMING AIRPORT
MONTH: AUGUST
YEAR: 2021
LATITUDE: 41 9 N
LONGITUDE: 104 49 W
TEMPERATURE IN F: :PCPN: SNOW: WIND :SUNSHINE: SKY :PK WND
================================================================================
1 2 3 4 5 6A 6B 7 8 9 10 11 12 13 14 15 16 17 18
12Z AVG MX 2MIN
DY MAX MIN AVG DEP HDD CDD WTR SNW DPTH SPD SPD DIR MIN PSBL S-S WX SPD DR
================================================================================
1 79 52 66 -4 0 1 0.00 0.0 0 6.6 17 180 M M 0 18 24 180
2 84 52 68 -2 0 3 0.00 0.0 0 7.2 18 180 M M 0 8 25 160
3 80 60 70 0 0 5 0.13 0.0 0 7.7 22 280 M M 7 13 29 250
4 80 60 70 0 0 5 T 0.0 0 10.0 24 360 M M 5 34 10
5 90 55 73 3 0 8 0.01 0.0 0 8.6 20 310 M M 1 3 28 300
6 89 56 73 3 0 8 0.03 0.0 0 10.5 39 260 M M 2 3 53 250
7 76 57 67 -3 0 2 0.00 0.0 0 12.3 25 280 M M 1 8 38 310
8 91 57 74 4 0 9 0.00 0.0 0 10.5 21 280 M M 0 8 28 290
9 93 59 76 6 0 11 0.00 0.0 0 9.6 25 310 M M 0 8 39 310
10 90 55 73 4 0 8 0.00 0.0 0 11.2 26 260 M M 0 8 37 280
11 91 54 73 4 0 8 0.00 0.0 0 9.5 24 250 M M 0 8 35 240
12 83 61 72 3 0 7 0.00 0.0 0 10.7 22 20 M M 0 8 31 30
13 82 54 68 -1 0 3 0.00 0.0 0 8.8 20 150 M M 2 30 130
14 92 54 73 4 0 8 0.00 0.0 0 5.9 20 190 M M 1 3 26 180
15 88 62 75 7 0 10 0.02 0.0 0 8.6 24 290 M M 3 3 36 330
16 92 58 75 7 0 10 0.00 0.0 0 7.9 18 210 M M 0 23 220
17 92 58 75 7 0 10 0.00 0.0 0 10.2 29 210 M M 0 3 38 220
18 90 58 74 6 0 9 T 0.0 0 7.9 20 340 M M 2 3 29 360
19 76 54 65 -3 0 0 T 0.0 0 9.2 25 260 M M 8 1 34 260
20 72 48 60 -8 5 0 0.15 0.0 0 15.5 38 280 M M 3 1 50 270
21 77 47 62 -5 3 0 T 0.0 0 13.0 36 230 M M 1 47 230
22 86 53 70 3 0 5 0.00 0.0 0 10.0 26 240 M M 3 35 270
23 89 53 71 4 0 6 T 0.0 0 8.5 21 270 M M 1 3 32 190
24 91 52 72 5 0 7 0.00 0.0 0 8.8 22 280 M M 0 29 240
25 84 55 70 3 0 5 0.00 0.0 0 9.6 22 160 M M 2 29 160
26 84 59 72 6 0 7 0.14 0.0 0 12.1 30 280 M M 3 13 45 280
27 89 56 73 7 0 8 0.00 0.0 M 8.2 20 160 M M 2 8 26 170
28 83 54 69 3 0 4 0.00 0.0 0 10.4 23 360 M M 0 32 10
29 74 53 64 -2 1 0 0.00 0.0 0 11.4 25 160 M M 5 34 150
30 88 52 70 5 0 5 0.00 0.0 0 9.1 24 310 M M 0 8 35 310
31 91 59 75 10 0 10 0.00 0.0 0 7.2 15 350 M M 0 8 23 350
================================================================================
SM 2646 1717 9 182 0.48 0.0 296.7 M 52
================================================================================
AV 85.4 55.4 9.6 FASTST M M 2 MAX(MPH)
MISC ----> 39 260 53 250
================================================================================
NOTES:
# LAST OF SEVERAL OCCURRENCES
COLUMN 17 PEAK WIND IN M.P.H.
PRELIMINARY LOCAL CLIMATOLOGICAL DATA (WS FORM: F-6) , PAGE 2
STATION: CHEYENNE WYOMING AIRPORT
MONTH: AUGUST
YEAR: 2021
LATITUDE: 41 9 N
LONGITUDE: 104 49 W
[TEMPERATURE DATA] [PRECIPITATION DATA] SYMBOLS USED IN COLUMN 16
AVERAGE MONTHLY: 70.4 TOTAL FOR MONTH: 0.48 1 = FOG OR MIST
DPTR FM NORMAL: 2.3 DPTR FM NORMAL: -1.04 2 = FOG REDUCING VISIBILITY
HIGHEST: 93 ON 9 GRTST 24HR 0.15 ON 19-20 TO 1/4 MILE OR LESS
LOWEST: 47 ON 21 3 = THUNDER
SNOW, ICE PELLETS, HAIL 4 = ICE PELLETS
TOTAL MONTH: 0.0 INCH 5 = HAIL
GRTST 24HR 0.0 6 = FREEZING RAIN OR DRIZZLE
GRTST DEPTH: 0 7 = DUSTSTORM OR SANDSTORM:
VSBY 1/2 MILE OR LESS
8 = SMOKE OR HAZE
[NO. OF DAYS WITH] [WEATHER - DAYS WITH] 9 = BLOWING SNOW
X = TORNADO
MAX 32 OR BELOW: 0 0.01 INCH OR MORE: 6
MAX 90 OR ABOVE: 11 0.10 INCH OR MORE: 3
MIN 32 OR BELOW: 0 0.50 INCH OR MORE: 0
MIN 0 OR BELOW: 0 1.00 INCH OR MORE: 0
[HDD (BASE 65) ]
TOTAL THIS MO. 9 CLEAR (SCALE 0-3) 26
DPTR FM NORMAL -24 PTCLDY (SCALE 4-7) 5
TOTAL FM JUL 1 9 CLOUDY (SCALE 8-10) 0
DPTR FM NORMAL -39
[CDD (BASE 65) ]
TOTAL THIS MO. 182
DPTR FM NORMAL 52 [PRESSURE DATA]
TOTAL FM JAN 1 537 HIGHEST SLP 30.27 ON 1
DPTR FM NORMAL 172 LOWEST SLP 29.63 ON 17
[REMARKS]
AUGUST 9...RECORD HIGH 93 DEGREES (PREVIOUS 92 DEGREES IN 2015)
MEAN TEMPERATURE 70.4 DEGREES WAS 8TH WARMEST AUGUST
#FINAL-08-21#