000
CXUS55 KVEF 011840
CF6DAG
PRELIMINARY LOCAL CLIMATOLOGICAL DATA (WS FORM: F-6)
STATION: BARSTOW-DAGGETT CA
MONTH: JULY
YEAR: 2020
LATITUDE: 34 51 N
LONGITUDE: 116 47 W
TEMPERATURE IN F: :PCPN: SNOW: WIND :SUNSHINE: SKY :PK WND
================================================================================
1 2 3 4 5 6A 6B 7 8 9 10 11 12 13 14 15 16 17 18
12Z AVG MX 2MIN
DY MAX MIN AVG DEP HDD CDD WTR SNW DPTH SPD SPD DIR MIN PSBL S-S WX SPD DR
================================================================================
1 101 68 85 -2 0 20 0.00 0.0 0 11.5 24 230 M M 0 32 260
2 101 67 84 -3 0 19 0.00 0.0 0 11.5 21 250 M M 0 26 290
3 102 66 84 -3 0 19 0.00 0.0 0 11.8 26 260 M M 0 33 250
4 105 69 87 -1 0 22 0.00 0.0 0 12.8 24 270 M M 0 29 280
5 106 72 89 1 0 24 0.00 0.0 0 13.7 22 260 M M 0 29 290
6 108 69 89 1 0 24 0.00 0.0 0 14.4 25 250 M M 0 31 290
7 105 73 89 1 0 24 0.00 0.0 0 16.8 28 260 M M 0 8 39 260
8 105 69 87 -1 0 22 0.00 0.0 0 14.5 25 270 M M 0 32 270
9 108 73 91 3 0 26 0.00 0.0 0 11.5 21 230 M M 0 28 260
10 109 73 91 3 0 26 0.00 0.0 0 8.2 16 320 M M 0 19 320
11 112 78 95 6 0 30 0.00 0.0 0 13.5 23 260 M M 0 29 260
12 115 83 99 10 0 34 0.00 0.0 0 15.5 28 240 M M 0 35 240
13 110 84 97 8 0 32 0.00 0.0 0 19.3 29 250 M M 0 38 260
14 106 73 90 1 0 25 0.00 0.0 0 15.2 26 250 M M 0 31 250
15 107 71 89 0 0 24 0.00 0.0 0 11.4 21 240 M M 0 25 240
16 109 72 91 2 0 26 0.00 0.0 0 10.3 20 260 M M 0 23 260
17 107 74 91 2 0 26 0.00 0.0 0 11.6 22 230 M M 0 26 230
18 109 73 91 2 0 26 0.00 0.0 0 11.0 24 250 M M 0 8 28 240
19 109 75 92 3 0 27 0.00 0.0 0 16.5 28 270 M M 0 34 250
20 109 76 93 4 0 28 0.00 0.0 0 14.3 25 270 M M 0 31 270
21 110 76 93 4 0 28 0.00 0.0 0 11.8 28 260 M M 0 33 260
22 106 72 89 0 0 24 0.00 0.0 0 11.9 35 240 M M 0 46 260
23 103 69 86 -3 0 21 0.00 0.0 0 11.7 24 250 M M 0 28 240
24 102 70 86 -3 0 21 0.00 0.0 0 9.4 21 250 M M 0 25 250
25 104 73 89 0 0 24 0.00 0.0 0 10.2 22 250 M M 0 26 220
26 106 70 88 -1 0 23 0.00 0.0 0 8.5 21 250 M M 0 8 25 250
27 107 74 91 2 0 26 0.00 0.0 0 9.5 20 240 M M 0 25 290
28 109 M M M M M 0.00 0.0 0 10.2 21 240 M M 0 8 25 270
29 110 74 92 3 0 27 0.00 0.0 0 11.9 22 240 M M 0 27 250
30 112 74 93 4 0 28 0.00 0.0 0 11.1 22 280 M M 0 8 26 300
31 113 82 98 9 0 33 0.00 0.0 0 13.7 25 300 M M 0 31 290
================================================================================
SM 3325 2192 0 759 0.00 0.0 385.2 M 0
================================================================================
AV107.3 73.1 12.4 FASTST M M 0 MAX(MPH)
MISC ----> 35 240 46 260
================================================================================
NOTES:
# LAST OF SEVERAL OCCURRENCES
COLUMN 17 PEAK WIND IN M.P.H.
PRELIMINARY LOCAL CLIMATOLOGICAL DATA (WS FORM: F-6) , PAGE 2
STATION: BARSTOW-DAGGETT CA
MONTH: JULY
YEAR: 2020
LATITUDE: 34 51 N
LONGITUDE: 116 47 W
[TEMPERATURE DATA] [PRECIPITATION DATA] SYMBOLS USED IN COLUMN 16
AVERAGE MONTHLY: 90.2 TOTAL FOR MONTH: 0.00 1 = FOG OR MIST
DPTR FM NORMAL: 1.4 DPTR FM NORMAL: -0.46 2 = FOG REDUCING VISIBILITY
HIGHEST: 115 ON 12 GRTST 24HR 0.00 ON 1- 1 TO 1/4 MILE OR LESS
LOWEST: 66 ON 3 3 = THUNDER
SNOW, ICE PELLETS, HAIL 4 = ICE PELLETS
TOTAL MONTH: 0.0 INCH 5 = HAIL
GRTST 24HR 0.0 6 = FREEZING RAIN OR DRIZZLE
GRTST DEPTH: 0 7 = DUSTSTORM OR SANDSTORM:
VSBY 1/2 MILE OR LESS
8 = SMOKE OR HAZE
[NO. OF DAYS WITH] [WEATHER - DAYS WITH] 9 = BLOWING SNOW
X = TORNADO
MAX 32 OR BELOW: 0 0.01 INCH OR MORE: 0
MAX 90 OR ABOVE: 31 0.10 INCH OR MORE: 0
MIN 32 OR BELOW: 0 0.50 INCH OR MORE: 0
MIN 0 OR BELOW: 0 1.00 INCH OR MORE: 0
[HDD (BASE 65) ]
TOTAL THIS MO. 0 CLEAR (SCALE 0-3) 31
DPTR FM NORMAL 0 PTCLDY (SCALE 4-7) 0
TOTAL FM JUL 1 0 CLOUDY (SCALE 8-10) 0
DPTR FM NORMAL 0
[CDD (BASE 65) ]
TOTAL THIS MO. 759
DPTR FM NORMAL 23 [PRESSURE DATA]
TOTAL FM JAN 1 1783 HIGHEST SLP 29.94 ON 11
DPTR FM NORMAL 111 LOWEST SLP 29.60 ON 21
[REMARKS]
#FINAL-07-20#