472
CXUS55 KVEF 032219
CF6DAG
PRELIMINARY LOCAL CLIMATOLOGICAL DATA (WS FORM: F-6)
STATION: BARSTOW-DAGGETT CA
MONTH: APRIL
YEAR: 2020
LATITUDE: 34 51 N
LONGITUDE: 116 47 W
TEMPERATURE IN F: :PCPN: SNOW: WIND :SUNSHINE: SKY :PK WND
================================================================================
1 2 3 4 5 6A 6B 7 8 9 10 11 12 13 14 15 16 17 18
12Z AVG MX 2MIN
DY MAX MIN AVG DEP HDD CDD WTR SNW DPTH SPD SPD DIR MIN PSBL S-S WX SPD DR
================================================================================
1 83 55 69 8 0 4 0.00 0.0 0 22.9 36 260 M M 0 42 270
2 72 49 61 0 4 0 0.00 0.0 0 16.5 33 240 M M 0 40 250
3 76 42 59 -3 6 0 0.00 0.0 0 14.3 25 280 M M 0 31 290
4 77 51 64 2 1 0 0.00 0.0 0 17.4 29 270 M M 0 35 280
5 73 49 61 -1 4 0 0.00 0.0 0 17.1 32 230 M M 2 41 240
6 63 49 56 -6 9 0 0.06 0.0 0 8.9 29 230 M M 8 35 230
7 60 48 54 -8 11 0 0.39 0.0 0 4.8 13 80 M M 10 1 16 80
8 54 44 49 -14 16 0 1.03 0.0 0 8.5 22 270 M M 7 1 27 260
9 53 44 49 -14 16 0 0.16 0.0 0 4.3 12 30 M M 9 16 60
10 58 47 53 -10 12 0 0.57 0.0 0 4.6 14 80 M M 7 1 16 130
11 73 46 60 -3 5 0 0.00 0.0 0 13.1 22 280 M M 2 27 290
12 76 55 66 2 0 1 0.00 0.0 0 19.2 29 250 M M 0 36 240
13 76 53 65 1 0 0 0.00 0.0 0 13.3 26 270 M M 3 32 260
14 73 50 62 -2 3 0 0.00 0.0 0 6.0 15 360 M M 3 19 360
15 80 47 64 0 1 0 0.00 0.0 0 12.1 18 280 M M 0 25 280
16 83 56 70 5 0 5 0.00 0.0 0 11.4 21 280 M M 0 25 280
17 72 54 63 -2 2 0 T 0.0 0 13.8 23 290 M M 1 30 280
18 73 52 63 -2 2 0 0.00 0.0 0 15.9 26 270 M M 2 30 260
19 79 48 64 -2 1 0 0.00 0.0 0 13.8 25 240 M M 0 32 290
20 79 52 66 0 0 1 T 0.0 0 17.6 30 270 M M 0 36 270
21 77 52 65 -1 0 0 0.02 0.0 0 16.4 30 250 M M 2 37 250
22 86 51 69 3 0 4 0.00 0.0 0 13.7 22 270 M M 0 26 270
23 88 56 72 5 0 7 0.00 0.0 0 11.4 22 240 M M 0 27 250
24 91 59 75 8 0 10 0.00 0.0 0 7.1 16 300 M M 0 22 300
25 95 59 77 9 0 12 0.00 0.0 0 9.1 17 290 M M 0 21 280
26 95 62 79 11 0 14 0.00 0.0 0 16.1 29 240 M M 0 36 250
27 92 62 77 9 0 12 0.00 0.0 0 12.7 25 240 M M 0 30 240
28 97 60 79 11 0 14 0.00 0.0 0 8.5 17 300 M M 0 21 290
29 101 66 84 15 0 19 0.00 0.0 0 10.9 25 270 M M 0 30 260
30 93 71 82 13 0 17 0.00 0.0 0 19.7 35 250 M M 0 43 250
================================================================================
SM 2348 1589 93 120 2.23 0.0 381.1 M 56
================================================================================
AV 78.3 53.0 12.7 FASTST M M 2 MAX(MPH)
MISC ----> 36 260 43 250
================================================================================
NOTES:
# LAST OF SEVERAL OCCURRENCES
COLUMN 17 PEAK WIND IN M.P.H.
PRELIMINARY LOCAL CLIMATOLOGICAL DATA (WS FORM: F-6) , PAGE 2
STATION: BARSTOW-DAGGETT CA
MONTH: APRIL
YEAR: 2020
LATITUDE: 34 51 N
LONGITUDE: 116 47 W
[TEMPERATURE DATA] [PRECIPITATION DATA] SYMBOLS USED IN COLUMN 16
AVERAGE MONTHLY: 65.6 TOTAL FOR MONTH: 2.23 1 = FOG OR MIST
DPTR FM NORMAL: 0.8 DPTR FM NORMAL: 2.06 2 = FOG REDUCING VISIBILITY
HIGHEST: 101 ON 29 GRTST 24HR 1.28 ON 7- 8 TO 1/4 MILE OR LESS
LOWEST: 42 ON 3 3 = THUNDER
SNOW, ICE PELLETS, HAIL 4 = ICE PELLETS
TOTAL MONTH: 0.0 INCH 5 = HAIL
GRTST 24HR 0.0 6 = FREEZING RAIN OR DRIZZLE
GRTST DEPTH: 0 7 = DUSTSTORM OR SANDSTORM:
VSBY 1/2 MILE OR LESS
8 = SMOKE OR HAZE
[NO. OF DAYS WITH] [WEATHER - DAYS WITH] 9 = BLOWING SNOW
X = TORNADO
MAX 32 OR BELOW: 0 0.01 INCH OR MORE: 6
MAX 90 OR ABOVE: 7 0.10 INCH OR MORE: 4
MIN 32 OR BELOW: 0 0.50 INCH OR MORE: 2
MIN 0 OR BELOW: 0 1.00 INCH OR MORE: 1
[HDD (BASE 65) ]
TOTAL THIS MO. 93 CLEAR (SCALE 0-3) 24
DPTR FM NORMAL -1 PTCLDY (SCALE 4-7) 4
TOTAL FM JUL 1 1867 CLOUDY (SCALE 8-10) 2
DPTR FM NORMAL -216
[CDD (BASE 65) ]
TOTAL THIS MO. 120
DPTR FM NORMAL 32 [PRESSURE DATA]
TOTAL FM JAN 1 120 HIGHEST SLP M ON M
DPTR FM NORMAL 13 LOWEST SLP 29.64 ON 1
[REMARKS]
#FINAL-04-20#