000
CXUS54 KFWD 220502
CF6DAL
PRELIMINARY LOCAL CLIMATOLOGICAL DATA (WS FORM: F-6)
STATION: DALLAS LOVE FIELD
MONTH: JULY
YEAR: 2022
LATITUDE: 32 50 N
LONGITUDE: 96 51 W
TEMPERATURE IN F: :PCPN: SNOW: WIND :SUNSHINE: SKY :PK WND
================================================================================
1 2 3 4 5 6A 6B 7 8 9 10 11 12 13 14 15 16 17 18
12Z AVG MX 2MIN
DY MAX MIN AVG DEP HDD CDD WTR SNW DPTH SPD SPD DIR MIN PSBL S-S WX SPD DR
================================================================================
1 96 76 86 0 0 21 0.00 0.0 0 8.0 16 160 M M 3 22 120
2 99 78 89 3 0 24 0.00 0.0 0 7.6 17 120 M M 4 23 130
3 101 80 91 5 0 26 T 0.0 0 8.5 18 130 M M 4 26 130
4 100 82 91 5 0 26 0.00 0.0 0 9.8 18 170 M M 1 26 160
5 101 82 92 6 0 27 0.00 0.0 0 9.2 17 160 M M 1 26 150
6 103 81 92 6 0 27 0.00 0.0 0 10.5 17 140 M M 3 24 140
7 102 82 92 6 0 27 0.00 0.0 0 9.0 16 170 M M 2 24 160
8 104 84 94 8 0 29 0.00 0.0 0 8.4 16 150 M M 2 24 140
9 107 86 97 10 0 32 T 0.0 0 6.1 17 100 M M 5 3 28 30
10 102 82 92 5 0 27 0.00 0.0 0 6.5 15 110 M M 2 26 240
11 102 80 91 4 0 26 0.00 0.0 0 7.1 15 110 M M 1 22 40
12 103 82 93 6 0 28 0.00 0.0 0 6.9 18 40 M M 1 30 10
13 105 82 94 7 0 29 0.00 0.0 0 5.5 13 100 M M 3 23 60
14 94 79 87 0 0 22 0.00 0.0 0 8.9 23 150 M M 5 3 35 150
15 100 78 89 2 0 24 0.00 0.0 0 7.0 16 160 M M 2 21 130
16 100 78 89 2 0 24 0.00 0.0 0 8.1 15 140 M M 3 21 150
17 104 84 94 6 0 29 0.00 0.0 0 8.8 16 180 M M 5 25 170
18 108 84 96 8 0 31 0.00 0.0 0 11.0 20 180 M M 2 29 160
19 107 84 96 8 0 31 0.00 0.0 0 12.6 20 180 M M 2 32 200
20 108 82 95 7 0 30 0.00 0.0 0 9.9 16 150 M M 5 27 190
21 102 85 94 6 0 29 T 0.0 0 8.8 17 90 M M 8 27 200
22 100 83 92 4 0 27 0.00 0.0 0 11.1 22 120 M M 6 32 130
23 100 77 89 1 0 24 0.00 0.0 0 10.3 17 160 M M 3 25 160
24 101 82 92 4 0 27 0.00 0.0 0 9.5 16 230 M M 3 27 230
25 103 83 93 5 0 28 0.00 0.0 0 10.0 16 120 M M 3 26 200
26 102 82 92 4 0 27 0.00 0.0 0 10.2 18 180 M M 3 28 170
27 102 83 93 5 0 28 0.00 0.0 0 9.6 17 180 M M 3 25 200
28 101 83 92 4 0 27 0.00 0.0 0 9.4 17 170 M M 2 8 23 120
29 102 82 92 4 0 27 T 0.0 0 8.3 18 10 M M 4 3 24 360
30 100 83 92 4 0 27 T 0.0 0 8.2 16 80 M M 7 3 23 120
31 102 84 93 4 0 28 0.00 0.0 0 9.9 16 150 M M 5 24 160
================================================================================
SM 3161 2533 0 839 T 0.0 274.7 M 103
================================================================================
AV102.0 81.7 8.9 FASTST M M 3 MAX(MPH)
MISC ----> 23 150 35 150
================================================================================
NOTES:
# LAST OF SEVERAL OCCURRENCES
COLUMN 17 PEAK WIND IN M.P.H.
PRELIMINARY LOCAL CLIMATOLOGICAL DATA (WS FORM: F-6) , PAGE 2
STATION: DALLAS LOVE FIELD
MONTH: JULY
YEAR: 2022
LATITUDE: 32 50 N
LONGITUDE: 96 51 W
[TEMPERATURE DATA] [PRECIPITATION DATA] SYMBOLS USED IN COLUMN 16
AVERAGE MONTHLY: 91.8 TOTAL FOR MONTH: T 1 = FOG OR MIST
DPTR FM NORMAL: 4.5 DPTR FM NORMAL: -1.71 2 = FOG REDUCING VISIBILITY
HIGHEST: 108 ON 18,20 GRTST 24HR T ON 3- 3 TO 1/4 MILE OR LESS
LOWEST: 76 ON 1 3 = THUNDER
SNOW, ICE PELLETS, HAIL 4 = ICE PELLETS
TOTAL MONTH: 0.0 INCH 5 = HAIL
GRTST 24HR 0.0 6 = FREEZING RAIN OR DRIZZLE
GRTST DEPTH: 0 7 = DUSTSTORM OR SANDSTORM:
VSBY 1/2 MILE OR LESS
8 = SMOKE OR HAZE
[NO. OF DAYS WITH] [WEATHER - DAYS WITH] 9 = BLOWING SNOW
X = TORNADO
MAX 32 OR BELOW: 0 0.01 INCH OR MORE: 0
MAX 90 OR ABOVE: 31 0.10 INCH OR MORE: 0
MIN 32 OR BELOW: 0 0.50 INCH OR MORE: 0
MIN 0 OR BELOW: 0 1.00 INCH OR MORE: 0
[HDD (BASE 65) ]
TOTAL THIS MO. 0 CLEAR (SCALE 0-3) 19
DPTR FM NORMAL 0 PTCLDY (SCALE 4-7) 12
TOTAL FM JUL 1 0 CLOUDY (SCALE 8-10) 0
DPTR FM NORMAL 0
[CDD (BASE 65) ]
TOTAL THIS MO. 839
DPTR FM NORMAL 148 [PRESSURE DATA]
TOTAL FM JAN 1 2098 HIGHEST SLP 30.07 ON 15
DPTR FM NORMAL 339 LOWEST SLP 29.72 ON 19
[REMARKS]
#FINAL-07-22#