000
CXUS54 KFWD 161603
CF6DAL
PRELIMINARY LOCAL CLIMATOLOGICAL DATA (WS FORM: F-6)
STATION: DALLAS LOVE FIELD
MONTH: JANUARY
YEAR: 2024
LATITUDE: 32 51 N
LONGITUDE: 96 51 W
TEMPERATURE IN F: :PCPN: SNOW: WIND :SUNSHINE: SKY :PK WND
================================================================================
1 2 3 4 5 6A 6B 7 8 9 10 11 12 13 14 15 16 17 18
12Z AVG MX 2MIN
DY MAX MIN AVG DEP HDD CDD WTR SNW DPTH SPD SPD DIR MIN PSBL S-S WX SPD DR
================================================================================
1 49 32 41 -6 24 0 0.00 0.0 0 7.3 15 10 M M 1 28 20
2 49 33 41 -6 24 0 0.37 0.0 0 4.3 13 320 M M 8 1 17 100
3 56 40 48 1 17 0 0.00 0.0 0 2.6 12 10 M M 6 1 14 40
4 58 36 47 0 18 0 T 0.0 0 7.5 18 130 M M 4 1 26 120
5 50 44 47 0 18 0 0.33 0.0 0 6.5 20 130 M M 9 1 30 120
6 49 38 44 -3 21 0 0.00 0.0 0 8.0 16 320 M M 7 24 20
7 60 32 46 -1 19 0 0.00 0.0 0 9.1 21 140 M M 2 33 140
8 57 40 49 2 16 0 0.83 0.0 0 14.2 36 290 M M 9 13 54 300
9 50 33 42 -5 23 0 0.00 0.0 0 17.0 33 300 M M 3 49 280
10 67 31 49 2 16 0 0.00 0.0 0 8.2 22 210 M M 2 34 220
11 70 39 55 8 10 0 0.00 0.0 0 8.6 21 180 M M 1 32 180
12 63 29 46 -1 19 0 0.30 0.0 0 13.8 36 310 M M 4 138 46 310
13 63 23 43 -4 22 0 0.00 0.0 0 10.5 26 330 M M 3 42 340
14 23 12 18 -29 47 0 T T 0 10.9 21 350 M M 8 32 240
15 26 10 18 -30 47 0 0.01 0.1 T 12.2 21 10 M M 7 18 34 360
16 27 12 20 -28 45 0 0.00 0.0 0 9.2 22 340 M M 3 31 30
17 42 18 30 -18 35 0 0.00 0.0 0 10.5 23 170 M M 2 35 190
18 60 39 50 2 15 0 0.00 0.0 0 9.3 21 180 M M 3 33 170
19 46 25 36 -12 29 0 0.00 0.0 0 13.0 25 350 M M 1 39 330
20 37 20 29 -19 36 0 0.00 0.0 0 6.0 14 10 M M 4 42 50
21 39 32 36 -12 29 0 0.08 0.0 0 10.6 16 130 M M 10 23 140
22 42 33 38 -10 27 0 0.70 0.0 0 4.3 10 120 M M 10 1 16 350
23 50 39 45 -3 20 0 0.43 0.0 0 4.2 13 330 M M 10 12 24 10
24 52 45 49 1 16 0 0.03 0.0 0 6.0 13 330 M M 10 1 29 30
25 55 47 51 3 14 0 0.01 0.0 0 4.6 14 310 M M 10 1 18 320
26 52 49 51 2 14 0 0.14 0.0 0 6.0 15 80 M M 10 1 29 250
27 53 36 45 -4 20 0 0.64 0.0 0 13.2 24 330 M M 8 13 35 10
28 64 32 48 -1 17 0 0.00 0.0 0 4.0 12 290 M M 0 34 80
29 74 39 57 8 8 0 0.00 0.0 0 2.1 12 280 M M 3 16 270
30 77 43 60 11 5 0 0.00 0.0 0 3.0 12 310 M M 3 20 350
31 76 44 60 11 5 0 0.00 0.0 0 3.3 10 120 M M 4 17 100
================================================================================
SM 1636 1025 676 0 3.87 0.1 250.0 M 165
================================================================================
AV 52.8 33.1 8.1 FASTST M M 5 MAX(MPH)
MISC ----> # 36 290 54 300
================================================================================
NOTES:
# LAST OF SEVERAL OCCURRENCES
COLUMN 17 PEAK WIND IN M.P.H.
PRELIMINARY LOCAL CLIMATOLOGICAL DATA (WS FORM: F-6) , PAGE 2
STATION: DALLAS LOVE FIELD
MONTH: JANUARY
YEAR: 2024
LATITUDE: 32 51 N
LONGITUDE: 96 51 W
[TEMPERATURE DATA] [PRECIPITATION DATA] SYMBOLS USED IN COLUMN 16
AVERAGE MONTHLY: 42.9 TOTAL FOR MONTH: 3.87 1 = FOG OR MIST
DPTR FM NORMAL: -4.9 DPTR FM NORMAL: 1.28 2 = FOG REDUCING VISIBILITY
HIGHEST: 77 ON 30 GRTST 24HR 0.95 ON 2- 2 TO 1/4 MILE OR LESS
LOWEST: 10 ON 15 3 = THUNDER
SNOW, ICE PELLETS, HAIL 4 = ICE PELLETS
TOTAL MONTH: 0.1 INCH 5 = HAIL
GRTST 24HR 0.1 ON 15-15 6 = FREEZING RAIN OR DRIZZLE
GRTST DEPTH: T 7 = DUSTSTORM OR SANDSTORM:
VSBY 1/2 MILE OR LESS
8 = SMOKE OR HAZE
[NO. OF DAYS WITH] [WEATHER - DAYS WITH] 9 = BLOWING SNOW
X = TORNADO
MAX 32 OR BELOW: 3 0.01 INCH OR MORE: 12
MAX 90 OR ABOVE: 0 0.10 INCH OR MORE: 8
MIN 32 OR BELOW: 13 0.50 INCH OR MORE: 3
MIN 0 OR BELOW: 0 1.00 INCH OR MORE: 0
[HDD (BASE 65) ]
TOTAL THIS MO. 676 CLEAR (SCALE 0-3) 8
DPTR FM NORMAL 139 PTCLDY (SCALE 4-7) 15
TOTAL FM JUL 1 1376 CLOUDY (SCALE 8-10) 8
DPTR FM NORMAL 44
[CDD (BASE 65) ]
TOTAL THIS MO. 0
DPTR FM NORMAL -4 [PRESSURE DATA]
TOTAL FM JAN 1 0 HIGHEST SLP 30.65 ON 20
DPTR FM NORMAL -4 LOWEST SLP 29.43 ON 12
[REMARKS]
#FINAL-01-24#